-- Table structure for table `auction_packages`
--

CREATE TABLE `auction_packages` (
  `id` int(11) NOT NULL AUTO_INCREMENT,
  `name` varchar(100) NOT NULL,
  `description` text NOT NULL,
  `image` varchar(300) CHARACTER SET utf8 COLLATE utf8_unicode_ci DEFAULT NULL,
  `price` decimal(15,2) NOT NULL,
  `bids` int(10) NOT NULL,
  `status` tinyint(4) NOT NULL,
  `created_at` timestamp NOT NULL DEFAULT CURRENT_TIMESTAMP,
  `updated_at` timestamp NOT NULL DEFAULT CURRENT_TIMESTAMP ON UPDATE CURRENT_TIMESTAMP,
  `deleted_at` timestamp NULL DEFAULT NULL,
  PRIMARY KEY (`id`)
) ENGINE=MyISAM AUTO_INCREMENT=3 DEFAULT CHARSET=latin1;

--
-- Dumping data for table `auction_packages`
--

INSERT INTO `auction_packages` VALUES (1,'Basic 100','<p>Basic Package</p>','',50.00,100,1,'2018-01-08 18:57:07','2018-01-10 16:17:17',NULL),(2,'Basic 200','<p>Basic 200</p>',NULL,100.00,200,1,'2018-01-10 21:30:40','2018-01-10 21:30:40',NULL);

--
-- Table structure for table `auction_users_packages`
--

CREATE TABLE `auction_users_packages` (
  `id` int(11) NOT NULL AUTO_INCREMENT,
  `user_id` int(11) NOT NULL,
  `package_id` int(11) NOT NULL,
  `bids` int(11) NOT NULL,
  `created_at` timestamp NOT NULL DEFAULT CURRENT_TIMESTAMP,
  `updated_at` timestamp NOT NULL DEFAULT CURRENT_TIMESTAMP ON UPDATE CURRENT_TIMESTAMP,
  PRIMARY KEY (`id`)
) ENGINE=MyISAM AUTO_INCREMENT=14 DEFAULT CHARSET=latin1;

--
-- Dumping data for table `auction_users_packages`
--

INSERT INTO `auction_users_packages` VALUES (2,1520459,1,491,'2018-01-10 12:38:51','2018-02-04 19:36:15'),(4,900001,2,968341,'2018-02-01 12:38:51','2018-04-13 12:10:39'),(5,900002,2,968405,'2018-02-01 12:38:51','2018-04-13 12:08:47'),(6,900003,2,968325,'2018-02-01 12:38:51','2018-04-13 12:16:09'),(7,900004,2,968659,'2018-02-01 12:38:51','2018-04-13 12:17:11'),(8,900005,2,968145,'2018-02-01 12:38:51','2018-04-13 12:16:53'),(9,900006,2,968300,'2018-02-01 12:38:51','2018-04-13 12:15:50'),(10,900007,2,1000000,'2018-02-01 12:38:51','2018-01-31 16:44:07'),(11,900008,2,1000000,'2018-02-01 12:38:51','2018-01-31 16:44:07'),(12,900009,2,1000000,'2018-02-01 12:38:51','2018-01-31 16:44:07'),(13,900010,2,1000000,'2018-02-01 12:38:51','2018-01-31 16:44:07');

--
-- Table structure for table `auction_watchlist`
--

CREATE TABLE `auction_watchlist` (
  `id` int(11) NOT NULL AUTO_INCREMENT,
  `item_id` int(11) NOT NULL,
  `user_id` int(11) NOT NULL,
  `created_at` timestamp NOT NULL DEFAULT CURRENT_TIMESTAMP,
  `updated_at` timestamp NOT NULL DEFAULT CURRENT_TIMESTAMP ON UPDATE CURRENT_TIMESTAMP,
  PRIMARY KEY (`id`)
) ENGINE=MyISAM DEFAULT CHARSET=latin1;

--
-- Dumping data for table `auction_watchlist`
--


--
-- Table structure for table `banners`
--

CREATE TABLE `banners` (
  `id` int(11) NOT NULL AUTO_INCREMENT,
  `name` varchar(255) COLLATE utf8_unicode_ci NOT NULL,
  `filename` varchar(100) COLLATE utf8_unicode_ci NOT NULL,
  `width` int(11) NOT NULL,
  `height` int(11) NOT NULL,
  `status` tinyint(1) NOT NULL DEFAULT '1',
  PRIMARY KEY (`id`)
) ENGINE=InnoDB DEFAULT CHARSET=utf8 COLLATE=utf8_unicode_ci;

--
-- Dumping data for table `banners`
--


--
-- Table structure for table `certificates`
--

CREATE TABLE `certificates` (
  `id` int(11) NOT NULL AUTO_INCREMENT,
  `user_id` int(11) NOT NULL,
  `description` text COLLATE utf8_unicode_ci,
  `amount` decimal(15,2) NOT NULL DEFAULT '0.00',
  `name` varchar(100) COLLATE utf8_unicode_ci NOT NULL,
  `address` varchar(100) COLLATE utf8_unicode_ci NOT NULL,
  `city` varchar(100) COLLATE utf8_unicode_ci NOT NULL,
  `postcode` varchar(100) COLLATE utf8_unicode_ci NOT NULL,
  `state` varchar(100) COLLATE utf8_unicode_ci DEFAULT NULL,
  `country_id` int(11) NOT NULL,
  `language_id` varchar(2) COLLATE utf8_unicode_ci NOT NULL,
  `status` tinyint(1) NOT NULL DEFAULT '0',
  `created_at` timestamp NULL DEFAULT NULL,
  `updated_at` timestamp NOT NULL DEFAULT CURRENT_TIMESTAMP ON UPDATE CURRENT_TIMESTAMP,
  PRIMARY KEY (`id`)
) ENGINE=InnoDB AUTO_INCREMENT=3 DEFAULT CHARSET=utf8 COLLATE=utf8_unicode_ci;

--
-- Dumping data for table `certificates`
--

INSERT INTO `certificates` VALUES (1,1520459,NULL,100.00,'Admin','123123','asd','123123','Asdasd',97,'en',0,'2018-01-08 13:01:34','2018-01-08 13:01:34'),(2,1520459,'Teszt',100.00,'Felix','ddd','ddddd','1111',NULL,97,'en',0,'2018-01-08 13:01:42','2018-01-08 13:01:42');

--
-- Table structure for table `countries`
--

CREATE TABLE `countries` (
  `id` int(11) NOT NULL AUTO_INCREMENT,
  `code` varchar(2) COLLATE utf8_unicode_ci NOT NULL DEFAULT '',
  `name` varchar(100) COLLATE utf8_unicode_ci NOT NULL DEFAULT '',
  PRIMARY KEY (`id`)
) ENGINE=MyISAM AUTO_INCREMENT=242 DEFAULT CHARSET=utf8 COLLATE=utf8_unicode_ci;

--
-- Dumping data for table `countries`
--

INSERT INTO `countries` VALUES (1,'US','United States'),(2,'CA','Canada'),(3,'AF','Afghanistan'),(4,'AL','Albania'),(5,'DZ','Algeria'),(6,'DS','American Samoa'),(7,'AD','Andorra'),(8,'AO','Angola'),(9,'AI','Anguilla'),(10,'AQ','Antarctica'),(11,'AG','Antigua and/or Barbuda'),(12,'AR','Argentina'),(13,'AM','Armenia'),(14,'AW','Aruba'),(15,'AU','Australia'),(16,'AT','Austria'),(17,'AZ','Azerbaijan'),(18,'BS','Bahamas'),(19,'BH','Bahrain'),(20,'BD','Bangladesh'),(21,'BB','Barbados'),(22,'BY','Belarus'),(23,'BE','Belgium'),(24,'BZ','Belize'),(25,'BJ','Benin'),(26,'BM','Bermuda'),(27,'BT','Bhutan'),(28,'BO','Bolivia'),(29,'BA','Bosnia and Herzegovina'),(30,'BW','Botswana'),(31,'BV','Bouvet Island'),(32,'BR','Brazil'),(33,'IO','British lndian Ocean Territory'),(34,'BN','Brunei Darussalam'),(35,'BG','Bulgaria'),(36,'BF','Burkina Faso'),(37,'BI','Burundi'),(38,'KH','Cambodia'),(39,'CM','Cameroon'),(40,'CV','Cape Verde'),(41,'KY','Cayman Islands'),(42,'CF','Central African Republic'),(43,'TD','Chad'),(44,'CL','Chile'),(45,'CN','China'),(46,'CX','Christmas Island'),(47,'CC','Cocos (Keeling) Islands'),(48,'CO','Colombia'),(49,'KM','Comoros'),(50,'CG','Congo'),(51,'CK','Cook Islands'),(52,'CR','Costa Rica'),(53,'HR','Croatia (Hrvatska)'),(54,'CU','Cuba'),(55,'CY','Cyprus'),(56,'CZ','Czech Republic'),(57,'DK','Denmark'),(58,'DJ','Djibouti'),(59,'DM','Dominica'),(60,'DO','Dominican Republic'),(61,'TP','East Timor'),(62,'EC','Ecudaor'),(63,'EG','Egypt'),(64,'SV','El Salvador'),(65,'GQ','Equatorial Guinea'),(66,'ER','Eritrea'),(67,'EE','Estonia'),(68,'ET','Ethiopia'),(69,'FK','Falkland Islands (Malvinas)'),(70,'FO','Faroe Islands'),(71,'FJ','Fiji'),(72,'FI','Finland'),(73,'FR','France'),(74,'FX','France, Metropolitan'),(75,'GF','French Guiana'),(76,'PF','French Polynesia'),(77,'TF','French Southern Territories'),(78,'GA','Gabon'),(79,'GM','Gambia'),(80,'GE','Georgia'),(81,'DE','Germany'),(82,'GH','Ghana'),(83,'GI','Gibraltar'),(84,'GR','Greece'),(85,'GL','Greenland'),(86,'GD','Grenada'),(87,'GP','Guadeloupe'),(88,'GU','Guam'),(89,'GT','Guatemala'),(90,'GN','Guinea'),(91,'GW','Guinea-Bissau'),(92,'GY','Guyana'),(93,'HT','Haiti'),(94,'HM','Heard and Mc Donald Islands'),(95,'HN','Honduras'),(96,'HK','Hong Kong'),(97,'HU','Hungary'),(98,'IS','Iceland'),(99,'IN','India'),(100,'ID','Indonesia'),(101,'IR','Iran (Islamic Republic of)'),(102,'IQ','Iraq'),(103,'IE','Ireland'),(104,'IL','Israel'),(105,'IT','Italy'),(106,'CI','Ivory Coast'),(107,'JM','Jamaica'),(108,'JP','Japan'),(109,'JO','Jordan'),(110,'KZ','Kazakhstan'),(111,'KE','Kenya'),(112,'KI','Kiribati'),(113,'KP','Korea, Democratic People\'s Republic of'),(114,'KR','Korea, Republic of'),(115,'KW','Kuwait'),(116,'KG','Kyrgyzstan'),(117,'LA','Lao People\'s Democratic Republic'),(118,'LV','Latvia'),(119,'LB','Lebanon'),(120,'LS','Lesotho'),(121,'LR','Liberia'),(122,'LY','Libyan Arab Jamahiriya'),(123,'LI','Liechtenstein'),(124,'LT','Lithuania'),(125,'LU','Luxembourg'),(126,'MO','Macau'),(127,'MK','Macedonia'),(128,'MG','Madagascar'),(129,'MW','Malawi'),(130,'MY','Malaysia'),(131,'MV','Maldives'),(132,'ML','Mali'),(133,'MT','Malta'),(134,'MH','Marshall Islands'),(135,'MQ','Martinique'),(136,'MR','Mauritania'),(137,'MU','Mauritius'),(138,'TY','Mayotte'),(139,'MX','Mexico'),(140,'FM','Micronesia, Federated States of'),(141,'MD','Moldova, Republic of'),(142,'MC','Monaco'),(143,'MN','Mongolia'),(144,'MS','Montserrat'),(145,'MA','Morocco'),(146,'MZ','Mozambique'),(147,'MM','Myanmar'),(148,'NA','Namibia'),(149,'NR','Nauru'),(150,'NP','Nepal'),(151,'NL','Netherlands'),(152,'AN','Netherlands Antilles'),(153,'NC','New Caledonia'),(154,'NZ','New Zealand'),(155,'NI','Nicaragua'),(156,'NE','Niger'),(157,'NG','Nigeria'),(158,'NU','Niue'),(159,'NF','Norfork Island'),(160,'MP','Northern Mariana Islands'),(161,'NO','Norway'),(162,'OM','Oman'),(163,'PK','Pakistan'),(164,'PW','Palau'),(165,'PA','Panama'),(166,'PG','Papua New Guinea'),(167,'PY','Paraguay'),(168,'PE','Peru'),(169,'PH','Philippines'),(170,'PN','Pitcairn'),(171,'PL','Poland'),(172,'PT','Portugal'),(173,'PR','Puerto Rico'),(174,'QA','Qatar'),(175,'RE','Reunion'),(176,'RO','Romania'),(177,'RU','Russian Federation'),(178,'RW','Rwanda'),(179,'KN','Saint Kitts and Nevis'),(180,'LC','Saint Lucia'),(181,'VC','Saint Vincent and the Grenadines'),(182,'WS','Samoa'),(183,'SM','San Marino'),(184,'ST','Sao Tome and Principe'),(185,'SA','Saudi Arabia'),(186,'SN','Senegal'),(187,'SC','Seychelles'),(188,'SL','Sierra Leone'),(189,'SG','Singapore'),(190,'SK','Slovakia'),(191,'SI','Slovenia'),(192,'SB','Solomon Islands'),(193,'SO','Somalia'),(194,'ZA','South Africa'),(195,'GS','South Georgia South Sandwich Islands'),(196,'ES','Spain'),(197,'LK','Sri Lanka'),(198,'SH','St. Helena'),(199,'PM','St. Pierre and Miquelon'),(200,'SD','Sudan'),(201,'SR','Suriname'),(202,'SJ','Svalbarn and Jan Mayen Islands'),(203,'SZ','Swaziland'),(204,'SE','Sweden'),(205,'CH','Switzerland'),(206,'SY','Syrian Arab Republic'),(207,'TW','Taiwan'),(208,'TJ','Tajikistan'),(209,'TZ','Tanzania, United Republic of'),(210,'TH','Thailand'),(211,'TG','Togo'),(212,'TK','Tokelau'),(213,'TO','Tonga'),(214,'TT','Trinidad and Tobago'),(215,'TN','Tunisia'),(216,'TR','Turkey'),(217,'TM','Turkmenistan'),(218,'TC','Turks and Caicos Islands'),(219,'TV','Tuvalu'),(220,'UG','Uganda'),(221,'UA','Ukraine'),(222,'AE','United Arab Emirates'),(223,'GB','United Kingdom'),(224,'UM','United States minor outlying islands'),(225,'UY','Uruguay'),(226,'UZ','Uzbekistan'),(227,'VU','Vanuatu'),(228,'VA','Vatican City State'),(229,'VE','Venezuela'),(230,'VN','Vietnam'),(231,'VG','Virigan Islands (British)'),(232,'VI','Virgin Islands (U.S.)'),(233,'WF','Wallis and Futuna Islands'),(234,'EH','Western Sahara'),(235,'YE','Yemen'),(236,'YU','Yugoslavia'),(237,'ZR','Zaire'),(238,'ZM','Zambia'),(239,'ZW','Zimbabwe'),(0,'','');

--
-- Table structure for table `cron_history`
--

CREATE TABLE `cron_history` (
  `id` int(11) NOT NULL AUTO_INCREMENT,
  `name` varchar(64) COLLATE utf8_unicode_ci NOT NULL,
  `data` text COLLATE utf8_unicode_ci NOT NULL,
  `created_at` datetime NOT NULL,
  PRIMARY KEY (`id`)
) ENGINE=InnoDB AUTO_INCREMENT=77286 DEFAULT CHARSET=utf8 COLLATE=utf8_unicode_ci;

--
-- Dumping data for table `cron_history`
--

INSERT INTO `cron_history` VALUES (881,'interest - auto','','2016-10-20 23:59:02'),(2322,'interest - auto','','2016-10-21 23:59:01'),(3763,'interest - auto','','2016-10-22 23:59:02'),(5204,'interest - auto','','2016-10-23 23:59:01'),(6645,'interest - auto','','2016-10-24 23:59:02'),(8086,'interest - auto','','2016-10-25 23:59:02'),(9527,'interest - auto','','2016-10-26 23:59:01'),(10968,'interest - auto','','2016-10-27 23:59:01'),(12409,'interest - auto','','2016-10-28 23:59:01'),(13850,'interest - auto','','2016-10-29 23:59:01'),(15291,'interest - auto','','2016-10-30 23:59:01'),(16732,'interest - auto','','2016-10-31 23:59:01'),(18173,'interest - auto','','2016-11-01 23:59:01'),(19614,'interest - auto','','2016-11-02 23:59:01'),(21055,'interest - auto','','2016-11-03 23:59:01'),(22496,'interest - auto','','2016-11-04 23:59:01'),(23937,'interest - auto','','2016-11-05 23:59:01'),(25378,'interest - auto','','2016-11-06 23:59:01'),(26819,'interest - auto','','2016-11-07 23:59:01'),(28260,'interest - auto','','2016-11-08 23:59:01'),(29701,'interest - auto','','2016-11-09 23:59:02'),(31142,'interest - auto','','2016-11-10 23:59:01'),(32583,'interest - auto','','2016-11-11 23:59:01'),(34024,'interest - auto','','2016-11-12 23:59:01'),(35465,'interest - auto','','2016-11-13 23:59:01'),(36906,'interest - auto','','2016-11-14 23:59:01'),(38347,'interest - auto','','2016-11-15 23:59:01'),(39788,'interest - auto','','2016-11-16 23:59:02'),(41229,'interest - auto','','2016-11-17 23:59:01'),(42670,'interest - auto','','2016-11-18 23:59:01'),(44111,'interest - auto','','2016-11-19 23:59:01'),(46992,'interest - auto','','2016-11-21 23:59:02'),(48433,'interest - auto','','2016-11-22 23:59:02'),(49874,'interest - auto','','2016-11-23 23:59:01'),(51315,'interest - auto','','2016-11-24 23:59:01'),(52756,'interest - auto','','2016-11-25 23:59:02'),(54197,'interest - auto','','2016-11-26 23:59:01'),(55638,'interest - auto','','2016-11-27 23:59:01'),(57079,'interest - auto','','2016-11-28 23:59:01'),(58520,'interest - auto','','2016-11-29 23:59:01'),(59961,'interest - auto','','2016-11-30 23:59:02'),(61402,'interest - auto','','2016-12-01 23:59:01'),(62843,'interest - auto','','2016-12-02 23:59:01'),(64284,'interest - auto','','2016-12-03 23:59:01'),(65725,'interest - auto','','2016-12-04 23:59:01'),(67166,'interest - auto','','2016-12-05 23:59:01'),(68607,'interest - auto','','2016-12-06 23:59:02'),(70048,'interest - auto','','2016-12-07 23:59:01'),(71096,'setplan','58','2016-12-08 17:27:01'),(71487,'interest - auto','','2016-12-08 23:59:01'),(72261,'setplan','66','2016-12-09 12:53:01'),(72928,'interest - auto','','2016-12-09 23:59:01'),(74369,'interest - auto','','2016-12-10 23:59:02'),(75810,'interest - auto','','2016-12-11 23:59:01'),(76934,'setplan','76','2016-12-12 18:43:02'),(76936,'setplan','77','2016-12-12 18:45:02'),(76974,'setplan','78','2016-12-12 20:26:01'),(76975,'setplan','79','2016-12-12 20:30:02'),(76976,'setplan','80','2016-12-12 20:33:02'),(76986,'re-set legs','0','2016-12-12 20:33:02'),(76987,'re-set legs','89','2016-12-12 21:13:01'),(76988,'setplan','90','2016-12-12 21:18:01'),(76989,'setplan','91','2016-12-12 21:19:01'),(76990,'interest - auto','','2016-12-12 23:59:01'),(76991,'setplan','92','2016-12-13 03:47:02'),(76992,'setplan','93','2016-12-13 03:50:01'),(76993,'setplan','94','2016-12-13 03:53:02'),(76994,'interest - auto','','2016-12-13 23:59:01'),(76995,'interest - auto','','2016-12-14 23:59:01'),(76996,'interest - auto','','2016-12-15 23:59:02'),(76997,'interest - auto','','2016-12-16 23:59:01'),(76998,'interest - auto','','2016-12-17 23:59:01'),(76999,'interest - auto','','2016-12-18 23:59:01'),(77000,'interest - auto','','2016-12-19 23:59:01'),(77001,'interest - auto','','2016-12-20 23:59:02'),(77002,'interest - auto','','2016-12-21 23:59:02'),(77003,'interest - auto','','2016-12-22 23:59:01'),(77004,'interest - auto','','2016-12-23 23:59:02'),(77005,'interest - auto','','2016-12-24 23:59:01'),(77006,'interest - auto','','2016-12-25 23:59:02'),(77007,'interest - auto','','2016-12-26 23:59:01'),(77008,'interest - auto','','2016-12-27 23:59:01'),(77009,'interest - auto','','2016-12-28 23:59:02'),(77010,'interest - auto','','2016-12-29 23:59:02'),(77011,'interest - auto','','2016-12-30 23:59:01'),(77012,'interest - auto','','2016-12-31 23:59:01'),(77013,'interest - auto','','2017-01-01 23:59:02'),(77014,'interest - auto','','2017-01-02 23:59:02'),(77015,'interest - auto','','2017-01-03 23:59:01'),(77016,'interest - auto','','2017-01-04 23:59:01'),(77017,'interest - auto','','2017-01-05 23:59:01'),(77018,'interest - auto','','2017-01-06 23:59:01'),(77019,'interest - auto','','2017-01-07 23:59:01'),(77020,'interest - auto','','2017-01-08 23:59:01'),(77021,'setplan','95','2017-01-09 18:25:01'),(77022,'setplan','96','2017-01-09 18:26:01'),(77023,'setplan','97','2017-01-09 18:27:02'),(77024,'interest - auto','','2017-01-09 23:59:01'),(77025,'interest - auto','','2017-01-10 23:59:01'),(77026,'interest - auto','','2017-01-11 23:59:01'),(77027,'interest - auto','','2017-01-12 23:59:09'),(77028,'setplan','98','2017-01-13 19:19:01'),(77029,'interest - auto','','2017-01-13 23:59:03'),(77030,'interest - auto','','2017-01-14 23:59:01'),(77031,'interest - auto','','2017-01-15 23:59:01'),(77032,'interest - auto','','2017-01-16 23:59:02'),(77033,'setplan','99','2017-01-17 07:10:02'),(77034,'setplan','100','2017-01-17 07:13:02'),(77035,'setplan','101','2017-01-17 07:18:02'),(77036,'setplan','102','2017-01-17 08:11:02'),(77037,'setplan','103','2017-01-17 08:13:02'),(77038,'setplan','104','2017-01-17 08:14:01'),(77039,'setplan','105','2017-01-17 08:15:02'),(77040,'setplan','106','2017-01-17 08:20:02'),(77041,'setplan','107','2017-01-17 08:21:01'),(77042,'setplan','108','2017-01-17 08:22:02'),(77043,'setplan','109','2017-01-17 08:35:01'),(77044,'setplan','110','2017-01-17 08:36:01'),(77045,'setplan','111','2017-01-17 08:37:02'),(77046,'setplan','112','2017-01-17 09:22:03'),(77047,'setplan','113','2017-01-17 13:26:01'),(77048,'interest - auto','','2017-01-17 23:59:02'),(77049,'interest - auto','','2017-01-18 23:59:01'),(77050,'interest - auto','','2017-01-19 23:59:01'),(77051,'interest - auto','','2017-01-20 23:59:02'),(77052,'interest - auto','','2017-01-21 23:59:01'),(77053,'interest - auto','','2017-01-22 23:59:02'),(77054,'interest - auto','','2017-01-23 23:59:01'),(77055,'interest - auto','','2017-01-24 23:59:01'),(77056,'interest - auto','','2017-01-25 23:59:01'),(77057,'interest - auto','','2017-01-26 23:59:01'),(77058,'interest - auto','','2017-01-27 23:59:02'),(77059,'interest - auto','','2017-01-28 23:59:02'),(77060,'interest - auto','','2017-01-29 23:59:01'),(77061,'setplan','114','2017-01-30 06:42:02'),(77062,'setplan','115','2017-01-30 06:43:01'),(77063,'setplan','116','2017-01-30 06:44:02'),(77064,'interest - auto','','2017-01-30 23:59:02'),(77065,'interest - auto','','2017-01-31 23:59:02'),(77066,'interest - auto','','2017-02-01 23:59:02'),(77067,'interest - auto','','2017-02-02 23:59:01'),(77068,'interest - auto','','2017-02-03 23:59:01'),(77069,'interest - auto','','2017-02-04 23:59:01'),(77070,'interest - auto','','2017-02-05 23:59:02'),(77071,'interest - auto','','2017-02-06 23:59:01'),(77072,'interest - auto','','2017-02-07 23:59:01'),(77073,'interest - auto','','2017-02-08 23:59:01'),(77074,'interest - auto','','2017-02-09 23:59:03'),(77075,'interest - auto','','2017-02-10 23:59:02'),(77076,'interest - auto','','2017-02-11 23:59:02'),(77077,'interest - auto','','2017-02-12 23:59:07'),(77078,'setplan','117','2017-02-13 08:47:01'),(77079,'setplan','118','2017-02-13 08:48:01'),(77080,'setplan','119','2017-02-13 09:04:01'),(77081,'setplan','120','2017-02-13 14:12:02'),(77082,'setplan','121','2017-02-13 14:20:01'),(77083,'setplan','122','2017-02-13 14:28:01'),(77084,'setplan','123','2017-02-13 14:30:01'),(77085,'setplan','124','2017-02-13 14:32:01'),(77086,'setplan','125','2017-02-13 16:57:02'),(77087,'setplan','126','2017-02-13 17:00:02'),(77088,'setplan','127','2017-02-13 17:03:02'),(77089,'setplan','128','2017-02-13 17:04:02'),(77090,'setplan','129','2017-02-13 17:19:01'),(77091,'setplan','130','2017-02-13 17:20:02'),(77092,'setplan','131','2017-02-13 17:21:01'),(77093,'setplan','132','2017-02-13 18:04:01'),(77094,'setplan','133','2017-02-13 18:05:02'),(77095,'setplan','134','2017-02-13 18:06:01'),(77096,'setplan','135','2017-02-13 18:07:02'),(77097,'interest - auto','','2017-02-13 23:59:03'),(77098,'setplan','136','2017-02-14 07:24:01'),(77099,'setplan','137','2017-02-14 07:32:01'),(77100,'setplan','138','2017-02-14 07:35:01'),(77101,'setplan','139','2017-02-14 07:37:01'),(77102,'setplan','140','2017-02-14 07:40:02'),(77103,'interest - auto','','2017-02-14 23:59:01'),(77104,'setplan','141','2017-02-15 15:12:01'),(77105,'interest - auto','','2017-02-15 23:59:01'),(77106,'interest - auto','','2017-02-16 23:59:01'),(77107,'interest - auto','','2017-02-17 23:59:08'),(77108,'interest - auto','','2017-02-18 23:59:02'),(77109,'interest - auto','','2017-02-19 23:59:01'),(77110,'interest - auto','','2017-02-20 23:59:02'),(77111,'interest - auto','','2017-02-21 23:59:02'),(77112,'interest - auto','','2017-02-22 23:59:01'),(77113,'interest - auto','','2017-02-23 23:59:01'),(77114,'interest - auto','','2017-02-24 23:59:01'),(77115,'setplan','142','2017-02-25 18:03:01'),(77116,'setplan','143','2017-02-25 19:04:01'),(77117,'setplan','144','2017-02-25 19:11:02'),(77118,'interest - auto','','2017-02-25 23:59:01'),(77119,'interest - auto','','2017-02-26 23:59:02'),(77120,'interest - auto','','2017-02-27 23:59:02'),(77121,'interest - auto','','2017-02-28 23:59:02'),(77122,'setplan','145','2017-03-01 18:34:01'),(77123,'interest - auto','','2017-03-01 23:59:02'),(77124,'interest - auto','','2017-03-02 23:59:03'),(77125,'interest - auto','','2017-03-03 23:59:01'),(77126,'setplan','146','2017-03-04 05:52:02'),(77127,'setplan','147','2017-03-04 05:53:02'),(77128,'interest - auto','','2017-03-04 23:59:01'),(77129,'interest - auto','','2017-03-05 23:59:01'),(77130,'interest - auto','','2017-03-06 23:59:02'),(77131,'interest - auto','','2017-03-07 23:59:02'),(77132,'interest - auto','','2017-03-08 23:59:01'),(77133,'interest - auto','','2017-03-09 23:59:02'),(77134,'setplan','148','2017-03-10 15:21:01'),(77135,'interest - auto','','2017-03-10 23:59:01'),(77136,'setplan','149','2017-03-11 19:47:01'),(77137,'setplan','150','2017-03-11 19:48:02'),(77138,'setplan','151','2017-03-11 20:10:02'),(77139,'setplan','152','2017-03-11 20:11:01'),(77140,'interest - auto','','2017-03-11 23:59:01'),(77141,'setplan','153','2017-03-12 16:25:01'),(77142,'interest - auto','','2017-03-12 23:59:08'),(77143,'interest - auto','','2017-03-13 23:59:11'),(77144,'interest - auto','','2017-03-14 23:59:05'),(77145,'interest - auto','','2017-03-15 23:59:02'),(77146,'interest - auto','','2017-03-16 23:59:01'),(77147,'interest - auto','','2017-03-17 23:59:07'),(77148,'interest - auto','','2017-03-18 23:59:01'),(77149,'interest - auto','','2017-03-19 23:59:02'),(77150,'interest - auto','','2017-03-20 23:59:02'),(77151,'setplan','154','2017-03-21 05:25:01'),(77152,'setplan','155','2017-03-21 05:26:01'),(77153,'setplan','156','2017-03-21 05:28:01'),(77154,'setplan','157','2017-03-21 05:30:01'),(77155,'setplan','158','2017-03-21 05:31:02'),(77156,'setplan','159','2017-03-21 05:32:01'),(77158,'binarybonus - auto','{\"bonus_on_levels\":[],\"sum_bonus\":0,\"counter\":0}','2017-01-01 19:56:03'),(77159,'binarybonus - auto','{\"bonus_on_levels\":[],\"sum_bonus\":0,\"counter\":0}','2017-03-21 19:57:01'),(77160,'interest - auto','','2017-03-21 23:59:02'),(77161,'binarybonus - auto','{\"bonus_on_levels\":[],\"sum_bonus\":0,\"counter\":0}','2017-03-22 00:01:02'),(77162,'interest - auto','','2017-03-22 23:59:02'),(77163,'binarybonus - auto','{\"bonus_on_levels\":[],\"sum_bonus\":0,\"counter\":0}','2017-03-23 00:01:02'),(77164,'interest - auto','','2017-03-23 23:59:02'),(77165,'binarybonus - auto','{\"bonus_on_levels\":[],\"sum_bonus\":0,\"counter\":0}','2017-03-24 00:01:02'),(77166,'interest - auto','','2017-03-24 23:59:02'),(77167,'binarybonus - auto','{\"bonus_on_levels\":[],\"sum_bonus\":0,\"counter\":0}','2017-03-25 00:01:01'),(77168,'interest - auto','','2017-03-25 23:59:03'),(77169,'binarybonus - auto','{\"bonus_on_levels\":[],\"sum_bonus\":0,\"counter\":0}','2017-03-26 00:01:01'),(77170,'interest - auto','','2017-03-26 23:59:02'),(77171,'binarybonus - auto','{\"bonus_on_levels\":[],\"sum_bonus\":0,\"counter\":0}','2017-03-27 00:01:02'),(77172,'interest - auto','','2017-03-27 23:59:01'),(77173,'binarybonus - auto','{\"bonus_on_levels\":[],\"sum_bonus\":0,\"counter\":0}','2017-03-28 00:01:01'),(77174,'interest - auto','','2017-03-28 23:59:01'),(77175,'binarybonus - auto','{\"bonus_on_levels\":[],\"sum_bonus\":0,\"counter\":0}','2017-03-29 00:01:01'),(77176,'interest - auto','','2017-03-29 23:59:02'),(77177,'binarybonus - auto','{\"bonus_on_levels\":[],\"sum_bonus\":0,\"counter\":0}','2017-03-30 00:01:02'),(77178,'binarybonus - auto','{\"bonus_on_levels\":[],\"sum_bonus\":0,\"counter\":0}','2017-05-30 00:01:01'),(77179,'binarybonus - auto','{\"bonus_on_levels\":[],\"sum_bonus\":0,\"counter\":0}','2017-05-31 00:01:01'),(77180,'binarybonus - auto','{\"bonus_on_levels\":[],\"sum_bonus\":0,\"counter\":0}','2017-06-01 00:01:01'),(77181,'binarybonus - auto','{\"bonus_on_levels\":[],\"sum_bonus\":0,\"counter\":0}','2017-06-02 00:01:02'),(77182,'binarybonus - auto','{\"bonus_on_levels\":[],\"sum_bonus\":0,\"counter\":0}','2017-06-03 00:01:02'),(77183,'binarybonus - auto','{\"bonus_on_levels\":[],\"sum_bonus\":0,\"counter\":0}','2017-06-04 00:01:01'),(77184,'binarybonus - auto','{\"bonus_on_levels\":[],\"sum_bonus\":0,\"counter\":0}','2017-06-05 00:01:02'),(77185,'binarybonus - auto','{\"bonus_on_levels\":[],\"sum_bonus\":0,\"counter\":0}','2017-06-06 00:01:01'),(77186,'binarybonus - auto','{\"bonus_on_levels\":[],\"sum_bonus\":0,\"counter\":0}','2017-06-07 00:01:05'),(77187,'binarybonus - auto','{\"bonus_on_levels\":[],\"sum_bonus\":0,\"counter\":0}','2017-06-08 00:01:02'),(77188,'binarybonus - auto','{\"bonus_on_levels\":[],\"sum_bonus\":0,\"counter\":0}','2017-06-09 00:01:02'),(77189,'binarybonus - auto','{\"bonus_on_levels\":[],\"sum_bonus\":0,\"counter\":0}','2017-06-10 00:01:02'),(77190,'binarybonus - auto','{\"bonus_on_levels\":[],\"sum_bonus\":0,\"counter\":0}','2017-06-11 00:01:02'),(77191,'binarybonus - auto','{\"bonus_on_levels\":[],\"sum_bonus\":0,\"counter\":0}','2017-06-12 00:01:02'),(77192,'binarybonus - auto','{\"bonus_on_levels\":[],\"sum_bonus\":0,\"counter\":0}','2017-06-13 00:01:02'),(77193,'binarybonus - auto','{\"bonus_on_levels\":[],\"sum_bonus\":0,\"counter\":0}','2017-06-14 00:01:02'),(77194,'binarybonus - auto','{\"bonus_on_levels\":[],\"sum_bonus\":0,\"counter\":0}','2017-06-15 00:01:01'),(77195,'binarybonus - auto','{\"bonus_on_levels\":[],\"sum_bonus\":0,\"counter\":0}','2017-06-16 00:01:02'),(77196,'binarybonus - auto','{\"bonus_on_levels\":[],\"sum_bonus\":0,\"counter\":0}','2017-06-17 00:01:01'),(77197,'binarybonus - auto','{\"bonus_on_levels\":[],\"sum_bonus\":0,\"counter\":0}','2017-06-18 00:01:02'),(77198,'binarybonus - auto','{\"bonus_on_levels\":[],\"sum_bonus\":0,\"counter\":0}','2017-06-19 00:01:01'),(77199,'binarybonus - auto','{\"bonus_on_levels\":[],\"sum_bonus\":0,\"counter\":0}','2017-06-20 00:01:02'),(77200,'binarybonus - auto','{\"bonus_on_levels\":[],\"sum_bonus\":0,\"counter\":0}','2017-06-21 00:01:02'),(77201,'binarybonus - auto','{\"bonus_on_levels\":[],\"sum_bonus\":0,\"counter\":0}','2017-06-22 00:01:01'),(77202,'binarybonus - auto','{\"bonus_on_levels\":[],\"sum_bonus\":0,\"counter\":0}','2017-06-23 00:01:02'),(77203,'binarybonus - auto','{\"bonus_on_levels\":[],\"sum_bonus\":0,\"counter\":0}','2017-06-24 00:01:01'),(77204,'binarybonus - auto','{\"bonus_on_levels\":[],\"sum_bonus\":0,\"counter\":0}','2017-06-25 00:01:02'),(77205,'binarybonus - auto','{\"bonus_on_levels\":[],\"sum_bonus\":0,\"counter\":0}','2017-06-26 00:01:01'),(77206,'binarybonus - auto','{\"bonus_on_levels\":[],\"sum_bonus\":0,\"counter\":0}','2017-06-27 00:01:01'),(77207,'setpackage','19','2017-09-18 16:24:01'),(77208,'setpackage','22','2017-09-19 18:54:01'),(77209,'setpackage','37','2017-09-19 19:25:52'),(77210,'setpackage','39','2017-09-21 07:13:18'),(77211,'setpackage','40','2017-09-21 07:21:41'),(77212,'setpackage','41','2017-09-21 07:47:00'),(77213,'setpackage','42','2017-09-21 08:55:36'),(77214,'setpackage','47','2017-09-21 21:24:15'),(77215,'setpackage','48','2017-09-24 06:43:19'),(77216,'setpackage','49','2017-09-24 07:48:55'),(77219,'weeklycommissions - auto','{\"atr\":{\"bonus\":72,\"bonusbase\":72}}','2017-09-25 18:45:53'),(77220,'weeklycommissions - auto','{\"atr\":{\"bonus\":0,\"bonusbase\":0}}','2017-09-27 09:56:31'),(77221,'setpackage','50','2017-09-28 07:39:34'),(77222,'setpackage','51','2017-09-29 07:48:56'),(77223,'setpackage','52','2017-09-29 07:51:03'),(77224,'setpackage','53','2017-09-29 07:53:28'),(77225,'setpackage','54','2017-09-29 07:58:43'),(77226,'setpackage','55','2017-09-29 08:00:57'),(77227,'setpackage','56','2017-09-29 08:03:58'),(77228,'setpackage','57','2017-09-29 08:17:24'),(77229,'setpackage','62','2017-09-29 13:43:11'),(77230,'weeklycommissions - auto','{\"atr\":{\"bonus\":132,\"bonusbase\":132}}','2017-09-30 07:52:47'),(77231,'setpackage','66','2017-09-30 18:18:25'),(77232,'setpackage','67','2017-10-02 09:21:07'),(77233,'setpackage','68','2017-10-02 09:29:24'),(77234,'setpackage','69','2017-10-02 09:37:46'),(77235,'setpackage','70','2017-10-02 10:21:48'),(77236,'setpackage','71','2017-10-02 10:45:08'),(77237,'setpackage','72','2017-10-02 12:31:47'),(77238,'setpackage','73','2017-10-02 12:39:37'),(77239,'setpackage','74','2017-10-02 13:01:22'),(77240,'setpackage','75','2017-10-02 13:32:35'),(77241,'setpackage','76','2017-10-02 14:34:38'),(77242,'setpackage','77','2017-10-02 19:11:08'),(77243,'setpackage','78','2017-10-02 19:13:04'),(77244,'setpackage','79','2017-10-02 19:15:45'),(77245,'setpackage','80','2017-10-02 19:17:42'),(77246,'setpackage','81','2017-10-02 19:20:40'),(77247,'setpackage','82','2017-10-02 19:22:41'),(77248,'setpackage','83','2017-10-02 19:24:15'),(77249,'setpackage','84','2017-10-02 19:30:29'),(77250,'setpackage','85','2017-10-02 20:06:41'),(77251,'setpackage','86','2017-10-02 20:08:24'),(77252,'setpackage','87','2017-10-02 20:11:16'),(77253,'setpackage','88','2017-10-02 20:27:39'),(77254,'setpackage','89','2017-10-02 20:29:37'),(77255,'setpackage','90','2017-10-02 21:10:19'),(77256,'setpackage','91','2017-10-02 21:14:40'),(77257,'setpackage','95','2017-10-02 22:17:32'),(77258,'setpackage','96','2017-10-03 05:26:37'),(77259,'setpackage','97','2017-10-03 05:28:53'),(77260,'setpackage','98','2017-10-03 05:31:03'),(77261,'setpackage','99','2017-10-03 05:32:38'),(77262,'setpackage','100','2017-10-03 05:35:00'),(77263,'setpackage','101','2017-10-03 05:37:31'),(77264,'setpackage','102','2017-10-03 05:39:15'),(77265,'setpackage','103','2017-10-03 05:41:29'),(77266,'setpackage','104','2017-10-03 08:26:59'),(77267,'setpackage','105','2017-10-03 08:28:52'),(77268,'setpackage','106','2017-10-03 08:31:31'),(77269,'weeklycommissions - auto','{\"atr\":{\"bonus\":192,\"bonusbase\":192}}','2017-10-03 09:06:01'),(77270,'setpackage','107','2017-10-03 09:20:15'),(77271,'setpackage','108','2017-10-03 13:12:50'),(77272,'setpackage','109','2017-10-03 13:15:44'),(77273,'setpackage','110','2017-10-03 16:50:24'),(77274,'setpackage','111','2017-10-03 17:14:56'),(77275,'weeklycommissions - auto','{\"atr\":{\"bonus\":204,\"bonusbase\":204}}','2017-10-16 10:39:29'),(77276,'weeklycommissions - auto','{\"atr\":{\"bonus\":0,\"bonusbase\":0}}','2017-10-16 10:39:32'),(77277,'weeklycommissions - auto','{\"atr\":{\"bonus\":0,\"bonusbase\":0}}','2017-10-16 10:39:34'),(77278,'weeklycommissions - auto','{\"atr\":{\"bonus\":0,\"bonusbase\":0}}','2017-10-16 13:55:30'),(77279,'weeklycommissions - auto','{\"atr\":{\"bonus\":0,\"bonusbase\":0}}','2017-10-16 13:55:48'),(77280,'weeklycommissions - auto','{\"atr\":{\"bonus\":0,\"bonusbase\":0}}','2017-10-19 18:36:34'),(77281,'setpackage','702','2018-01-05 14:44:00'),(77282,'setpackage','703','2018-01-10 20:24:46'),(77283,'setpackage','704','2018-01-29 12:23:28'),(77284,'setpackage','705','2018-02-05 00:12:02'),(77285,'setpackage','706','2018-02-05 00:16:01');

--
-- Table structure for table `cron_jobs`
--

CREATE TABLE `cron_jobs` (
  `id` int(11) NOT NULL AUTO_INCREMENT,
  `name` varchar(255) COLLATE utf8_unicode_ci NOT NULL,
  `classname` varchar(255) COLLATE utf8_unicode_ci NOT NULL,
  `type` varchar(255) COLLATE utf8_unicode_ci NOT NULL,
  `description` text COLLATE utf8_unicode_ci NOT NULL,
  `data` text COLLATE utf8_unicode_ci,
  `status` tinyint(1) NOT NULL DEFAULT '0',
  `running` tinyint(1) NOT NULL DEFAULT '0',
  `runtime` int(11) NOT NULL DEFAULT '0',
  `date` date NOT NULL,
  `time` time NOT NULL,
  `created_at` timestamp NOT NULL DEFAULT '0000-00-00 00:00:00',
  `updated_at` timestamp NOT NULL DEFAULT '0000-00-00 00:00:00',
  `deleted_at` timestamp NULL DEFAULT NULL,
  PRIMARY KEY (`id`)
) ENGINE=InnoDB DEFAULT CHARSET=utf8 COLLATE=utf8_unicode_ci;

--
-- Dumping data for table `cron_jobs`
--


--
-- Table structure for table `failed_jobs`
--

CREATE TABLE `failed_jobs` (
  `id` int(10) unsigned NOT NULL AUTO_INCREMENT,
  `connection` text COLLATE utf8_unicode_ci NOT NULL,
  `queue` text COLLATE utf8_unicode_ci NOT NULL,
  `payload` text COLLATE utf8_unicode_ci NOT NULL,
  `exception` text COLLATE utf8_unicode_ci NOT NULL,
  `failed_at` timestamp NOT NULL DEFAULT CURRENT_TIMESTAMP ON UPDATE CURRENT_TIMESTAMP,
  PRIMARY KEY (`id`)
) ENGINE=InnoDB AUTO_INCREMENT=3 DEFAULT CHARSET=utf8 COLLATE=utf8_unicode_ci;

--
-- Dumping data for table `failed_jobs`
--

INSERT INTO `failed_jobs` VALUES (1,'database','default','{\"displayName\":\"App\\\\Jobs\\\\SetPackage\",\"job\":\"Illuminate\\\\Queue\\\\CallQueuedHandler@call\",\"maxTries\":null,\"timeout\":null,\"data\":{\"commandName\":\"App\\\\Jobs\\\\SetPackage\",\"command\":\"O:19:\\\"App\\\\Jobs\\\\SetPackage\\\":7:{s:4:\\\"data\\\";i:140;s:7:\\\"\\u0000*\\u0000name\\\";s:10:\\\"setpackage\\\";s:14:\\\"\\u0000*\\u0000description\\\";s:48:\\\"Sets upline, referral data on a package purchase\\\";s:10:\\\"connection\\\";N;s:5:\\\"queue\\\";N;s:5:\\\"delay\\\";N;s:6:\\\"\\u0000*\\u0000job\\\";N;}\"}}','Symfony\\Component\\Debug\\Exception\\FatalThrowableError: Call to undefined function App\\Libraries\\apcu_exists() in /home/ausante/app/Libraries/ApcManager.php:15\nStack trace:\n#0 /home/ausante/app/Jobs/SetPackage.php(219): App\\Libraries\\ApcManager::readConfig()\n#1 [internal function]: App\\Jobs\\SetPackage->handle()\n#2 /home/ausante/vendor/laravel/framework/src/Illuminate/Container/BoundMethod.php(29): call_user_func_array(Array, Array)\n#3 /home/ausante/vendor/laravel/framework/src/Illuminate/Container/BoundMethod.php(87): Illuminate\\Container\\BoundMethod::Illuminate\\Container\\{closure}()\n#4 /home/ausante/vendor/laravel/framework/src/Illuminate/Container/BoundMethod.php(31): Illuminate\\Container\\BoundMethod::callBoundMethod(Object(Illuminate\\Foundation\\Application), Array, Object(Closure))\n#5 /home/ausante/vendor/laravel/framework/src/Illuminate/Container/Container.php(539): Illuminate\\Container\\BoundMethod::call(Object(Illuminate\\Foundation\\Application), Array, Array, NULL)\n#6 /home/ausante/vendor/laravel/framework/src/Illuminate/Bus/Dispatcher.php(94): Illuminate\\Container\\Container->call(Array)\n#7 /home/ausante/vendor/laravel/framework/src/Illuminate/Pipeline/Pipeline.php(114): Illuminate\\Bus\\Dispatcher->Illuminate\\Bus\\{closure}(Object(App\\Jobs\\SetPackage))\n#8 /home/ausante/vendor/laravel/framework/src/Illuminate/Pipeline/Pipeline.php(102): Illuminate\\Pipeline\\Pipeline->Illuminate\\Pipeline\\{closure}(Object(App\\Jobs\\SetPackage))\n#9 /home/ausante/vendor/laravel/framework/src/Illuminate/Bus/Dispatcher.php(98): Illuminate\\Pipeline\\Pipeline->then(Object(Closure))\n#10 /home/ausante/vendor/laravel/framework/src/Illuminate/Queue/CallQueuedHandler.php(42): Illuminate\\Bus\\Dispatcher->dispatchNow(Object(App\\Jobs\\SetPackage), false)\n#11 /home/ausante/vendor/laravel/framework/src/Illuminate/Queue/Jobs/Job.php(69): Illuminate\\Queue\\CallQueuedHandler->call(Object(Illuminate\\Queue\\Jobs\\DatabaseJob), Array)\n#12 /home/ausante/vendor/laravel/framework/src/Illuminate/Queue/Worker.php(317): Illuminate\\Queue\\Jobs\\Job->fire()\n#13 /home/ausante/vendor/laravel/framework/src/Illuminate/Queue/Worker.php(267): Illuminate\\Queue\\Worker->process(\'database\', Object(Illuminate\\Queue\\Jobs\\DatabaseJob), Object(Illuminate\\Queue\\WorkerOptions))\n#14 /home/ausante/vendor/laravel/framework/src/Illuminate/Queue/Worker.php(224): Illuminate\\Queue\\Worker->runJob(Object(Illuminate\\Queue\\Jobs\\DatabaseJob), \'database\', Object(Illuminate\\Queue\\WorkerOptions))\n#15 /home/ausante/vendor/laravel/framework/src/Illuminate/Queue/Console/WorkCommand.php(101): Illuminate\\Queue\\Worker->runNextJob(\'database\', \'default\', Object(Illuminate\\Queue\\WorkerOptions))\n#16 /home/ausante/vendor/laravel/framework/src/Illuminate/Queue/Console/WorkCommand.php(85): Illuminate\\Queue\\Console\\WorkCommand->runWorker(\'database\', \'default\')\n#17 [internal function]: Illuminate\\Queue\\Console\\WorkCommand->fire()\n#18 /home/ausante/vendor/laravel/framework/src/Illuminate/Container/BoundMethod.php(29): call_user_func_array(Array, Array)\n#19 /home/ausante/vendor/laravel/framework/src/Illuminate/Container/BoundMethod.php(87): Illuminate\\Container\\BoundMethod::Illuminate\\Container\\{closure}()\n#20 /home/ausante/vendor/laravel/framework/src/Illuminate/Container/BoundMethod.php(31): Illuminate\\Container\\BoundMethod::callBoundMethod(Object(Illuminate\\Foundation\\Application), Array, Object(Closure))\n#21 /home/ausante/vendor/laravel/framework/src/Illuminate/Container/Container.php(539): Illuminate\\Container\\BoundMethod::call(Object(Illuminate\\Foundation\\Application), Array, Array, NULL)\n#22 /home/ausante/vendor/laravel/framework/src/Illuminate/Console/Command.php(182): Illuminate\\Container\\Container->call(Array)\n#23 /home/ausante/vendor/symfony/console/Command/Command.php(264): Illuminate\\Console\\Command->execute(Object(Symfony\\Component\\Console\\Input\\ArgvInput), Object(Illuminate\\Console\\OutputStyle))\n#24 /home/ausante/vendor/laravel/framework/src/Illuminate/Console/Command.php(167): Symfony\\Component\\Console\\Command\\Command->run(Object(Symfony\\Component\\Console\\Input\\ArgvInput), Object(Illuminate\\Console\\OutputStyle))\n#25 /home/ausante/vendor/symfony/console/Application.php(869): Illuminate\\Console\\Command->run(Object(Symfony\\Component\\Console\\Input\\ArgvInput), Object(Symfony\\Component\\Console\\Output\\ConsoleOutput))\n#26 /home/ausante/vendor/symfony/console/Application.php(223): Symfony\\Component\\Console\\Application->doRunCommand(Object(Illuminate\\Queue\\Console\\WorkCommand), Object(Symfony\\Component\\Console\\Input\\ArgvInput), Object(Symfony\\Component\\Console\\Output\\ConsoleOutput))\n#27 /home/ausante/vendor/symfony/console/Application.php(130): Symfony\\Component\\Console\\Application->doRun(Object(Symfony\\Component\\Console\\Input\\ArgvInput), Object(Symfony\\Component\\Console\\Output\\ConsoleOutput))\n#28 /home/ausante/vendor/laravel/framework/src/Illuminate/Foundation/Console/Kernel.php(122): Symfony\\Component\\Console\\Application->run(Object(Symfony\\Component\\Console\\Input\\ArgvInput), Object(Symfony\\Component\\Console\\Output\\ConsoleOutput))\n#29 /home/ausante/artisan(34): Illuminate\\Foundation\\Console\\Kernel->handle(Object(Symfony\\Component\\Console\\Input\\ArgvInput), Object(Symfony\\Component\\Console\\Output\\ConsoleOutput))\n#30 {main}','2018-01-04 08:48:43'),(2,'database','default','{\"displayName\":\"App\\\\Jobs\\\\SetPackage\",\"job\":\"Illuminate\\\\Queue\\\\CallQueuedHandler@call\",\"maxTries\":null,\"timeout\":null,\"data\":{\"commandName\":\"App\\\\Jobs\\\\SetPackage\",\"command\":\"O:19:\\\"App\\\\Jobs\\\\SetPackage\\\":7:{s:4:\\\"data\\\";i:141;s:7:\\\"\\u0000*\\u0000name\\\";s:10:\\\"setpackage\\\";s:14:\\\"\\u0000*\\u0000description\\\";s:48:\\\"Sets upline, referral data on a package purchase\\\";s:10:\\\"connection\\\";N;s:5:\\\"queue\\\";N;s:5:\\\"delay\\\";N;s:6:\\\"\\u0000*\\u0000job\\\";N;}\"}}','Symfony\\Component\\Debug\\Exception\\FatalThrowableError: Call to undefined function App\\Libraries\\apcu_exists() in /home/ausante/app/Libraries/ApcManager.php:15\nStack trace:\n#0 /home/ausante/app/Jobs/SetPackage.php(219): App\\Libraries\\ApcManager::readConfig()\n#1 [internal function]: App\\Jobs\\SetPackage->handle()\n#2 /home/ausante/vendor/laravel/framework/src/Illuminate/Container/BoundMethod.php(29): call_user_func_array(Array, Array)\n#3 /home/ausante/vendor/laravel/framework/src/Illuminate/Container/BoundMethod.php(87): Illuminate\\Container\\BoundMethod::Illuminate\\Container\\{closure}()\n#4 /home/ausante/vendor/laravel/framework/src/Illuminate/Container/BoundMethod.php(31): Illuminate\\Container\\BoundMethod::callBoundMethod(Object(Illuminate\\Foundation\\Application), Array, Object(Closure))\n#5 /home/ausante/vendor/laravel/framework/src/Illuminate/Container/Container.php(539): Illuminate\\Container\\BoundMethod::call(Object(Illuminate\\Foundation\\Application), Array, Array, NULL)\n#6 /home/ausante/vendor/laravel/framework/src/Illuminate/Bus/Dispatcher.php(94): Illuminate\\Container\\Container->call(Array)\n#7 /home/ausante/vendor/laravel/framework/src/Illuminate/Pipeline/Pipeline.php(114): Illuminate\\Bus\\Dispatcher->Illuminate\\Bus\\{closure}(Object(App\\Jobs\\SetPackage))\n#8 /home/ausante/vendor/laravel/framework/src/Illuminate/Pipeline/Pipeline.php(102): Illuminate\\Pipeline\\Pipeline->Illuminate\\Pipeline\\{closure}(Object(App\\Jobs\\SetPackage))\n#9 /home/ausante/vendor/laravel/framework/src/Illuminate/Bus/Dispatcher.php(98): Illuminate\\Pipeline\\Pipeline->then(Object(Closure))\n#10 /home/ausante/vendor/laravel/framework/src/Illuminate/Queue/CallQueuedHandler.php(42): Illuminate\\Bus\\Dispatcher->dispatchNow(Object(App\\Jobs\\SetPackage), false)\n#11 /home/ausante/vendor/laravel/framework/src/Illuminate/Queue/Jobs/Job.php(69): Illuminate\\Queue\\CallQueuedHandler->call(Object(Illuminate\\Queue\\Jobs\\DatabaseJob), Array)\n#12 /home/ausante/vendor/laravel/framework/src/Illuminate/Queue/Worker.php(317): Illuminate\\Queue\\Jobs\\Job->fire()\n#13 /home/ausante/vendor/laravel/framework/src/Illuminate/Queue/Worker.php(267): Illuminate\\Queue\\Worker->process(\'database\', Object(Illuminate\\Queue\\Jobs\\DatabaseJob), Object(Illuminate\\Queue\\WorkerOptions))\n#14 /home/ausante/vendor/laravel/framework/src/Illuminate/Queue/Worker.php(224): Illuminate\\Queue\\Worker->runJob(Object(Illuminate\\Queue\\Jobs\\DatabaseJob), \'database\', Object(Illuminate\\Queue\\WorkerOptions))\n#15 /home/ausante/vendor/laravel/framework/src/Illuminate/Queue/Console/WorkCommand.php(101): Illuminate\\Queue\\Worker->runNextJob(\'database\', \'default\', Object(Illuminate\\Queue\\WorkerOptions))\n#16 /home/ausante/vendor/laravel/framework/src/Illuminate/Queue/Console/WorkCommand.php(85): Illuminate\\Queue\\Console\\WorkCommand->runWorker(\'database\', \'default\')\n#17 [internal function]: Illuminate\\Queue\\Console\\WorkCommand->fire()\n#18 /home/ausante/vendor/laravel/framework/src/Illuminate/Container/BoundMethod.php(29): call_user_func_array(Array, Array)\n#19 /home/ausante/vendor/laravel/framework/src/Illuminate/Container/BoundMethod.php(87): Illuminate\\Container\\BoundMethod::Illuminate\\Container\\{closure}()\n#20 /home/ausante/vendor/laravel/framework/src/Illuminate/Container/BoundMethod.php(31): Illuminate\\Container\\BoundMethod::callBoundMethod(Object(Illuminate\\Foundation\\Application), Array, Object(Closure))\n#21 /home/ausante/vendor/laravel/framework/src/Illuminate/Container/Container.php(539): Illuminate\\Container\\BoundMethod::call(Object(Illuminate\\Foundation\\Application), Array, Array, NULL)\n#22 /home/ausante/vendor/laravel/framework/src/Illuminate/Console/Command.php(182): Illuminate\\Container\\Container->call(Array)\n#23 /home/ausante/vendor/symfony/console/Command/Command.php(264): Illuminate\\Console\\Command->execute(Object(Symfony\\Component\\Console\\Input\\ArgvInput), Object(Illuminate\\Console\\OutputStyle))\n#24 /home/ausante/vendor/laravel/framework/src/Illuminate/Console/Command.php(167): Symfony\\Component\\Console\\Command\\Command->run(Object(Symfony\\Component\\Console\\Input\\ArgvInput), Object(Illuminate\\Console\\OutputStyle))\n#25 /home/ausante/vendor/symfony/console/Application.php(869): Illuminate\\Console\\Command->run(Object(Symfony\\Component\\Console\\Input\\ArgvInput), Object(Symfony\\Component\\Console\\Output\\ConsoleOutput))\n#26 /home/ausante/vendor/symfony/console/Application.php(223): Symfony\\Component\\Console\\Application->doRunCommand(Object(Illuminate\\Queue\\Console\\WorkCommand), Object(Symfony\\Component\\Console\\Input\\ArgvInput), Object(Symfony\\Component\\Console\\Output\\ConsoleOutput))\n#27 /home/ausante/vendor/symfony/console/Application.php(130): Symfony\\Component\\Console\\Application->doRun(Object(Symfony\\Component\\Console\\Input\\ArgvInput), Object(Symfony\\Component\\Console\\Output\\ConsoleOutput))\n#28 /home/ausante/vendor/laravel/framework/src/Illuminate/Foundation/Console/Kernel.php(122): Symfony\\Component\\Console\\Application->run(Object(Symfony\\Component\\Console\\Input\\ArgvInput), Object(Symfony\\Component\\Console\\Output\\ConsoleOutput))\n#29 /home/ausante/artisan(34): Illuminate\\Foundation\\Console\\Kernel->handle(Object(Symfony\\Component\\Console\\Input\\ArgvInput), Object(Symfony\\Component\\Console\\Output\\ConsoleOutput))\n#30 {main}','2018-01-04 08:48:43');

--
-- Table structure for table `faqs`
--

CREATE TABLE `faqs` (
  `id` int(11) NOT NULL AUTO_INCREMENT,
  `question` varchar(255) COLLATE utf8_unicode_ci NOT NULL,
  `answer` text COLLATE utf8_unicode_ci NOT NULL,
  `visible` tinyint(1) NOT NULL DEFAULT '1',
  `top` tinyint(1) NOT NULL DEFAULT '0',
  `useful_count` int(11) NOT NULL DEFAULT '0',
  PRIMARY KEY (`id`)
) ENGINE=InnoDB DEFAULT CHARSET=utf8 COLLATE=utf8_unicode_ci;

--
-- Dumping data for table `faqs`
--


--
-- Table structure for table `greenshilling_history`
--

CREATE TABLE `greenshilling_history` (
  `id` int(11) NOT NULL AUTO_INCREMENT,
  `user_id` int(11) NOT NULL,
  `slots` decimal(15,2) NOT NULL,
  `units` decimal(15,2) NOT NULL,
  `wallet` varchar(100) COLLATE utf8_unicode_ci NOT NULL,
  `period_from` date NOT NULL,
  `period_to` date NOT NULL,
  `status` tinyint(1) NOT NULL DEFAULT '0',
  `created_at` timestamp NOT NULL DEFAULT CURRENT_TIMESTAMP,
  `updated_at` timestamp NOT NULL DEFAULT CURRENT_TIMESTAMP ON UPDATE CURRENT_TIMESTAMP,
  PRIMARY KEY (`id`)
) ENGINE=InnoDB AUTO_INCREMENT=449 DEFAULT CHARSET=utf8 COLLATE=utf8_unicode_ci;

--
-- Dumping data for table `greenshilling_history`
--

INSERT INTO `greenshilling_history` VALUES (1,1520459,10.00,1000.00,'admin@ausante.green','2018-01-07','2018-01-09',0,'2018-01-07 11:47:20','2018-01-07 11:47:20'),(2,1520459,10.00,1000.00,'admin@ausante.green','2018-01-07','2018-01-09',0,'2018-01-07 11:49:29','2018-01-07 11:49:29'),(3,558687,1.00,100.00,'GS5P7TY2WicJySUdi5unPFWbBSeSiWbAgc','2018-02-03','2018-02-05',0,'2018-02-03 02:46:06','2018-02-03 02:46:06'),(4,558687,99.00,9900.00,'GS5P7TY2WicJySUdi5unPFWbBSeSiWbAgc','2018-02-03','2018-02-05',0,'2018-02-03 05:33:44','2018-02-03 05:33:44'),(5,558687,100.00,10000.00,'GS5P7TY2WicJySUdi5unPFWbBSeSiWbAgc','2018-02-03','2018-02-05',0,'2018-02-03 05:34:11','2018-02-03 05:34:11'),(6,559512,100.00,10000.00,'GS5P7TY2WicJySUdi5unPFWbBSeSiWbAgc','2018-02-03','2018-02-05',0,'2018-02-03 06:40:41','2018-02-03 06:40:41'),(7,559512,100.00,10000.00,'GS5P7TY2WicJySUdi5unPFWbBSeSiWbAgc','2018-02-03','2018-02-05',0,'2018-02-03 06:41:49','2018-02-03 06:41:49'),(8,559512,100.00,10000.00,'GS5P7TY2WicJySUdi5unPFWbBSeSiWbAgc','2018-02-03','2018-02-05',0,'2018-02-03 06:42:06','2018-02-03 06:42:06'),(9,559512,100.00,10000.00,'GS5P7TY2WicJySUdi5unPFWbBSeSiWbAgc','2018-02-03','2018-02-05',0,'2018-02-03 06:42:34','2018-02-03 06:42:34'),(10,559512,68.00,6800.00,'GS5P7TY2WicJySUdi5unPFWbBSeSiWbAgc','2018-02-03','2018-02-05',0,'2018-02-03 06:51:39','2018-02-03 06:51:39'),(11,558687,100.00,10000.00,'GS5P7TY2WicJySUdi5unPFWbBSeSiWbAgc','2018-02-03','2018-02-05',0,'2018-02-03 06:53:19','2018-02-03 06:53:19'),(12,558687,90.00,9000.00,'GS5P7TY2WicJySUdi5unPFWbBSeSiWbAgc','2018-02-03','2018-02-05',0,'2018-02-03 06:53:52','2018-02-03 06:53:52'),(13,558687,9.00,900.00,'GS5P7TY2WicJySUdi5unPFWbBSeSiWbAgc','2018-02-03','2018-02-05',0,'2018-02-03 06:55:43','2018-02-03 06:55:43'),(14,559415,100.00,10000.00,'GS5P7TY2WicJySUdi5unPFWbBSeSiWbAgc','2018-02-03','2018-02-05',0,'2018-02-03 06:57:22','2018-02-03 06:57:22'),(15,559415,100.00,10000.00,'GS5P7TY2WicJySUdi5unPFWbBSeSiWbAgc','2018-02-03','2018-02-05',0,'2018-02-03 06:57:42','2018-02-03 06:57:42'),(16,559415,100.00,10000.00,'GS5P7TY2WicJySUdi5unPFWbBSeSiWbAgc','2018-02-03','2018-02-05',0,'2018-02-03 06:57:55','2018-02-03 06:57:55'),(17,559415,100.00,10000.00,'GS5P7TY2WicJySUdi5unPFWbBSeSiWbAgc','2018-02-03','2018-02-05',0,'2018-02-03 06:58:14','2018-02-03 06:58:14'),(18,559415,6.00,600.00,'GS5P7TY2WicJySUdi5unPFWbBSeSiWbAgc','2018-02-03','2018-02-05',0,'2018-02-03 06:59:15','2018-02-03 06:59:15'),(19,560404,100.00,10000.00,'GS5P7TY2WicJySUdi5unPFWbBSeSiWbAgc','2018-02-03','2018-02-05',0,'2018-02-03 07:00:40','2018-02-03 07:00:40'),(20,560404,100.00,10000.00,'GS5P7TY2WicJySUdi5unPFWbBSeSiWbAgc','2018-02-03','2018-02-05',0,'2018-02-03 07:01:13','2018-02-03 07:01:13'),(21,560404,100.00,10000.00,'GS5P7TY2WicJySUdi5unPFWbBSeSiWbAgc','2018-02-03','2018-02-05',0,'2018-02-03 07:01:30','2018-02-03 07:01:30'),(22,560404,62.00,6200.00,'GS5P7TY2WicJySUdi5unPFWbBSeSiWbAgc','2018-02-03','2018-02-05',0,'2018-02-03 07:02:01','2018-02-03 07:02:01'),(23,560403,100.00,10000.00,'GS5P7TY2WicJySUdi5unPFWbBSeSiWbAgc','2018-02-03','2018-02-05',0,'2018-02-03 07:04:01','2018-02-03 07:04:01'),(24,560403,100.00,10000.00,'GS5P7TY2WicJySUdi5unPFWbBSeSiWbAgc','2018-02-03','2018-02-05',0,'2018-02-03 07:04:14','2018-02-03 07:04:14'),(25,560403,100.00,10000.00,'GS5P7TY2WicJySUdi5unPFWbBSeSiWbAgc','2018-02-03','2018-02-05',0,'2018-02-03 07:04:30','2018-02-03 07:04:30'),(26,560403,58.00,5800.00,'GS5P7TY2WicJySUdi5unPFWbBSeSiWbAgc','2018-02-03','2018-02-05',0,'2018-02-03 07:04:47','2018-02-03 07:04:47'),(27,560406,100.00,10000.00,'GS5P7TY2WicJySUdi5unPFWbBSeSiWbAgc','2018-02-03','2018-02-05',0,'2018-02-03 07:06:53','2018-02-03 07:06:53'),(28,560406,100.00,10000.00,'GS5P7TY2WicJySUdi5unPFWbBSeSiWbAgc','2018-02-03','2018-02-05',0,'2018-02-03 07:07:57','2018-02-03 07:07:57'),(29,560406,100.00,10000.00,'GS5P7TY2WicJySUdi5unPFWbBSeSiWbAgc','2018-02-03','2018-02-05',0,'2018-02-03 07:08:17','2018-02-03 07:08:17'),(30,560406,67.00,6700.00,'GS5P7TY2WicJySUdi5unPFWbBSeSiWbAgc','2018-02-03','2018-02-05',0,'2018-02-03 07:08:28','2018-02-03 07:08:28'),(31,560407,100.00,10000.00,'GS5P7TY2WicJySUdi5unPFWbBSeSiWbAgc','2018-02-03','2018-02-05',0,'2018-02-03 07:09:57','2018-02-03 07:09:57'),(32,560407,100.00,10000.00,'GS5P7TY2WicJySUdi5unPFWbBSeSiWbAgc','2018-02-03','2018-02-05',0,'2018-02-03 07:10:10','2018-02-03 07:10:10'),(33,560407,100.00,10000.00,'GS5P7TY2WicJySUdi5unPFWbBSeSiWbAgc','2018-02-03','2018-02-05',0,'2018-02-03 07:10:22','2018-02-03 07:10:22'),(34,560407,72.00,7200.00,'GS5P7TY2WicJySUdi5unPFWbBSeSiWbAgc','2018-02-03','2018-02-05',0,'2018-02-03 07:10:37','2018-02-03 07:10:37'),(35,560354,100.00,10000.00,'GS5P7TY2WicJySUdi5unPFWbBSeSiWbAgc','2018-02-03','2018-02-05',0,'2018-02-03 07:12:00','2018-02-03 07:12:00'),(36,560354,100.00,10000.00,'GS5P7TY2WicJySUdi5unPFWbBSeSiWbAgc','2018-02-03','2018-02-05',0,'2018-02-03 07:12:18','2018-02-03 07:12:18'),(37,560354,100.00,10000.00,'GS5P7TY2WicJySUdi5unPFWbBSeSiWbAgc','2018-02-03','2018-02-05',0,'2018-02-03 07:12:31','2018-02-03 07:12:31'),(38,560354,68.00,6800.00,'GS5P7TY2WicJySUdi5unPFWbBSeSiWbAgc','2018-02-03','2018-02-05',0,'2018-02-03 07:12:45','2018-02-03 07:12:45'),(39,529740,1.00,100.00,'GRXKV5FFpuLV3gMixVgEVeJRq1R3hCL4cS','2018-02-03','2018-02-05',0,'2018-02-03 09:28:44','2018-02-03 09:28:44'),(40,510369,100.00,10000.00,'GewoAPq44w3TRmbf1S6XtDMXfKEeGFeQmu','2018-02-03','2018-02-05',0,'2018-02-03 12:32:17','2018-02-03 12:32:17'),(41,515072,100.00,10000.00,'GewoAPq44w3TRmbf1S6XtDMXfKEeGFeQmu','2018-02-03','2018-02-05',0,'2018-02-03 12:46:24','2018-02-03 12:46:24'),(42,509987,100.00,10000.00,'GewoAPq44w3TRmbf1S6XtDMXfKEeGFeQmu','2018-02-03','2018-02-05',0,'2018-02-03 13:08:02','2018-02-03 13:08:02'),(43,514338,100.00,10000.00,'GewoAPq44w3TRmbf1S6XtDMXfKEeGFeQmu','2018-02-03','2018-02-05',0,'2018-02-03 13:27:21','2018-02-03 13:27:21'),(44,518947,100.00,10000.00,'GewoAPq44w3TRmbf1S6XtDMXfKEeGFeQmu','2018-02-03','2018-02-05',0,'2018-02-03 13:35:04','2018-02-03 13:35:04'),(45,534323,100.00,10000.00,'GW77xTwRFiyR4WrTMTUfc9W1iBuDQkjYS1','2018-02-04','2018-02-06',0,'2018-02-03 16:15:14','2018-02-03 16:15:14'),(46,534323,100.00,10000.00,'GW77xTwRFiyR4WrTMTUfc9W1iBuDQkjYS1','2018-02-04','2018-02-06',0,'2018-02-03 16:16:52','2018-02-03 16:16:52'),(47,541930,100.00,10000.00,'GW77xTwRFiyR4WrTMTUfc9W1iBuDQkjYS1','2018-02-04','2018-02-06',0,'2018-02-03 16:21:09','2018-02-03 16:21:09'),(48,541930,100.00,10000.00,'GW77xTwRFiyR4WrTMTUfc9W1iBuDQkjYS1','2018-02-04','2018-02-06',0,'2018-02-03 16:21:29','2018-02-03 16:21:29'),(49,530341,100.00,10000.00,'GW77xTwRFiyR4WrTMTUfc9W1iBuDQkjYS1','2018-02-04','2018-02-06',0,'2018-02-03 16:24:06','2018-02-03 16:24:06'),(50,530341,100.00,10000.00,'GW77xTwRFiyR4WrTMTUfc9W1iBuDQkjYS1','2018-02-04','2018-02-06',0,'2018-02-03 16:24:33','2018-02-03 16:24:33'),(51,543412,100.00,10000.00,'GW77xTwRFiyR4WrTMTUfc9W1iBuDQkjYS1','2018-02-04','2018-02-06',0,'2018-02-03 16:27:06','2018-02-03 16:27:06'),(52,543412,100.00,10000.00,'GW77xTwRFiyR4WrTMTUfc9W1iBuDQkjYS1','2018-02-04','2018-02-06',0,'2018-02-03 16:27:24','2018-02-03 16:27:24'),(53,543412,100.00,10000.00,'GW77xTwRFiyR4WrTMTUfc9W1iBuDQkjYS1','2018-02-04','2018-02-06',0,'2018-02-03 16:32:00','2018-02-03 16:32:00'),(54,543412,100.00,10000.00,'GW77xTwRFiyR4WrTMTUfc9W1iBuDQkjYS1','2018-02-04','2018-02-06',0,'2018-02-03 16:32:17','2018-02-03 16:32:17'),(55,526662,100.00,10000.00,'GW77xTwRFiyR4WrTMTUfc9W1iBuDQkjYS1','2018-02-04','2018-02-06',0,'2018-02-03 16:36:31','2018-02-03 16:36:31'),(56,526662,100.00,10000.00,'GW77xTwRFiyR4WrTMTUfc9W1iBuDQkjYS1','2018-02-04','2018-02-06',0,'2018-02-03 16:36:51','2018-02-03 16:36:51'),(57,554503,100.00,10000.00,'GW77xTwRFiyR4WrTMTUfc9W1iBuDQkjYS1','2018-02-04','2018-02-06',0,'2018-02-03 16:38:30','2018-02-03 16:38:30'),(58,554503,100.00,10000.00,'GW77xTwRFiyR4WrTMTUfc9W1iBuDQkjYS1','2018-02-04','2018-02-06',0,'2018-02-03 16:38:44','2018-02-03 16:38:44'),(59,554506,100.00,10000.00,'GW77xTwRFiyR4WrTMTUfc9W1iBuDQkjYS1','2018-02-04','2018-02-06',0,'2018-02-03 23:51:59','2018-02-03 23:51:59'),(60,554506,100.00,10000.00,'GW77xTwRFiyR4WrTMTUfc9W1iBuDQkjYS1','2018-02-04','2018-02-06',0,'2018-02-03 23:52:17','2018-02-03 23:52:17'),(61,554507,100.00,10000.00,'GW77xTwRFiyR4WrTMTUfc9W1iBuDQkjYS1','2018-02-04','2018-02-06',0,'2018-02-03 23:54:55','2018-02-03 23:54:55'),(62,554507,100.00,10000.00,'GW77xTwRFiyR4WrTMTUfc9W1iBuDQkjYS1','2018-02-04','2018-02-06',0,'2018-02-03 23:55:33','2018-02-03 23:55:33'),(63,514573,100.00,10000.00,'GW77xTwRFiyR4WrTMTUfc9W1iBuDQkjYS1','2018-02-04','2018-02-06',0,'2018-02-03 23:57:45','2018-02-03 23:57:45'),(64,514573,100.00,10000.00,'GW77xTwRFiyR4WrTMTUfc9W1iBuDQkjYS1','2018-02-04','2018-02-06',0,'2018-02-03 23:58:05','2018-02-03 23:58:05'),(65,562039,100.00,10000.00,'GW77xTwRFiyR4WrTMTUfc9W1iBuDQkjYS1','2018-02-04','2018-02-06',0,'2018-02-04 00:00:09','2018-02-04 00:00:09'),(66,562039,100.00,10000.00,'GW77xTwRFiyR4WrTMTUfc9W1iBuDQkjYS1','2018-02-04','2018-02-06',0,'2018-02-04 00:00:38','2018-02-04 00:00:38'),(67,563111,100.00,10000.00,'GW77xTwRFiyR4WrTMTUfc9W1iBuDQkjYS1','2018-02-04','2018-02-06',0,'2018-02-04 00:02:23','2018-02-04 00:02:23'),(68,563111,100.00,10000.00,'GW77xTwRFiyR4WrTMTUfc9W1iBuDQkjYS1','2018-02-04','2018-02-06',0,'2018-02-04 00:02:39','2018-02-04 00:02:39'),(69,560039,100.00,10000.00,'GW77xTwRFiyR4WrTMTUfc9W1iBuDQkjYS1','2018-02-04','2018-02-06',0,'2018-02-04 00:07:20','2018-02-04 00:07:20'),(70,560039,100.00,10000.00,'GW77xTwRFiyR4WrTMTUfc9W1iBuDQkjYS1','2018-02-04','2018-02-06',0,'2018-02-04 00:07:34','2018-02-04 00:07:34'),(71,555511,100.00,10000.00,'GW77xTwRFiyR4WrTMTUfc9W1iBuDQkjYS1','2018-02-04','2018-02-06',0,'2018-02-04 00:09:27','2018-02-04 00:09:27'),(72,555511,100.00,10000.00,'GW77xTwRFiyR4WrTMTUfc9W1iBuDQkjYS1','2018-02-04','2018-02-06',0,'2018-02-04 00:09:41','2018-02-04 00:09:41'),(73,509588,100.00,10000.00,'GW77xTwRFiyR4WrTMTUfc9W1iBuDQkjYS1','2018-02-04','2018-02-06',0,'2018-02-04 00:14:32','2018-02-04 00:14:32'),(74,509588,100.00,10000.00,'GW77xTwRFiyR4WrTMTUfc9W1iBuDQkjYS1','2018-02-04','2018-02-06',0,'2018-02-04 00:14:49','2018-02-04 00:14:49'),(75,518947,100.00,10000.00,'GeCMMzQPy7f3QtvZRQUGpUpP6yAyatg5gj','2018-02-04','2018-02-06',0,'2018-02-04 03:30:24','2018-02-04 03:30:24'),(76,514338,100.00,10000.00,'GeCMMzQPy7f3QtvZRQUGpUpP6yAyatg5gj','2018-02-04','2018-02-06',0,'2018-02-04 03:36:51','2018-02-04 03:36:51'),(77,509434,100.00,10000.00,'GeCMMzQPy7f3QtvZRQUGpUpP6yAyatg5gj','2018-02-04','2018-02-06',0,'2018-02-04 03:56:13','2018-02-04 03:56:13'),(78,512764,100.00,10000.00,'Ggf4stoPT8D3BFYQph4hK4UorLbVtWhxdD','2018-02-04','2018-02-06',0,'2018-02-04 05:30:02','2018-02-04 05:30:02'),(79,512764,100.00,10000.00,'Ggf4stoPT8D3BFYQph4hK4UorLbVtWhxdD','2018-02-04','2018-02-06',0,'2018-02-04 05:30:39','2018-02-04 05:30:39'),(80,509362,100.00,10000.00,'Ggf4stoPT8D3BFYQph4hK4UorLbVtWhxdD','2018-02-04','2018-02-06',0,'2018-02-04 05:32:59','2018-02-04 05:32:59'),(81,509362,100.00,10000.00,'Ggf4stoPT8D3BFYQph4hK4UorLbVtWhxdD','2018-02-04','2018-02-06',0,'2018-02-04 05:33:27','2018-02-04 05:33:27'),(82,530331,100.00,10000.00,'Ggf4stoPT8D3BFYQph4hK4UorLbVtWhxdD','2018-02-04','2018-02-06',0,'2018-02-04 05:44:52','2018-02-04 05:44:52'),(83,530331,100.00,10000.00,'Ggf4stoPT8D3BFYQph4hK4UorLbVtWhxdD','2018-02-04','2018-02-06',0,'2018-02-04 05:45:29','2018-02-04 05:45:29'),(84,509584,100.00,10000.00,'GewoAPq44w3TRmbf1S6XtDMXfKEeGFeQmu','2018-02-04','2018-02-06',0,'2018-02-04 06:15:47','2018-02-04 06:15:47'),(85,509573,100.00,10000.00,'GewoAPq44w3TRmbf1S6XtDMXfKEeGFeQmu','2018-02-04','2018-02-06',0,'2018-02-04 06:24:42','2018-02-04 06:24:42'),(86,514585,100.00,10000.00,'GewoAPq44w3TRmbf1S6XtDMXfKEeGFeQmu','2018-02-04','2018-02-06',0,'2018-02-04 06:30:24','2018-02-04 06:30:24'),(87,537756,100.00,10000.00,'GfVvpGJU9t8MsGtUuoY1oW1VHq7DQHCpdX','2018-02-04','2018-02-06',0,'2018-02-04 06:35:37','2018-02-04 06:35:37'),(88,537756,100.00,10000.00,'GfVvpGJU9t8MsGtUuoY1oW1VHq7DQHCpdX','2018-02-04','2018-02-06',0,'2018-02-04 06:36:14','2018-02-04 06:36:14'),(89,509584,100.00,10000.00,'GewoAPq44w3TRmbf1S6XtDMXfKEeGFeQmu','2018-02-04','2018-02-06',0,'2018-02-04 06:44:54','2018-02-04 06:44:54'),(90,538859,100.00,10000.00,'GfVvpGJU9t8MsGtUuoY1oW1VHq7DQHCpdX','2018-02-04','2018-02-06',0,'2018-02-04 06:45:50','2018-02-04 06:45:50'),(91,538859,100.00,10000.00,'GfVvpGJU9t8MsGtUuoY1oW1VHq7DQHCpdX','2018-02-04','2018-02-06',0,'2018-02-04 06:46:47','2018-02-04 06:46:47'),(92,509605,100.00,10000.00,'GewoAPq44w3TRmbf1S6XtDMXfKEeGFeQmu','2018-02-04','2018-02-06',0,'2018-02-04 06:48:26','2018-02-04 06:48:26'),(93,505196,100.00,10000.00,'GewoAPq44w3TRmbf1S6XtDMXfKEeGFeQmu','2018-02-04','2018-02-06',0,'2018-02-04 06:50:53','2018-02-04 06:50:53'),(94,538860,100.00,10000.00,'GfVvpGJU9t8MsGtUuoY1oW1VHq7DQHCpdX','2018-02-04','2018-02-06',0,'2018-02-04 06:53:32','2018-02-04 06:53:32'),(95,510369,100.00,10000.00,'GewoAPq44w3TRmbf1S6XtDMXfKEeGFeQmu','2018-02-04','2018-02-06',0,'2018-02-04 06:54:16','2018-02-04 06:54:16'),(96,538860,100.00,10000.00,'GfVvpGJU9t8MsGtUuoY1oW1VHq7DQHCpdX','2018-02-04','2018-02-06',0,'2018-02-04 06:54:39','2018-02-04 06:54:39'),(97,515072,100.00,10000.00,'GewoAPq44w3TRmbf1S6XtDMXfKEeGFeQmu','2018-02-04','2018-02-06',0,'2018-02-04 06:56:18','2018-02-04 06:56:18'),(98,543255,100.00,10000.00,'GfVvpGJU9t8MsGtUuoY1oW1VHq7DQHCpdX','2018-02-04','2018-02-06',0,'2018-02-04 06:57:25','2018-02-04 06:57:25'),(99,543255,100.00,10000.00,'GfVvpGJU9t8MsGtUuoY1oW1VHq7DQHCpdX','2018-02-04','2018-02-06',0,'2018-02-04 06:57:52','2018-02-04 06:57:52'),(100,515313,100.00,10000.00,'GewoAPq44w3TRmbf1S6XtDMXfKEeGFeQmu','2018-02-04','2018-02-06',0,'2018-02-04 06:58:18','2018-02-04 06:58:18'),(101,514313,100.00,10000.00,'GewoAPq44w3TRmbf1S6XtDMXfKEeGFeQmu','2018-02-04','2018-02-06',0,'2018-02-04 07:02:32','2018-02-04 07:02:32'),(102,563914,100.00,10000.00,'GfVvpGJU9t8MsGtUuoY1oW1VHq7DQHCpdX','2018-02-04','2018-02-06',0,'2018-02-04 07:06:59','2018-02-04 07:06:59'),(103,563914,100.00,10000.00,'GfVvpGJU9t8MsGtUuoY1oW1VHq7DQHCpdX','2018-02-04','2018-02-06',0,'2018-02-04 07:07:35','2018-02-04 07:07:35'),(104,555282,100.00,10000.00,'GfVvpGJU9t8MsGtUuoY1oW1VHq7DQHCpdX','2018-02-04','2018-02-06',0,'2018-02-04 07:11:16','2018-02-04 07:11:16'),(105,555282,100.00,10000.00,'GfVvpGJU9t8MsGtUuoY1oW1VHq7DQHCpdX','2018-02-04','2018-02-06',0,'2018-02-04 07:11:46','2018-02-04 07:11:46'),(106,531902,100.00,10000.00,'GV36Lbh8QiRDP9iP3tV7hLUodoUTDwDdxX','2018-02-04','2018-02-06',0,'2018-02-04 08:05:55','2018-02-04 08:05:55'),(107,531902,100.00,10000.00,'GV36Lbh8QiRDP9iP3tV7hLUodoUTDwDdxX','2018-02-04','2018-02-06',0,'2018-02-04 08:06:18','2018-02-04 08:06:18'),(108,532165,100.00,10000.00,'GV36Lbh8QiRDP9iP3tV7hLUodoUTDwDdxX','2018-02-04','2018-02-06',0,'2018-02-04 08:24:21','2018-02-04 08:24:21'),(109,532165,100.00,10000.00,'GV36Lbh8QiRDP9iP3tV7hLUodoUTDwDdxX','2018-02-04','2018-02-06',0,'2018-02-04 08:24:45','2018-02-04 08:24:45'),(110,539124,100.00,10000.00,'GV36Lbh8QiRDP9iP3tV7hLUodoUTDwDdxX','2018-02-04','2018-02-06',0,'2018-02-04 08:34:00','2018-02-04 08:34:00'),(111,539124,100.00,10000.00,'GV36Lbh8QiRDP9iP3tV7hLUodoUTDwDdxX','2018-02-04','2018-02-06',0,'2018-02-04 08:36:17','2018-02-04 08:36:17'),(112,537937,100.00,10000.00,'GV36Lbh8QiRDP9iP3tV7hLUodoUTDwDdxX','2018-02-04','2018-02-06',0,'2018-02-04 08:42:18','2018-02-04 08:42:18'),(113,537937,100.00,10000.00,'GV36Lbh8QiRDP9iP3tV7hLUodoUTDwDdxX','2018-02-04','2018-02-06',0,'2018-02-04 08:42:56','2018-02-04 08:42:56'),(114,539094,100.00,10000.00,'GV36Lbh8QiRDP9iP3tV7hLUodoUTDwDdxX','2018-02-04','2018-02-06',0,'2018-02-04 08:46:36','2018-02-04 08:46:36'),(115,539094,100.00,10000.00,'GV36Lbh8QiRDP9iP3tV7hLUodoUTDwDdxX','2018-02-04','2018-02-06',0,'2018-02-04 08:47:08','2018-02-04 08:47:08'),(116,539124,100.00,10000.00,'GV36Lbh8QiRDP9iP3tV7hLUodoUTDwDdxX','2018-02-04','2018-02-06',0,'2018-02-04 08:51:17','2018-02-04 08:51:17'),(117,539124,100.00,10000.00,'GV36Lbh8QiRDP9iP3tV7hLUodoUTDwDdxX','2018-02-04','2018-02-06',0,'2018-02-04 08:51:53','2018-02-04 08:51:53'),(118,542591,100.00,10000.00,'GV36Lbh8QiRDP9iP3tV7hLUodoUTDwDdxX','2018-02-04','2018-02-06',0,'2018-02-04 08:56:34','2018-02-04 08:56:34'),(119,542591,100.00,10000.00,'GV36Lbh8QiRDP9iP3tV7hLUodoUTDwDdxX','2018-02-04','2018-02-06',0,'2018-02-04 08:57:19','2018-02-04 08:57:19'),(120,544098,100.00,10000.00,'GV36Lbh8QiRDP9iP3tV7hLUodoUTDwDdxX','2018-02-04','2018-02-06',0,'2018-02-04 09:02:00','2018-02-04 09:02:00'),(121,544098,100.00,10000.00,'GV36Lbh8QiRDP9iP3tV7hLUodoUTDwDdxX','2018-02-04','2018-02-06',0,'2018-02-04 09:02:30','2018-02-04 09:02:30'),(122,556141,100.00,10000.00,'GV36Lbh8QiRDP9iP3tV7hLUodoUTDwDdxX','2018-02-04','2018-02-06',0,'2018-02-04 09:10:24','2018-02-04 09:10:24'),(123,556141,100.00,10000.00,'GV36Lbh8QiRDP9iP3tV7hLUodoUTDwDdxX','2018-02-04','2018-02-06',0,'2018-02-04 09:10:58','2018-02-04 09:10:58'),(124,539095,100.00,10000.00,'GV36Lbh8QiRDP9iP3tV7hLUodoUTDwDdxX','2018-02-04','2018-02-06',0,'2018-02-04 09:17:41','2018-02-04 09:17:41'),(125,539095,100.00,10000.00,'GV36Lbh8QiRDP9iP3tV7hLUodoUTDwDdxX','2018-02-04','2018-02-06',0,'2018-02-04 09:18:16','2018-02-04 09:18:16'),(126,540186,100.00,10000.00,'GV36Lbh8QiRDP9iP3tV7hLUodoUTDwDdxX','2018-02-04','2018-02-06',0,'2018-02-04 09:23:23','2018-02-04 09:23:23'),(127,540186,100.00,10000.00,'GV36Lbh8QiRDP9iP3tV7hLUodoUTDwDdxX','2018-02-04','2018-02-06',0,'2018-02-04 09:23:57','2018-02-04 09:23:57'),(128,2786528,100.00,10000.00,'GV36Lbh8QiRDP9iP3tV7hLUodoUTDwDdxX','2018-02-04','2018-02-06',0,'2018-02-04 09:28:13','2018-02-04 09:28:13'),(129,2786528,100.00,10000.00,'GV36Lbh8QiRDP9iP3tV7hLUodoUTDwDdxX','2018-02-04','2018-02-06',0,'2018-02-04 09:28:39','2018-02-04 09:28:39'),(130,509579,100.00,10000.00,'GewoAPq44w3TRmbf1S6XtDMXfKEeGFeQmu','2018-02-04','2018-02-06',0,'2018-02-04 10:26:17','2018-02-04 10:26:17'),(131,534323,100.00,10000.00,'GW77xTwRFiyR4WrTMTUfc9W1iBuDQkjYS1','2018-02-04','2018-02-06',0,'2018-02-04 14:01:50','2018-02-04 14:01:50'),(132,534323,100.00,10000.00,'GW77xTwRFiyR4WrTMTUfc9W1iBuDQkjYS1','2018-02-04','2018-02-06',0,'2018-02-04 14:02:22','2018-02-04 14:02:22'),(133,541930,100.00,10000.00,'GW77xTwRFiyR4WrTMTUfc9W1iBuDQkjYS1','2018-02-04','2018-02-06',0,'2018-02-04 14:04:35','2018-02-04 14:04:35'),(134,530341,100.00,10000.00,'GW77xTwRFiyR4WrTMTUfc9W1iBuDQkjYS1','2018-02-04','2018-02-06',0,'2018-02-04 14:08:05','2018-02-04 14:08:05'),(135,530341,100.00,10000.00,'GW77xTwRFiyR4WrTMTUfc9W1iBuDQkjYS1','2018-02-04','2018-02-06',0,'2018-02-04 14:08:27','2018-02-04 14:08:27'),(136,543412,40.64,4064.00,'GW77xTwRFiyR4WrTMTUfc9W1iBuDQkjYS1','2018-02-04','2018-02-06',0,'2018-02-04 14:11:09','2018-02-04 14:11:09'),(137,526662,100.00,10000.00,'GW77xTwRFiyR4WrTMTUfc9W1iBuDQkjYS1','2018-02-04','2018-02-06',0,'2018-02-04 14:13:27','2018-02-04 14:13:27'),(138,526662,71.67,7167.00,'GW77xTwRFiyR4WrTMTUfc9W1iBuDQkjYS1','2018-02-04','2018-02-06',0,'2018-02-04 14:14:45','2018-02-04 14:14:45'),(139,554503,100.00,10000.00,'GW77xTwRFiyR4WrTMTUfc9W1iBuDQkjYS1','2018-02-04','2018-02-06',0,'2018-02-04 14:17:16','2018-02-04 14:17:16'),(140,554503,100.00,10000.00,'GW77xTwRFiyR4WrTMTUfc9W1iBuDQkjYS1','2018-02-04','2018-02-06',0,'2018-02-04 14:17:31','2018-02-04 14:17:31'),(141,554506,100.00,10000.00,'GW77xTwRFiyR4WrTMTUfc9W1iBuDQkjYS1','2018-02-04','2018-02-06',0,'2018-02-04 14:19:28','2018-02-04 14:19:28'),(142,554506,100.00,10000.00,'GW77xTwRFiyR4WrTMTUfc9W1iBuDQkjYS1','2018-02-04','2018-02-06',0,'2018-02-04 14:19:50','2018-02-04 14:19:50'),(143,554507,100.00,10000.00,'GW77xTwRFiyR4WrTMTUfc9W1iBuDQkjYS1','2018-02-04','2018-02-06',0,'2018-02-04 14:21:23','2018-02-04 14:21:23'),(144,554507,100.00,10000.00,'GW77xTwRFiyR4WrTMTUfc9W1iBuDQkjYS1','2018-02-04','2018-02-06',0,'2018-02-04 14:21:42','2018-02-04 14:21:42'),(145,514573,100.00,10000.00,'GW77xTwRFiyR4WrTMTUfc9W1iBuDQkjYS1','2018-02-04','2018-02-06',0,'2018-02-04 14:23:42','2018-02-04 14:23:42'),(146,514573,100.00,10000.00,'GW77xTwRFiyR4WrTMTUfc9W1iBuDQkjYS1','2018-02-04','2018-02-06',0,'2018-02-04 14:24:02','2018-02-04 14:24:02'),(147,562039,100.00,10000.00,'GW77xTwRFiyR4WrTMTUfc9W1iBuDQkjYS1','2018-02-04','2018-02-06',0,'2018-02-04 14:27:34','2018-02-04 14:27:34'),(148,562039,100.00,10000.00,'GW77xTwRFiyR4WrTMTUfc9W1iBuDQkjYS1','2018-02-04','2018-02-06',0,'2018-02-04 14:28:00','2018-02-04 14:28:00'),(149,563111,100.00,10000.00,'GW77xTwRFiyR4WrTMTUfc9W1iBuDQkjYS1','2018-02-04','2018-02-06',0,'2018-02-04 14:30:00','2018-02-04 14:30:00'),(150,563111,100.00,10000.00,'GW77xTwRFiyR4WrTMTUfc9W1iBuDQkjYS1','2018-02-04','2018-02-06',0,'2018-02-04 14:30:17','2018-02-04 14:30:17'),(151,560039,100.00,10000.00,'GW77xTwRFiyR4WrTMTUfc9W1iBuDQkjYS1','2018-02-04','2018-02-06',0,'2018-02-04 14:32:51','2018-02-04 14:32:51'),(152,560039,100.00,10000.00,'GW77xTwRFiyR4WrTMTUfc9W1iBuDQkjYS1','2018-02-04','2018-02-06',0,'2018-02-04 14:33:03','2018-02-04 14:33:03'),(153,555511,100.00,10000.00,'GW77xTwRFiyR4WrTMTUfc9W1iBuDQkjYS1','2018-02-04','2018-02-06',0,'2018-02-04 14:35:30','2018-02-04 14:35:30'),(154,555511,100.00,10000.00,'GW77xTwRFiyR4WrTMTUfc9W1iBuDQkjYS1','2018-02-04','2018-02-06',0,'2018-02-04 14:35:45','2018-02-04 14:35:45'),(155,509588,100.00,10000.00,'GW77xTwRFiyR4WrTMTUfc9W1iBuDQkjYS1','2018-02-04','2018-02-06',0,'2018-02-04 14:38:02','2018-02-04 14:38:02'),(156,509588,100.00,10000.00,'GW77xTwRFiyR4WrTMTUfc9W1iBuDQkjYS1','2018-02-04','2018-02-06',0,'2018-02-04 14:38:16','2018-02-04 14:38:16'),(157,563973,100.00,10000.00,'GW77xTwRFiyR4WrTMTUfc9W1iBuDQkjYS1','2018-02-04','2018-02-06',0,'2018-02-04 14:41:17','2018-02-04 14:41:17'),(158,563973,100.00,10000.00,'GW77xTwRFiyR4WrTMTUfc9W1iBuDQkjYS1','2018-02-04','2018-02-06',0,'2018-02-04 14:41:31','2018-02-04 14:41:31'),(159,563933,100.00,10000.00,'GgrYxLNASjTXWTP5Fhda987BWehvCtjj66','2018-02-05','2018-02-07',0,'2018-02-05 04:50:58','2018-02-05 04:50:58'),(160,512703,100.00,10000.00,'GVWKm6uJxYRkz6iK5QHfWG38BfpBv4mXry','2018-02-05','2018-02-07',0,'2018-02-05 09:26:08','2018-02-05 09:26:08'),(161,531904,100.00,10000.00,'GU6ThLBvNsyqRtDFcsfW1pM94cu9DGZe3g','2018-02-05','2018-02-07',0,'2018-02-05 09:50:38','2018-02-05 09:50:38'),(162,531904,100.00,10000.00,'GU6ThLBvNsyqRtDFcsfW1pM94cu9DGZe3g','2018-02-05','2018-02-07',0,'2018-02-05 09:51:13','2018-02-05 09:51:13'),(163,532163,100.00,10000.00,'GU6ThLBvNsyqRtDFcsfW1pM94cu9DGZe3g','2018-02-05','2018-02-07',0,'2018-02-05 09:55:34','2018-02-05 09:55:34'),(164,532163,100.00,10000.00,'GU6ThLBvNsyqRtDFcsfW1pM94cu9DGZe3g','2018-02-05','2018-02-07',0,'2018-02-05 09:55:51','2018-02-05 09:55:51'),(165,534323,100.00,10000.00,'GW77xTwRFiyR4WrTMTUfc9W1iBuDQkjYS1','2018-02-05','2018-02-07',0,'2018-02-05 14:27:49','2018-02-05 14:27:49'),(166,541930,99.68,9968.00,'GW77xTwRFiyR4WrTMTUfc9W1iBuDQkjYS1','2018-02-05','2018-02-07',0,'2018-02-05 14:30:14','2018-02-05 14:30:14'),(167,530341,20.25,2025.00,'GW77xTwRFiyR4WrTMTUfc9W1iBuDQkjYS1','2018-02-05','2018-02-07',0,'2018-02-05 14:31:53','2018-02-05 14:31:53'),(168,554503,11.45,1145.00,'GW77xTwRFiyR4WrTMTUfc9W1iBuDQkjYS1','2018-02-05','2018-02-07',0,'2018-02-05 14:34:14','2018-02-05 14:34:14'),(169,554506,4.13,413.00,'GW77xTwRFiyR4WrTMTUfc9W1iBuDQkjYS1','2018-02-05','2018-02-07',0,'2018-02-05 15:33:59','2018-02-05 15:33:59'),(170,554507,42.48,4248.00,'GW77xTwRFiyR4WrTMTUfc9W1iBuDQkjYS1','2018-02-05','2018-02-07',0,'2018-02-05 15:36:10','2018-02-05 15:36:10'),(171,514573,16.50,1650.00,'GW77xTwRFiyR4WrTMTUfc9W1iBuDQkjYS1','2018-02-05','2018-02-07',0,'2018-02-05 15:38:32','2018-02-05 15:38:32'),(172,562039,100.00,10000.00,'GW77xTwRFiyR4WrTMTUfc9W1iBuDQkjYS1','2018-02-05','2018-02-07',0,'2018-02-05 15:44:48','2018-02-05 15:44:48'),(173,563111,53.60,5360.00,'GW77xTwRFiyR4WrTMTUfc9W1iBuDQkjYS1','2018-02-05','2018-02-07',0,'2018-02-05 15:46:03','2018-02-05 15:46:03'),(174,560039,78.20,7820.00,'GW77xTwRFiyR4WrTMTUfc9W1iBuDQkjYS1','2018-02-05','2018-02-07',0,'2018-02-05 15:47:44','2018-02-05 15:47:44'),(175,509588,100.00,10000.00,'GW77xTwRFiyR4WrTMTUfc9W1iBuDQkjYS1','2018-02-05','2018-02-07',0,'2018-02-05 15:49:21','2018-02-05 15:49:21'),(176,509588,7.49,749.00,'GW77xTwRFiyR4WrTMTUfc9W1iBuDQkjYS1','2018-02-05','2018-02-07',0,'2018-02-05 15:49:58','2018-02-05 15:49:58'),(177,563973,26.00,2600.00,'GW77xTwRFiyR4WrTMTUfc9W1iBuDQkjYS1','2018-02-05','2018-02-07',0,'2018-02-05 15:52:18','2018-02-05 15:52:18'),(178,555511,72.45,7245.00,'GW77xTwRFiyR4WrTMTUfc9W1iBuDQkjYS1','2018-02-05','2018-02-07',0,'2018-02-05 15:54:17','2018-02-05 15:54:17'),(179,531594,100.00,10000.00,'GewoAPq44w3TRmbf1S6XtDMXfKEeGFeQmu','2018-02-06','2018-02-08',0,'2018-02-06 01:16:17','2018-02-06 01:16:17'),(180,512764,100.00,10000.00,'Ggf4stoPT8D3BFYQph4hK4UorLbVtWhxdD','2018-02-06','2018-02-08',0,'2018-02-06 02:47:57','2018-02-06 02:47:57'),(181,509362,100.00,10000.00,'Ggf4stoPT8D3BFYQph4hK4UorLbVtWhxdD','2018-02-06','2018-02-08',0,'2018-02-06 02:49:15','2018-02-06 02:49:15'),(182,530331,100.00,10000.00,'Ggf4stoPT8D3BFYQph4hK4UorLbVtWhxdD','2018-02-06','2018-02-08',0,'2018-02-06 02:51:54','2018-02-06 02:51:54'),(183,550236,100.00,10000.00,'GJhRCnJy8fbs1tHsdTjycEKZM1RctuerZ2','2018-02-06','2018-02-08',0,'2018-02-06 04:08:28','2018-02-06 04:08:28'),(184,550236,100.00,10000.00,'GJhRCnJy8fbs1tHsdTjycEKZM1RctuerZ2','2018-02-06','2018-02-08',0,'2018-02-06 04:08:54','2018-02-06 04:08:54'),(185,561821,100.00,10000.00,'GJhRCnJy8fbs1tHsdTjycEKZM1RctuerZ2','2018-02-06','2018-02-08',0,'2018-02-06 04:11:48','2018-02-06 04:11:48'),(186,563637,100.00,10000.00,'GJhRCnJy8fbs1tHsdTjycEKZM1RctuerZ2','2018-02-06','2018-02-08',0,'2018-02-06 04:32:08','2018-02-06 04:32:08'),(187,558369,100.00,10000.00,'GJhRCnJy8fbs1tHsdTjycEKZM1RctuerZ2','2018-02-06','2018-02-08',0,'2018-02-06 04:37:17','2018-02-06 04:37:17'),(188,558369,100.00,10000.00,'GJhRCnJy8fbs1tHsdTjycEKZM1RctuerZ2','2018-02-06','2018-02-08',0,'2018-02-06 05:00:58','2018-02-06 05:00:58'),(189,556897,100.00,10000.00,'GJhRCnJy8fbs1tHsdTjycEKZM1RctuerZ2','2018-02-06','2018-02-08',0,'2018-02-06 05:13:21','2018-02-06 05:13:21'),(190,537756,100.00,10000.00,'GfVvpGJU9t8MsGtUuoY1oW1VHq7DQHCpdX','2018-02-06','2018-02-08',0,'2018-02-06 05:56:48','2018-02-06 05:56:48'),(191,538859,100.00,10000.00,'GfVvpGJU9t8MsGtUuoY1oW1VHq7DQHCpdX','2018-02-06','2018-02-08',0,'2018-02-06 06:05:35','2018-02-06 06:05:35'),(192,538860,100.00,10000.00,'GfVvpGJU9t8MsGtUuoY1oW1VHq7DQHCpdX','2018-02-06','2018-02-08',0,'2018-02-06 06:07:40','2018-02-06 06:07:40'),(193,543255,100.00,10000.00,'GfVvpGJU9t8MsGtUuoY1oW1VHq7DQHCpdX','2018-02-06','2018-02-08',0,'2018-02-06 06:11:54','2018-02-06 06:11:54'),(194,563914,100.00,10000.00,'GfVvpGJU9t8MsGtUuoY1oW1VHq7DQHCpdX','2018-02-06','2018-02-08',0,'2018-02-06 06:14:15','2018-02-06 06:14:15'),(195,555282,100.00,10000.00,'GfVvpGJU9t8MsGtUuoY1oW1VHq7DQHCpdX','2018-02-06','2018-02-08',0,'2018-02-06 06:16:59','2018-02-06 06:16:59'),(196,531904,100.00,10000.00,'GU6ThLBvNsyqRtDFcsfW1pM94cu9DGZe3g','2018-02-06','2018-02-08',0,'2018-02-06 06:27:00','2018-02-06 06:27:00'),(197,532163,100.00,10000.00,'GU6ThLBvNsyqRtDFcsfW1pM94cu9DGZe3g','2018-02-06','2018-02-08',0,'2018-02-06 06:31:31','2018-02-06 06:31:31'),(198,512703,100.00,10000.00,'GVWKm6uJxYRkz6iK5QHfWG38BfpBv4mXry','2018-02-06','2018-02-08',0,'2018-02-06 06:54:23','2018-02-06 06:54:23'),(199,543686,100.00,10000.00,'GLsnwAoqLhUDzrZDe8tnB78zzwhMBJfoqc','2018-02-06','2018-02-08',0,'2018-02-06 07:10:52','2018-02-06 07:10:52'),(200,509579,100.00,10000.00,'GLsnwAoqLhUDzrZDe8tnB78zzwhMBJfoqc','2018-02-06','2018-02-08',0,'2018-02-06 07:19:19','2018-02-06 07:19:19'),(201,531594,100.00,10000.00,'GWdUaJrfPgMVqDqsS4pnfj7xheJ57VpdJw','2018-02-06','2018-02-08',0,'2018-02-06 07:26:41','2018-02-06 07:26:41'),(202,532677,100.00,10000.00,'GWdUaJrfPgMVqDqsS4pnfj7xheJ57VpdJw','2018-02-06','2018-02-08',0,'2018-02-06 07:35:50','2018-02-06 07:35:50'),(203,509573,100.00,10000.00,'GWdUaJrfPgMVqDqsS4pnfj7xheJ57VpdJw','2018-02-06','2018-02-08',0,'2018-02-06 07:39:17','2018-02-06 07:39:17'),(204,522398,100.00,10000.00,'Gc79jUGfGLiQeFJRcJ6VfhT9c5vosozjuY','2018-02-06','2018-02-08',0,'2018-02-06 07:43:14','2018-02-06 07:43:14'),(205,512645,100.00,10000.00,'GS9iRq6XU3ZFL6BVBg5JRhDZaRt75Ekx4t','2018-02-06','2018-02-08',0,'2018-02-06 07:46:12','2018-02-06 07:46:12'),(206,556280,100.00,10000.00,'Gc79jUGfGLiQeFJRcJ6VfhT9c5vosozjuY','2018-02-06','2018-02-08',0,'2018-02-06 07:47:06','2018-02-06 07:47:06'),(207,514585,100.00,10000.00,'GWdUaJrfPgMVqDqsS4pnfj7xheJ57VpdJw','2018-02-06','2018-02-08',0,'2018-02-06 07:47:35','2018-02-06 07:47:35'),(208,539851,100.00,10000.00,'GS9iRq6XU3ZFL6BVBg5JRhDZaRt75Ekx4t','2018-02-06','2018-02-08',0,'2018-02-06 07:49:03','2018-02-06 07:49:03'),(209,539851,100.00,10000.00,'GS9iRq6XU3ZFL6BVBg5JRhDZaRt75Ekx4t','2018-02-06','2018-02-08',0,'2018-02-06 07:50:47','2018-02-06 07:50:47'),(210,543654,100.00,10000.00,'GS9iRq6XU3ZFL6BVBg5JRhDZaRt75Ekx4t','2018-02-06','2018-02-08',0,'2018-02-06 07:56:44','2018-02-06 07:56:44'),(211,509434,100.00,10000.00,'GWdUaJrfPgMVqDqsS4pnfj7xheJ57VpdJw','2018-02-06','2018-02-08',0,'2018-02-06 07:58:22','2018-02-06 07:58:22'),(212,544481,100.00,10000.00,'GWdUaJrfPgMVqDqsS4pnfj7xheJ57VpdJw','2018-02-06','2018-02-08',0,'2018-02-06 08:08:05','2018-02-06 08:08:05'),(213,535290,100.00,10000.00,'GWdUaJrfPgMVqDqsS4pnfj7xheJ57VpdJw','2018-02-06','2018-02-08',0,'2018-02-06 08:17:21','2018-02-06 08:17:21'),(214,556406,100.00,10000.00,'GRAuxHfDrWme27y99vcCh2j6U2WZkz4X6i','2018-02-06','2018-02-08',0,'2018-02-06 09:44:13','2018-02-06 09:44:13'),(215,559376,100.00,10000.00,'GRAuxHfDrWme27y99vcCh2j6U2WZkz4X6i','2018-02-06','2018-02-08',0,'2018-02-06 09:48:13','2018-02-06 09:48:13'),(216,509584,100.00,10000.00,'GLsnwAoqLhUDzrZDe8tnB78zzwhMBJfoqc','2018-02-06','2018-02-08',0,'2018-02-06 09:54:43','2018-02-06 09:54:43'),(217,535356,100.00,10000.00,'GewoAPq44w3TRmbf1S6XtDMXfKEeGFeQmu','2018-02-06','2018-02-08',0,'2018-02-06 12:50:35','2018-02-06 12:50:35'),(218,512703,100.00,10000.00,'GVWKm6uJxYRkz6iK5QHfWG38BfpBv4mXry','2018-02-07','2018-02-09',0,'2018-02-07 02:11:17','2018-02-07 02:11:17'),(219,561821,100.00,10000.00,'GJhRCnJy8fbs1tHsdTjycEKZM1RctuerZ2','2018-02-07','2018-02-09',0,'2018-02-07 02:11:23','2018-02-07 02:11:23'),(220,563637,100.00,10000.00,'GJhRCnJy8fbs1tHsdTjycEKZM1RctuerZ2','2018-02-07','2018-02-09',0,'2018-02-07 02:12:54','2018-02-07 02:12:54'),(221,509579,100.00,10000.00,'GLsnwAoqLhUDzrZDe8tnB78zzwhMBJfoqc','2018-02-07','2018-02-09',0,'2018-02-07 02:14:26','2018-02-07 02:14:26'),(222,558369,100.00,10000.00,'GJhRCnJy8fbs1tHsdTjycEKZM1RctuerZ2','2018-02-07','2018-02-09',0,'2018-02-07 02:15:16','2018-02-07 02:15:16'),(223,509584,100.00,10000.00,'GLsnwAoqLhUDzrZDe8tnB78zzwhMBJfoqc','2018-02-07','2018-02-09',0,'2018-02-07 02:22:35','2018-02-07 02:22:35'),(224,543686,100.00,10000.00,'GLsnwAoqLhUDzrZDe8tnB78zzwhMBJfoqc','2018-02-07','2018-02-09',0,'2018-02-07 02:26:19','2018-02-07 02:26:19'),(225,556897,100.00,10000.00,'GJhRCnJy8fbs1tHsdTjycEKZM1RctuerZ2','2018-02-07','2018-02-09',0,'2018-02-07 02:41:49','2018-02-07 02:41:49'),(226,509584,100.00,10000.00,'GLsnwAoqLhUDzrZDe8tnB78zzwhMBJfoqc','2018-02-07','2018-02-09',0,'2018-02-07 04:29:46','2018-02-07 04:29:46'),(227,509573,100.00,10000.00,'GewoAPq44w3TRmbf1S6XtDMXfKEeGFeQmu','2018-02-07','2018-02-09',0,'2018-02-07 05:45:11','2018-02-07 05:45:11'),(228,514585,100.00,10000.00,'GewoAPq44w3TRmbf1S6XtDMXfKEeGFeQmu','2018-02-07','2018-02-09',0,'2018-02-07 05:48:26','2018-02-07 05:48:26'),(229,531594,100.00,10000.00,'GewoAPq44w3TRmbf1S6XtDMXfKEeGFeQmu','2018-02-07','2018-02-09',0,'2018-02-07 05:51:22','2018-02-07 05:51:22'),(230,535290,100.00,10000.00,'GewoAPq44w3TRmbf1S6XtDMXfKEeGFeQmu','2018-02-07','2018-02-09',0,'2018-02-07 05:54:51','2018-02-07 05:54:51'),(231,509434,100.00,10000.00,'GewoAPq44w3TRmbf1S6XtDMXfKEeGFeQmu','2018-02-07','2018-02-09',0,'2018-02-07 05:58:38','2018-02-07 05:58:38'),(232,544481,100.00,10000.00,'GewoAPq44w3TRmbf1S6XtDMXfKEeGFeQmu','2018-02-07','2018-02-09',0,'2018-02-07 06:01:44','2018-02-07 06:01:44'),(233,532677,100.00,10000.00,'GewoAPq44w3TRmbf1S6XtDMXfKEeGFeQmu','2018-02-07','2018-02-09',0,'2018-02-07 06:06:39','2018-02-07 06:06:39'),(234,535356,100.00,10000.00,'GewoAPq44w3TRmbf1S6XtDMXfKEeGFeQmu','2018-02-07','2018-02-09',0,'2018-02-07 06:08:38','2018-02-07 06:08:38'),(235,531904,100.00,10000.00,'GU6ThLBvNsyqRtDFcsfW1pM94cu9DGZe3g','2018-02-07','2018-02-09',0,'2018-02-07 13:21:47','2018-02-07 13:21:47'),(236,532163,100.00,10000.00,'GU6ThLBvNsyqRtDFcsfW1pM94cu9DGZe3g','2018-02-07','2018-02-09',0,'2018-02-07 13:26:59','2018-02-07 13:26:59'),(237,556406,100.00,10000.00,'GRAuxHfDrWme27y99vcCh2j6U2WZkz4X6i','2018-02-07','2018-02-09',0,'2018-02-07 15:32:07','2018-02-07 15:32:07'),(238,509579,100.00,10000.00,'GewoAPq44w3TRmbf1S6XtDMXfKEeGFeQmu','2018-02-08','2018-02-10',0,'2018-02-08 01:23:52','2018-02-08 01:23:52'),(239,512703,100.00,10000.00,'GVWKm6uJxYRkz6iK5QHfWG38BfpBv4mXry','2018-02-08','2018-02-10',0,'2018-02-08 01:59:39','2018-02-08 01:59:39'),(240,543686,100.00,10000.00,'GLsnwAoqLhUDzrZDe8tnB78zzwhMBJfoqc','2018-02-08','2018-02-10',0,'2018-02-08 05:18:38','2018-02-08 05:18:38'),(241,531904,80.00,8000.00,'GU6ThLBvNsyqRtDFcsfW1pM94cu9DGZe3g','2018-02-08','2018-02-10',0,'2018-02-08 05:52:03','2018-02-08 05:52:03'),(242,532163,70.00,7000.00,'GU6ThLBvNsyqRtDFcsfW1pM94cu9DGZe3g','2018-02-08','2018-02-10',0,'2018-02-08 06:09:23','2018-02-08 06:09:23'),(243,532163,5.00,500.00,'GU6ThLBvNsyqRtDFcsfW1pM94cu9DGZe3g','2018-02-08','2018-02-10',0,'2018-02-08 06:12:19','2018-02-08 06:12:19'),(244,531904,5.00,500.00,'GU6ThLBvNsyqRtDFcsfW1pM94cu9DGZe3g','2018-02-08','2018-02-10',0,'2018-02-08 06:15:24','2018-02-08 06:15:24'),(245,537756,100.00,10000.00,'GfVvpGJU9t8MsGtUuoY1oW1VHq7DQHCpdX','2018-02-08','2018-02-10',0,'2018-02-08 06:35:06','2018-02-08 06:35:06'),(246,538859,100.00,10000.00,'GfVvpGJU9t8MsGtUuoY1oW1VHq7DQHCpdX','2018-02-08','2018-02-10',0,'2018-02-08 06:39:16','2018-02-08 06:39:16'),(247,538860,100.00,10000.00,'GfVvpGJU9t8MsGtUuoY1oW1VHq7DQHCpdX','2018-02-08','2018-02-10',0,'2018-02-08 07:07:46','2018-02-08 07:07:46'),(248,543255,100.00,10000.00,'GfVvpGJU9t8MsGtUuoY1oW1VHq7DQHCpdX','2018-02-08','2018-02-10',0,'2018-02-08 07:10:43','2018-02-08 07:10:43'),(249,563914,9.00,900.00,'GfVvpGJU9t8MsGtUuoY1oW1VHq7DQHCpdX','2018-02-08','2018-02-10',0,'2018-02-08 07:13:37','2018-02-08 07:13:37'),(250,555282,100.00,10000.00,'GfVvpGJU9t8MsGtUuoY1oW1VHq7DQHCpdX','2018-02-08','2018-02-10',0,'2018-02-08 07:17:28','2018-02-08 07:17:28'),(251,509584,53.00,5300.00,'GLsnwAoqLhUDzrZDe8tnB78zzwhMBJfoqc','2018-02-08','2018-02-10',0,'2018-02-08 07:39:37','2018-02-08 07:39:37'),(252,535356,100.00,10000.00,'GewoAPq44w3TRmbf1S6XtDMXfKEeGFeQmu','2018-02-08','2018-02-10',0,'2018-02-08 08:23:30','2018-02-08 08:23:30'),(253,535290,100.00,10000.00,'GewoAPq44w3TRmbf1S6XtDMXfKEeGFeQmu','2018-02-08','2018-02-10',0,'2018-02-08 08:25:03','2018-02-08 08:25:03'),(254,509434,100.00,10000.00,'GewoAPq44w3TRmbf1S6XtDMXfKEeGFeQmu','2018-02-08','2018-02-10',0,'2018-02-08 08:27:55','2018-02-08 08:27:55'),(255,544481,100.00,10000.00,'GewoAPq44w3TRmbf1S6XtDMXfKEeGFeQmu','2018-02-08','2018-02-10',0,'2018-02-08 08:29:46','2018-02-08 08:29:46'),(256,514585,100.00,10000.00,'GewoAPq44w3TRmbf1S6XtDMXfKEeGFeQmu','2018-02-08','2018-02-10',0,'2018-02-08 08:43:22','2018-02-08 08:43:22'),(257,509573,100.00,10000.00,'GewoAPq44w3TRmbf1S6XtDMXfKEeGFeQmu','2018-02-08','2018-02-10',0,'2018-02-08 08:45:16','2018-02-08 08:45:16'),(258,532677,100.00,10000.00,'GewoAPq44w3TRmbf1S6XtDMXfKEeGFeQmu','2018-02-08','2018-02-10',0,'2018-02-08 08:46:49','2018-02-08 08:46:49'),(259,531594,100.00,10000.00,'GewoAPq44w3TRmbf1S6XtDMXfKEeGFeQmu','2018-02-08','2018-02-10',0,'2018-02-08 08:48:32','2018-02-08 08:48:32'),(260,556280,100.00,10000.00,'Gc79jUGfGLiQeFJRcJ6VfhT9c5vosozjuY','2018-02-08','2018-02-10',0,'2018-02-08 08:53:00','2018-02-08 08:53:00'),(261,522398,100.00,10000.00,'Gc79jUGfGLiQeFJRcJ6VfhT9c5vosozjuY','2018-02-08','2018-02-10',0,'2018-02-08 08:58:46','2018-02-08 08:58:46'),(262,556406,100.00,10000.00,'GRAuxHfDrWme27y99vcCh2j6U2WZkz4X6i','2018-02-08','2018-02-10',0,'2018-02-08 15:42:26','2018-02-08 15:42:26'),(263,537756,100.00,10000.00,'GfVvpGJU9t8MsGtUuoY1oW1VHq7DQHCpdX','2018-02-09','2018-02-11',0,'2018-02-09 09:04:26','2018-02-09 09:04:26'),(264,538859,100.00,10000.00,'GfVvpGJU9t8MsGtUuoY1oW1VHq7DQHCpdX','2018-02-09','2018-02-11',0,'2018-02-09 09:43:42','2018-02-09 09:43:42'),(265,538860,100.00,10000.00,'GfVvpGJU9t8MsGtUuoY1oW1VHq7DQHCpdX','2018-02-09','2018-02-11',0,'2018-02-09 09:58:33','2018-02-09 09:58:33'),(266,543255,100.00,10000.00,'GfVvpGJU9t8MsGtUuoY1oW1VHq7DQHCpdX','2018-02-09','2018-02-11',0,'2018-02-09 10:01:47','2018-02-09 10:01:47'),(267,555282,4.00,400.00,'GfVvpGJU9t8MsGtUuoY1oW1VHq7DQHCpdX','2018-02-09','2018-02-11',0,'2018-02-09 10:08:04','2018-02-09 10:08:04'),(268,556280,100.00,10000.00,'Gc79jUGfGLiQeFJRcJ6VfhT9c5vosozjuY','2018-02-10','2018-02-12',0,'2018-02-10 02:05:34','2018-02-10 02:05:34'),(269,522398,100.00,10000.00,'Gc79jUGfGLiQeFJRcJ6VfhT9c5vosozjuY','2018-02-10','2018-02-12',0,'2018-02-10 02:08:00','2018-02-10 02:08:00'),(270,543686,100.00,10000.00,'GLsnwAoqLhUDzrZDe8tnB78zzwhMBJfoqc','2018-02-10','2018-02-12',0,'2018-02-10 02:27:20','2018-02-10 02:27:20'),(271,537756,2.20,220.00,'GfVvpGJU9t8MsGtUuoY1oW1VHq7DQHCpdX','2018-02-10','2018-02-12',0,'2018-02-10 02:49:58','2018-02-10 02:49:58'),(272,538859,14.20,1420.00,'GfVvpGJU9t8MsGtUuoY1oW1VHq7DQHCpdX','2018-02-10','2018-02-12',0,'2018-02-10 02:55:24','2018-02-10 02:55:24'),(273,543255,11.78,1178.00,'GfVvpGJU9t8MsGtUuoY1oW1VHq7DQHCpdX','2018-02-10','2018-02-12',0,'2018-02-10 03:04:08','2018-02-10 03:04:08'),(274,512703,100.00,10000.00,'GVWKm6uJxYRkz6iK5QHfWG38BfpBv4mXry','2018-02-10','2018-02-12',0,'2018-02-10 04:33:34','2018-02-10 04:33:34'),(275,532165,100.00,10000.00,'GV36Lbh8QiRDP9iP3tV7hLUodoUTDwDdxX','2018-02-10','2018-02-12',0,'2018-02-10 06:51:55','2018-02-10 06:51:55'),(276,531902,100.00,10000.00,'GV36Lbh8QiRDP9iP3tV7hLUodoUTDwDdxX','2018-02-10','2018-02-12',0,'2018-02-10 07:39:35','2018-02-10 07:39:35'),(277,531902,100.00,10000.00,'GV36Lbh8QiRDP9iP3tV7hLUodoUTDwDdxX','2018-02-10','2018-02-12',0,'2018-02-10 07:40:11','2018-02-10 07:40:11'),(278,539124,100.00,10000.00,'GV36Lbh8QiRDP9iP3tV7hLUodoUTDwDdxX','2018-02-10','2018-02-12',0,'2018-02-10 07:50:00','2018-02-10 07:50:00'),(279,539124,100.00,10000.00,'GV36Lbh8QiRDP9iP3tV7hLUodoUTDwDdxX','2018-02-10','2018-02-12',0,'2018-02-10 07:50:33','2018-02-10 07:50:33'),(280,537937,100.00,10000.00,'GV36Lbh8QiRDP9iP3tV7hLUodoUTDwDdxX','2018-02-10','2018-02-12',0,'2018-02-10 07:55:58','2018-02-10 07:55:58'),(281,537937,100.00,10000.00,'GV36Lbh8QiRDP9iP3tV7hLUodoUTDwDdxX','2018-02-10','2018-02-12',0,'2018-02-10 07:56:24','2018-02-10 07:56:24'),(282,542591,100.00,10000.00,'GV36Lbh8QiRDP9iP3tV7hLUodoUTDwDdxX','2018-02-10','2018-02-12',0,'2018-02-10 08:08:42','2018-02-10 08:08:42'),(283,542591,100.00,10000.00,'GV36Lbh8QiRDP9iP3tV7hLUodoUTDwDdxX','2018-02-10','2018-02-12',0,'2018-02-10 08:09:11','2018-02-10 08:09:11'),(284,544098,100.00,10000.00,'GV36Lbh8QiRDP9iP3tV7hLUodoUTDwDdxX','2018-02-10','2018-02-12',0,'2018-02-10 08:12:44','2018-02-10 08:12:44'),(285,544098,100.00,10000.00,'GV36Lbh8QiRDP9iP3tV7hLUodoUTDwDdxX','2018-02-10','2018-02-12',0,'2018-02-10 08:13:13','2018-02-10 08:13:13'),(286,539094,100.00,10000.00,'GV36Lbh8QiRDP9iP3tV7hLUodoUTDwDdxX','2018-02-10','2018-02-12',0,'2018-02-10 08:45:23','2018-02-10 08:45:23'),(287,539094,100.00,10000.00,'GV36Lbh8QiRDP9iP3tV7hLUodoUTDwDdxX','2018-02-10','2018-02-12',0,'2018-02-10 08:45:47','2018-02-10 08:45:47'),(288,556141,100.00,10000.00,'GV36Lbh8QiRDP9iP3tV7hLUodoUTDwDdxX','2018-02-10','2018-02-12',0,'2018-02-10 08:58:39','2018-02-10 08:58:39'),(289,556141,100.00,10000.00,'GV36Lbh8QiRDP9iP3tV7hLUodoUTDwDdxX','2018-02-10','2018-02-12',0,'2018-02-10 08:59:10','2018-02-10 08:59:10'),(290,539095,100.00,10000.00,'GV36Lbh8QiRDP9iP3tV7hLUodoUTDwDdxX','2018-02-10','2018-02-12',0,'2018-02-10 09:04:21','2018-02-10 09:04:21'),(291,539095,100.00,10000.00,'GV36Lbh8QiRDP9iP3tV7hLUodoUTDwDdxX','2018-02-10','2018-02-12',0,'2018-02-10 09:04:58','2018-02-10 09:04:58'),(292,540186,100.00,10000.00,'GV36Lbh8QiRDP9iP3tV7hLUodoUTDwDdxX','2018-02-10','2018-02-12',0,'2018-02-10 09:11:27','2018-02-10 09:11:27'),(293,540186,100.00,10000.00,'GV36Lbh8QiRDP9iP3tV7hLUodoUTDwDdxX','2018-02-10','2018-02-12',0,'2018-02-10 09:11:56','2018-02-10 09:11:56'),(294,559376,100.00,10000.00,'GRAuxHfDrWme27y99vcCh2j6U2WZkz4X6i','2018-02-11','2018-02-13',0,'2018-02-10 16:13:51','2018-02-10 16:13:51'),(295,556406,100.00,10000.00,'GRAuxHfDrWme27y99vcCh2j6U2WZkz4X6i','2018-02-11','2018-02-13',0,'2018-02-10 16:15:05','2018-02-10 16:15:05'),(296,539095,100.00,10000.00,'GV36Lbh8QiRDP9iP3tV7hLUodoUTDwDdxX','2018-02-11','2018-02-13',0,'2018-02-11 02:48:41','2018-02-11 02:48:41'),(297,539095,100.00,10000.00,'GV36Lbh8QiRDP9iP3tV7hLUodoUTDwDdxX','2018-02-11','2018-02-13',0,'2018-02-11 02:49:13','2018-02-11 02:49:13'),(298,540186,100.00,10000.00,'GV36Lbh8QiRDP9iP3tV7hLUodoUTDwDdxX','2018-02-11','2018-02-13',0,'2018-02-11 02:51:29','2018-02-11 02:51:29'),(299,540186,100.00,10000.00,'GV36Lbh8QiRDP9iP3tV7hLUodoUTDwDdxX','2018-02-11','2018-02-13',0,'2018-02-11 02:51:53','2018-02-11 02:51:53'),(300,531902,72.45,7245.00,'GV36Lbh8QiRDP9iP3tV7hLUodoUTDwDdxX','2018-02-11','2018-02-13',0,'2018-02-11 02:54:04','2018-02-11 02:54:04'),(301,532165,100.00,10000.00,'GV36Lbh8QiRDP9iP3tV7hLUodoUTDwDdxX','2018-02-11','2018-02-13',0,'2018-02-11 03:00:07','2018-02-11 03:00:07'),(302,532165,90.09,9009.00,'GV36Lbh8QiRDP9iP3tV7hLUodoUTDwDdxX','2018-02-11','2018-02-13',0,'2018-02-11 03:01:11','2018-02-11 03:01:11'),(303,539094,100.00,10000.00,'GV36Lbh8QiRDP9iP3tV7hLUodoUTDwDdxX','2018-02-11','2018-02-13',0,'2018-02-11 03:04:37','2018-02-11 03:04:37'),(304,539094,100.00,10000.00,'GV36Lbh8QiRDP9iP3tV7hLUodoUTDwDdxX','2018-02-11','2018-02-13',0,'2018-02-11 03:05:12','2018-02-11 03:05:12'),(305,539124,100.00,10000.00,'GV36Lbh8QiRDP9iP3tV7hLUodoUTDwDdxX','2018-02-11','2018-02-13',0,'2018-02-11 03:08:17','2018-02-11 03:08:17'),(306,539124,100.00,10000.00,'GV36Lbh8QiRDP9iP3tV7hLUodoUTDwDdxX','2018-02-11','2018-02-13',0,'2018-02-11 03:08:53','2018-02-11 03:08:53'),(307,544098,97.39,9739.00,'GV36Lbh8QiRDP9iP3tV7hLUodoUTDwDdxX','2018-02-11','2018-02-13',0,'2018-02-11 03:11:58','2018-02-11 03:11:58'),(308,2786528,100.00,10000.00,'GV36Lbh8QiRDP9iP3tV7hLUodoUTDwDdxX','2018-02-11','2018-02-13',0,'2018-02-11 03:14:20','2018-02-11 03:14:20'),(309,2786528,100.00,10000.00,'GV36Lbh8QiRDP9iP3tV7hLUodoUTDwDdxX','2018-02-11','2018-02-13',0,'2018-02-11 03:14:56','2018-02-11 03:14:56'),(310,512703,100.00,10000.00,'GVWKm6uJxYRkz6iK5QHfWG38BfpBv4mXry','2018-02-11','2018-02-13',0,'2018-02-11 09:06:22','2018-02-11 09:06:22'),(311,512703,57.00,5700.00,'GVWKm6uJxYRkz6iK5QHfWG38BfpBv4mXry','2018-02-12','2018-02-14',0,'2018-02-12 04:06:22','2018-02-12 04:06:22'),(312,539095,100.00,10000.00,'GV36Lbh8QiRDP9iP3tV7hLUodoUTDwDdxX','2018-02-12','2018-02-14',0,'2018-02-12 08:58:50','2018-02-12 08:58:50'),(313,539095,100.00,10000.00,'GV36Lbh8QiRDP9iP3tV7hLUodoUTDwDdxX','2018-02-12','2018-02-14',0,'2018-02-12 08:59:34','2018-02-12 08:59:34'),(314,540186,100.00,10000.00,'GV36Lbh8QiRDP9iP3tV7hLUodoUTDwDdxX','2018-02-12','2018-02-14',0,'2018-02-12 09:13:54','2018-02-12 09:13:54'),(315,540186,100.00,10000.00,'GV36Lbh8QiRDP9iP3tV7hLUodoUTDwDdxX','2018-02-12','2018-02-14',0,'2018-02-12 09:14:37','2018-02-12 09:14:37'),(316,539094,100.00,10000.00,'GV36Lbh8QiRDP9iP3tV7hLUodoUTDwDdxX','2018-02-12','2018-02-14',0,'2018-02-12 09:19:23','2018-02-12 09:19:23'),(317,539094,100.00,10000.00,'GV36Lbh8QiRDP9iP3tV7hLUodoUTDwDdxX','2018-02-12','2018-02-14',0,'2018-02-12 09:19:55','2018-02-12 09:19:55'),(318,539124,30.09,3009.00,'GV36Lbh8QiRDP9iP3tV7hLUodoUTDwDdxX','2018-02-12','2018-02-14',0,'2018-02-12 09:23:17','2018-02-12 09:23:17'),(319,2786528,100.00,10000.00,'GV36Lbh8QiRDP9iP3tV7hLUodoUTDwDdxX','2018-02-12','2018-02-14',0,'2018-02-12 09:26:52','2018-02-12 09:26:52'),(320,2786528,53.34,5334.00,'GV36Lbh8QiRDP9iP3tV7hLUodoUTDwDdxX','2018-02-12','2018-02-14',0,'2018-02-12 09:27:50','2018-02-12 09:27:50'),(321,532172,100.00,10000.00,'GV36Lbh8QiRDP9iP3tV7hLUodoUTDwDdxX','2018-02-12','2018-02-14',0,'2018-02-12 09:32:36','2018-02-12 09:32:36'),(322,532172,100.00,10000.00,'GV36Lbh8QiRDP9iP3tV7hLUodoUTDwDdxX','2018-02-12','2018-02-14',0,'2018-02-12 09:33:06','2018-02-12 09:33:06'),(323,537937,100.00,10000.00,'GV36Lbh8QiRDP9iP3tV7hLUodoUTDwDdxX','2018-02-12','2018-02-14',0,'2018-02-12 09:36:37','2018-02-12 09:36:37'),(324,537937,3.51,351.00,'GV36Lbh8QiRDP9iP3tV7hLUodoUTDwDdxX','2018-02-12','2018-02-14',0,'2018-02-12 09:37:11','2018-02-12 09:37:11'),(325,556141,100.00,10000.00,'GV36Lbh8QiRDP9iP3tV7hLUodoUTDwDdxX','2018-02-12','2018-02-14',0,'2018-02-12 09:48:44','2018-02-12 09:48:44'),(326,556141,64.39,6439.00,'GV36Lbh8QiRDP9iP3tV7hLUodoUTDwDdxX','2018-02-12','2018-02-14',0,'2018-02-12 09:51:03','2018-02-12 09:51:03'),(327,542591,99.13,9913.00,'GV36Lbh8QiRDP9iP3tV7hLUodoUTDwDdxX','2018-02-12','2018-02-14',0,'2018-02-12 09:54:05','2018-02-12 09:54:05'),(328,556406,100.00,10000.00,'GRAuxHfDrWme27y99vcCh2j6U2WZkz4X6i','2018-02-13','2018-02-15',0,'2018-02-13 15:43:41','2018-02-13 15:43:41'),(329,559376,100.00,10000.00,'GRAuxHfDrWme27y99vcCh2j6U2WZkz4X6i','2018-02-13','2018-02-15',0,'2018-02-13 15:48:30','2018-02-13 15:48:30'),(330,556406,32.32,3232.00,'GRAuxHfDrWme27y99vcCh2j6U2WZkz4X6i','2018-02-14','2018-02-16',0,'2018-02-14 14:59:31','2018-02-14 14:59:31'),(331,559376,100.00,10000.00,'GRAuxHfDrWme27y99vcCh2j6U2WZkz4X6i','2018-02-14','2018-02-16',0,'2018-02-14 15:01:11','2018-02-14 15:01:11'),(332,539095,44.87,4487.00,'GV36Lbh8QiRDP9iP3tV7hLUodoUTDwDdxX','2018-02-16','2018-02-18',0,'2018-02-16 05:05:28','2018-02-16 05:05:28'),(333,540186,42.32,4232.00,'GV36Lbh8QiRDP9iP3tV7hLUodoUTDwDdxX','2018-02-16','2018-02-18',0,'2018-02-16 05:09:20','2018-02-16 05:09:20'),(334,539094,44.87,4487.00,'GV36Lbh8QiRDP9iP3tV7hLUodoUTDwDdxX','2018-02-16','2018-02-18',0,'2018-02-16 05:17:12','2018-02-16 05:17:12'),(335,532172,100.00,10000.00,'GV36Lbh8QiRDP9iP3tV7hLUodoUTDwDdxX','2018-02-16','2018-02-18',0,'2018-02-16 05:21:05','2018-02-16 05:21:05'),(336,532172,100.00,10000.00,'GV36Lbh8QiRDP9iP3tV7hLUodoUTDwDdxX','2018-02-16','2018-02-18',0,'2018-02-16 05:21:40','2018-02-16 05:21:40'),(337,543686,100.00,10000.00,'GLsnwAoqLhUDzrZDe8tnB78zzwhMBJfoqc','2018-02-16','2018-02-18',0,'2018-02-16 05:50:33','2018-02-16 05:50:33'),(338,543686,100.00,10000.00,'GLsnwAoqLhUDzrZDe8tnB78zzwhMBJfoqc','2018-02-16','2018-02-18',0,'2018-02-16 05:51:14','2018-02-16 05:51:14'),(339,556280,100.00,10000.00,'Gc79jUGfGLiQeFJRcJ6VfhT9c5vosozjuY','2018-02-16','2018-02-18',0,'2018-02-16 06:07:44','2018-02-16 06:07:44'),(340,556280,100.00,10000.00,'Gc79jUGfGLiQeFJRcJ6VfhT9c5vosozjuY','2018-02-16','2018-02-18',0,'2018-02-16 06:09:46','2018-02-16 06:09:46'),(341,522398,94.66,9466.00,'Gc79jUGfGLiQeFJRcJ6VfhT9c5vosozjuY','2018-02-16','2018-02-18',0,'2018-02-16 06:13:57','2018-02-16 06:13:57'),(342,559376,64.00,6400.00,'GRAuxHfDrWme27y99vcCh2j6U2WZkz4X6i','2018-02-16','2018-02-18',0,'2018-02-16 14:45:52','2018-02-16 14:45:52'),(343,532172,99.33,9933.00,'GV36Lbh8QiRDP9iP3tV7hLUodoUTDwDdxX','2018-02-18','2018-02-20',0,'2018-02-18 06:49:17','2018-02-18 06:49:17'),(344,556280,2.40,240.00,'Gc79jUGfGLiQeFJRcJ6VfhT9c5vosozjuY','2018-02-19','2018-02-21',0,'2018-02-19 03:54:52','2018-02-19 03:54:52'),(345,543686,74.14,7414.00,'GLsnwAoqLhUDzrZDe8tnB78zzwhMBJfoqc','2018-02-19','2018-02-21',0,'2018-02-19 04:14:04','2018-02-19 04:14:04'),(346,530340,100.00,10000.00,'GMuvLTQGJJ36seLwGnrc7GvzzVVYWFH6M7','2018-02-26','2018-02-28',0,'2018-02-26 09:24:44','2018-02-26 09:24:44'),(347,534323,60.00,6000.00,'GW77xTwRFiyR4WrTMTUfc9W1iBuDQkjYS1','2018-02-26','2018-02-28',0,'2018-02-26 14:31:34','2018-02-26 14:31:34'),(348,562039,100.00,10000.00,'GW77xTwRFiyR4WrTMTUfc9W1iBuDQkjYS1','2018-02-26','2018-02-28',0,'2018-02-26 14:59:49','2018-02-26 14:59:49'),(349,561821,100.00,10000.00,'GJhRCnJy8fbs1tHsdTjycEKZM1RctuerZ2','2018-02-27','2018-03-01',0,'2018-02-27 13:32:26','2018-02-27 13:32:26'),(350,563637,100.00,10000.00,'GJhRCnJy8fbs1tHsdTjycEKZM1RctuerZ2','2018-02-27','2018-03-01',0,'2018-02-27 13:34:24','2018-02-27 13:34:24'),(351,558369,100.00,10000.00,'GJhRCnJy8fbs1tHsdTjycEKZM1RctuerZ2','2018-02-27','2018-03-01',0,'2018-02-27 13:36:32','2018-02-27 13:36:32'),(352,556897,100.00,10000.00,'GJhRCnJy8fbs1tHsdTjycEKZM1RctuerZ2','2018-02-27','2018-03-01',0,'2018-02-27 13:38:42','2018-02-27 13:38:42'),(353,556307,100.00,10000.00,'GJhRCnJy8fbs1tHsdTjycEKZM1RctuerZ2','2018-02-27','2018-03-01',0,'2018-02-27 13:40:29','2018-02-27 13:40:29'),(354,556307,100.00,10000.00,'GJhRCnJy8fbs1tHsdTjycEKZM1RctuerZ2','2018-02-27','2018-03-01',0,'2018-02-27 13:41:12','2018-02-27 13:41:12'),(355,537163,100.00,10000.00,'GXwcJj1qESP1DYnjRHu3cruKFUJfk1zWmG','2018-02-28','2018-03-02',0,'2018-02-28 07:19:07','2018-02-28 07:19:07'),(356,542640,100.00,10000.00,'GXwcJj1qESP1DYnjRHu3cruKFUJfk1zWmG','2018-02-28','2018-03-02',0,'2018-02-28 07:22:20','2018-02-28 07:22:20'),(357,555303,100.00,10000.00,'GXwcJj1qESP1DYnjRHu3cruKFUJfk1zWmG','2018-02-28','2018-03-02',0,'2018-02-28 07:23:32','2018-02-28 07:23:32'),(358,562040,100.00,10000.00,'GXwcJj1qESP1DYnjRHu3cruKFUJfk1zWmG','2018-02-28','2018-03-02',0,'2018-02-28 07:25:05','2018-02-28 07:25:05'),(359,537163,100.00,10000.00,'GXwcJj1qESP1DYnjRHu3cruKFUJfk1zWmG','2018-03-03','2018-03-05',0,'2018-03-03 12:43:29','2018-03-03 12:43:29'),(360,542640,100.00,10000.00,'GXwcJj1qESP1DYnjRHu3cruKFUJfk1zWmG','2018-03-03','2018-03-05',0,'2018-03-03 12:45:58','2018-03-03 12:45:58'),(361,555303,100.00,10000.00,'GXwcJj1qESP1DYnjRHu3cruKFUJfk1zWmG','2018-03-03','2018-03-05',0,'2018-03-03 12:47:59','2018-03-03 12:47:59'),(362,562040,100.00,10000.00,'GXwcJj1qESP1DYnjRHu3cruKFUJfk1zWmG','2018-03-03','2018-03-05',0,'2018-03-03 12:49:24','2018-03-03 12:49:24'),(363,537163,100.00,10000.00,'GXwcJj1qESP1DYnjRHu3cruKFUJfk1zWmG','2018-03-04','2018-03-06',0,'2018-03-04 03:41:09','2018-03-04 03:41:09'),(364,542640,100.00,10000.00,'GXwcJj1qESP1DYnjRHu3cruKFUJfk1zWmG','2018-03-04','2018-03-06',0,'2018-03-04 03:42:17','2018-03-04 03:42:17'),(365,555303,100.00,10000.00,'GXwcJj1qESP1DYnjRHu3cruKFUJfk1zWmG','2018-03-04','2018-03-06',0,'2018-03-04 03:43:57','2018-03-04 03:43:57'),(366,562040,100.00,10000.00,'GXwcJj1qESP1DYnjRHu3cruKFUJfk1zWmG','2018-03-04','2018-03-06',0,'2018-03-04 03:45:10','2018-03-04 03:45:10'),(367,529740,1.00,100.00,'GRXKV5FFpuLV3gMixVgEVeJRq1R3hCL4cS','2018-03-04','2018-03-06',0,'2018-03-04 12:38:31','2018-03-04 12:38:31'),(368,530340,100.00,10000.00,'GMuvLTQGJJ36seLwGnrc7GvzzVVYWFH6M7','2018-03-05','2018-03-07',0,'2018-03-05 03:23:11','2018-03-05 03:23:11'),(369,509579,48.00,4800.00,'GMuvLTQGJJ36seLwGnrc7GvzzVVYWFH6M7','2018-03-05','2018-03-07',0,'2018-03-05 04:05:11','2018-03-05 04:05:11'),(370,537163,100.00,10000.00,'GXwcJj1qESP1DYnjRHu3cruKFUJfk1zWmG','2018-03-06','2018-03-08',0,'2018-03-06 02:01:46','2018-03-06 02:01:46'),(371,542640,100.00,10000.00,'GXwcJj1qESP1DYnjRHu3cruKFUJfk1zWmG','2018-03-06','2018-03-08',0,'2018-03-06 02:02:57','2018-03-06 02:02:57'),(372,555303,100.00,10000.00,'GXwcJj1qESP1DYnjRHu3cruKFUJfk1zWmG','2018-03-06','2018-03-08',0,'2018-03-06 02:03:54','2018-03-06 02:03:54'),(373,562040,100.00,10000.00,'GXwcJj1qESP1DYnjRHu3cruKFUJfk1zWmG','2018-03-06','2018-03-08',0,'2018-03-06 02:04:55','2018-03-06 02:04:55'),(374,509605,100.00,10000.00,'GMuvLTQGJJ36seLwGnrc7GvzzVVYWFH6M7','2018-03-06','2018-03-08',0,'2018-03-06 07:15:06','2018-03-06 07:15:06'),(375,530340,100.00,10000.00,'GMuvLTQGJJ36seLwGnrc7GvzzVVYWFH6M7','2018-03-06','2018-03-08',0,'2018-03-06 07:24:52','2018-03-06 07:24:52'),(376,514338,100.00,10000.00,'GMuvLTQGJJ36seLwGnrc7GvzzVVYWFH6M7','2018-03-06','2018-03-08',0,'2018-03-06 07:51:23','2018-03-06 07:51:23'),(377,537163,100.00,10000.00,'GXwcJj1qESP1DYnjRHu3cruKFUJfk1zWmG','2018-03-07','2018-03-09',0,'2018-03-07 02:41:23','2018-03-07 02:41:23'),(378,542640,100.00,10000.00,'GXwcJj1qESP1DYnjRHu3cruKFUJfk1zWmG','2018-03-07','2018-03-09',0,'2018-03-07 02:42:35','2018-03-07 02:42:35'),(379,555303,100.00,10000.00,'GXwcJj1qESP1DYnjRHu3cruKFUJfk1zWmG','2018-03-07','2018-03-09',0,'2018-03-07 02:43:40','2018-03-07 02:43:40'),(380,562040,30.00,3000.00,'GXwcJj1qESP1DYnjRHu3cruKFUJfk1zWmG','2018-03-07','2018-03-09',0,'2018-03-07 02:44:52','2018-03-07 02:44:52'),(381,531594,66.49,6649.00,'GewoAPq44w3TRmbf1S6XtDMXfKEeGFeQmu','2018-03-08','2018-03-10',0,'2018-03-08 01:29:26','2018-03-08 01:29:26'),(382,537163,30.00,3000.00,'GXwcJj1qESP1DYnjRHu3cruKFUJfk1zWmG','2018-03-08','2018-03-10',0,'2018-03-08 01:42:52','2018-03-08 01:42:52'),(383,542640,9.00,900.00,'GXwcJj1qESP1DYnjRHu3cruKFUJfk1zWmG','2018-03-08','2018-03-10',0,'2018-03-08 01:44:33','2018-03-08 01:44:33'),(384,555303,20.00,2000.00,'GXwcJj1qESP1DYnjRHu3cruKFUJfk1zWmG','2018-03-08','2018-03-10',0,'2018-03-08 01:47:37','2018-03-08 01:47:37'),(385,509573,72.20,7220.00,'GewoAPq44w3TRmbf1S6XtDMXfKEeGFeQmu','2018-03-08','2018-03-10',0,'2018-03-08 02:36:03','2018-03-08 02:36:03'),(386,514585,95.77,9577.00,'GewoAPq44w3TRmbf1S6XtDMXfKEeGFeQmu','2018-03-08','2018-03-10',0,'2018-03-08 02:39:49','2018-03-08 02:39:49'),(387,535290,100.00,10000.00,'GewoAPq44w3TRmbf1S6XtDMXfKEeGFeQmu','2018-03-08','2018-03-10',0,'2018-03-08 02:43:24','2018-03-08 02:43:24'),(388,509434,100.00,10000.00,'GewoAPq44w3TRmbf1S6XtDMXfKEeGFeQmu','2018-03-08','2018-03-10',0,'2018-03-08 02:46:55','2018-03-08 02:46:55'),(389,532677,100.00,10000.00,'GewoAPq44w3TRmbf1S6XtDMXfKEeGFeQmu','2018-03-08','2018-03-10',0,'2018-03-08 02:48:23','2018-03-08 02:48:23'),(390,544481,100.00,10000.00,'GewoAPq44w3TRmbf1S6XtDMXfKEeGFeQmu','2018-03-08','2018-03-10',0,'2018-03-08 02:50:37','2018-03-08 02:50:37'),(391,535290,40.72,4072.00,'GewoAPq44w3TRmbf1S6XtDMXfKEeGFeQmu','2018-03-19','2018-03-21',0,'2018-03-19 02:52:09','2018-03-19 02:52:09'),(392,509434,100.00,10000.00,'GewoAPq44w3TRmbf1S6XtDMXfKEeGFeQmu','2018-03-19','2018-03-21',0,'2018-03-19 02:55:07','2018-03-19 02:55:07'),(393,532677,66.49,6649.00,'GewoAPq44w3TRmbf1S6XtDMXfKEeGFeQmu','2018-03-19','2018-03-21',0,'2018-03-19 02:58:43','2018-03-19 02:58:43'),(394,544481,53.04,5304.00,'GewoAPq44w3TRmbf1S6XtDMXfKEeGFeQmu','2018-03-19','2018-03-21',0,'2018-03-19 03:00:32','2018-03-19 03:00:32'),(395,535356,100.00,10000.00,'GewoAPq44w3TRmbf1S6XtDMXfKEeGFeQmu','2018-03-19','2018-03-21',0,'2018-03-19 03:06:48','2018-03-19 03:06:48'),(396,512764,100.00,10000.00,'Ggf4stoPT8D3BFYQph4hK4UorLbVtWhxdD','2018-03-25','2018-03-27',0,'2018-03-25 01:43:21','2018-03-25 01:43:21'),(397,509362,100.00,10000.00,'Ggf4stoPT8D3BFYQph4hK4UorLbVtWhxdD','2018-03-25','2018-03-27',0,'2018-03-25 01:44:50','2018-03-25 01:44:50'),(398,530331,100.00,10000.00,'Ggf4stoPT8D3BFYQph4hK4UorLbVtWhxdD','2018-03-25','2018-03-27',0,'2018-03-25 01:46:58','2018-03-25 01:46:58'),(399,530340,100.00,10000.00,'GMuvLTQGJJ36seLwGnrc7GvzzVVYWFH6M7','2018-03-25','2018-03-27',0,'2018-03-25 07:22:19','2018-03-25 07:22:19'),(400,509605,100.00,10000.00,'GMuvLTQGJJ36seLwGnrc7GvzzVVYWFH6M7','2018-03-25','2018-03-27',0,'2018-03-25 07:25:27','2018-03-25 07:25:27'),(401,509987,100.00,10000.00,'GMuvLTQGJJ36seLwGnrc7GvzzVVYWFH6M7','2018-03-25','2018-03-27',0,'2018-03-25 07:28:42','2018-03-25 07:28:42'),(402,505196,100.00,10000.00,'GMuvLTQGJJ36seLwGnrc7GvzzVVYWFH6M7','2018-03-25','2018-03-27',0,'2018-03-25 07:31:12','2018-03-25 07:31:12'),(403,510369,100.00,10000.00,'GMuvLTQGJJ36seLwGnrc7GvzzVVYWFH6M7','2018-03-25','2018-03-27',0,'2018-03-25 07:34:02','2018-03-25 07:34:02'),(404,510369,100.00,10000.00,'GMuvLTQGJJ36seLwGnrc7GvzzVVYWFH6M7','2018-03-25','2018-03-27',0,'2018-03-25 07:35:11','2018-03-25 07:35:11'),(405,514338,100.00,10000.00,'GMuvLTQGJJ36seLwGnrc7GvzzVVYWFH6M7','2018-03-25','2018-03-27',0,'2018-03-25 07:38:37','2018-03-25 07:38:37'),(406,530340,100.00,10000.00,'GMuvLTQGJJ36seLwGnrc7GvzzVVYWFH6M7','2018-03-25','2018-03-27',0,'2018-03-25 07:41:18','2018-03-25 07:41:18'),(407,514313,100.00,10000.00,'GMuvLTQGJJ36seLwGnrc7GvzzVVYWFH6M7','2018-03-25','2018-03-27',0,'2018-03-25 07:42:41','2018-03-25 07:42:41'),(408,515072,100.00,10000.00,'GMuvLTQGJJ36seLwGnrc7GvzzVVYWFH6M7','2018-03-25','2018-03-27',0,'2018-03-25 07:47:56','2018-03-25 07:47:56'),(409,515313,100.00,10000.00,'GMuvLTQGJJ36seLwGnrc7GvzzVVYWFH6M7','2018-03-25','2018-03-27',0,'2018-03-25 07:50:13','2018-03-25 07:50:13'),(410,518947,100.00,10000.00,'GQdMS1SQaVerWXtCmHycG94mAp8gE5xXue','2018-03-25','2018-03-27',0,'2018-03-25 09:16:20','2018-03-25 09:16:20'),(411,518947,100.00,10000.00,'GQdMS1SQaVerWXtCmHycG94mAp8gE5xXue','2018-03-25','2018-03-27',0,'2018-03-25 09:17:09','2018-03-25 09:17:09'),(412,550236,100.00,10000.00,'GJhRCnJy8fbs1tHsdTjycEKZM1RctuerZ2','2018-03-26','2018-03-28',0,'2018-03-26 02:25:33','2018-03-26 02:25:33'),(413,561821,85.00,8500.00,'GJhRCnJy8fbs1tHsdTjycEKZM1RctuerZ2','2018-03-26','2018-03-28',0,'2018-03-26 02:28:07','2018-03-26 02:28:07'),(414,563637,30.00,3000.00,'GJhRCnJy8fbs1tHsdTjycEKZM1RctuerZ2','2018-03-26','2018-03-28',0,'2018-03-26 02:31:06','2018-03-26 02:31:06'),(415,558369,27.50,2750.00,'GJhRCnJy8fbs1tHsdTjycEKZM1RctuerZ2','2018-03-26','2018-03-28',0,'2018-03-26 02:32:48','2018-03-26 02:32:48'),(416,556897,100.00,10000.00,'GJhRCnJy8fbs1tHsdTjycEKZM1RctuerZ2','2018-03-26','2018-03-28',0,'2018-03-26 02:34:26','2018-03-26 02:34:26'),(417,556307,100.00,10000.00,'GJhRCnJy8fbs1tHsdTjycEKZM1RctuerZ2','2018-03-26','2018-03-28',0,'2018-03-26 02:36:04','2018-03-26 02:36:04'),(418,530340,37.43,3743.00,'GMuvLTQGJJ36seLwGnrc7GvzzVVYWFH6M7','2018-03-27','2018-03-29',0,'2018-03-27 04:49:28','2018-03-27 04:49:28'),(419,505196,100.00,10000.00,'GMuvLTQGJJ36seLwGnrc7GvzzVVYWFH6M7','2018-03-27','2018-03-29',0,'2018-03-27 04:51:09','2018-03-27 04:51:09'),(420,509605,100.00,10000.00,'GMuvLTQGJJ36seLwGnrc7GvzzVVYWFH6M7','2018-03-27','2018-03-29',0,'2018-03-27 04:54:17','2018-03-27 04:54:17'),(421,510369,81.00,8100.00,'GMuvLTQGJJ36seLwGnrc7GvzzVVYWFH6M7','2018-03-27','2018-03-29',0,'2018-03-27 04:58:53','2018-03-27 04:58:53'),(422,514338,4.40,440.00,'GMuvLTQGJJ36seLwGnrc7GvzzVVYWFH6M7','2018-03-27','2018-03-29',0,'2018-03-27 05:02:36','2018-03-27 05:02:36'),(423,515072,100.00,10000.00,'GMuvLTQGJJ36seLwGnrc7GvzzVVYWFH6M7','2018-03-27','2018-03-29',0,'2018-03-27 05:04:22','2018-03-27 05:04:22'),(424,515313,100.00,10000.00,'GMuvLTQGJJ36seLwGnrc7GvzzVVYWFH6M7','2018-03-27','2018-03-29',0,'2018-03-27 05:05:41','2018-03-27 05:05:41'),(425,514313,100.00,10000.00,'GMuvLTQGJJ36seLwGnrc7GvzzVVYWFH6M7','2018-03-27','2018-03-29',0,'2018-03-27 05:07:14','2018-03-27 05:07:14'),(426,539851,100.00,10000.00,'GS9iRq6XU3ZFL6BVBg5JRhDZaRt75Ekx4t','2018-03-27','2018-03-29',0,'2018-03-27 05:32:31','2018-03-27 05:32:31'),(427,543654,100.00,10000.00,'GS9iRq6XU3ZFL6BVBg5JRhDZaRt75Ekx4t','2018-03-27','2018-03-29',0,'2018-03-27 05:33:44','2018-03-27 05:33:44'),(428,512645,100.00,10000.00,'GS9iRq6XU3ZFL6BVBg5JRhDZaRt75Ekx4t','2018-03-27','2018-03-29',0,'2018-03-27 05:35:01','2018-03-27 05:35:01'),(429,514582,100.00,10000.00,'GS9iRq6XU3ZFL6BVBg5JRhDZaRt75Ekx4t','2018-03-27','2018-03-29',0,'2018-03-27 05:36:13','2018-03-27 05:36:13'),(430,509987,100.00,10000.00,'GS9iRq6XU3ZFL6BVBg5JRhDZaRt75Ekx4t','2018-03-27','2018-03-29',0,'2018-03-27 05:41:59','2018-03-27 05:41:59'),(431,557956,100.00,10000.00,'GakuPwWmez7sDM8qTGYBCgFUDMYXX4hUwk','2018-03-29','2018-03-31',0,'2018-03-29 08:19:49','2018-03-29 08:19:49'),(432,509633,100.00,10000.00,'GakuPwWmez7sDM8qTGYBCgFUDMYXX4hUwk','2018-03-29','2018-03-31',0,'2018-03-29 08:24:47','2018-03-29 08:24:47'),(433,518947,100.00,10000.00,'GQdMS1SQaVerWXtCmHycG94mAp8gE5xXue','2018-03-29','2018-03-31',0,'2018-03-29 11:58:52','2018-03-29 11:58:52'),(434,557956,100.00,10000.00,'GakuPwWmez7sDM8qTGYBCgFUDMYXX4hUwk','2018-03-30','2018-04-01',0,'2018-03-30 07:11:17','2018-03-30 07:11:17'),(435,509633,100.00,10000.00,'GakuPwWmez7sDM8qTGYBCgFUDMYXX4hUwk','2018-03-30','2018-04-01',0,'2018-03-30 07:20:52','2018-03-30 07:20:52'),(436,509605,100.00,10000.00,'GMuvLTQGJJ36seLwGnrc7GvzzVVYWFH6M7','2018-03-30','2018-04-01',0,'2018-03-30 08:41:22','2018-03-30 08:41:22'),(437,512764,100.00,10000.00,'Ggf4stoPT8D3BFYQph4hK4UorLbVtWhxdD','2018-03-30','2018-04-01',0,'2018-03-30 09:14:28','2018-03-30 09:14:28'),(438,509362,100.00,10000.00,'Ggf4stoPT8D3BFYQph4hK4UorLbVtWhxdD','2018-03-30','2018-04-01',0,'2018-03-30 09:15:56','2018-03-30 09:15:56'),(439,530331,100.00,10000.00,'Ggf4stoPT8D3BFYQph4hK4UorLbVtWhxdD','2018-03-30','2018-04-01',0,'2018-03-30 09:17:56','2018-03-30 09:17:56'),(440,557956,100.00,10000.00,'GakuPwWmez7sDM8qTGYBCgFUDMYXX4hUwk','2018-03-31','2018-04-02',0,'2018-03-31 03:10:58','2018-03-31 03:10:58'),(441,509633,100.00,10000.00,'GakuPwWmez7sDM8qTGYBCgFUDMYXX4hUwk','2018-03-31','2018-04-02',0,'2018-03-31 03:19:20','2018-03-31 03:19:20'),(442,512764,57.00,5700.00,'Ggf4stoPT8D3BFYQph4hK4UorLbVtWhxdD','2018-03-31','2018-04-02',0,'2018-03-31 03:20:06','2018-03-31 03:20:06'),(443,557956,86.56,8656.00,'GakuPwWmez7sDM8qTGYBCgFUDMYXX4hUwk','2018-04-01','2018-04-03',0,'2018-04-01 05:38:08','2018-04-01 05:38:08'),(444,509633,100.00,10000.00,'GakuPwWmez7sDM8qTGYBCgFUDMYXX4hUwk','2018-04-01','2018-04-03',0,'2018-04-01 05:44:49','2018-04-01 05:44:49'),(445,509633,100.00,10000.00,'GakuPwWmez7sDM8qTGYBCgFUDMYXX4hUwk','2018-04-02','2018-04-04',0,'2018-04-02 14:12:07','2018-04-02 14:12:07'),(446,509633,13.33,1333.00,'GakuPwWmez7sDM8qTGYBCgFUDMYXX4hUwk','2018-04-03','2018-04-05',0,'2018-04-03 09:42:29','2018-04-03 09:42:29'),(447,518947,100.00,10000.00,'GQdMS1SQaVerWXtCmHycG94mAp8gE5xXue','2018-04-04','2018-04-06',0,'2018-04-04 11:01:03','2018-04-04 11:01:03'),(448,518947,100.00,10000.00,'GQdMS1SQaVerWXtCmHycG94mAp8gE5xXue','2018-04-09','2018-04-11',0,'2018-04-08 23:40:02','2018-04-08 23:40:02');

--
-- Table structure for table `groups`
--

CREATE TABLE `groups` (
  `id` int(10) unsigned NOT NULL AUTO_INCREMENT,
  `name` varchar(255) COLLATE utf8_unicode_ci NOT NULL,
  `permissions` text COLLATE utf8_unicode_ci,
  `created_at` timestamp NOT NULL DEFAULT '0000-00-00 00:00:00',
  `updated_at` timestamp NOT NULL DEFAULT '0000-00-00 00:00:00',
  PRIMARY KEY (`id`),
  UNIQUE KEY `groups_name_unique` (`name`)
) ENGINE=InnoDB AUTO_INCREMENT=4 DEFAULT CHARSET=utf8 COLLATE=utf8_unicode_ci;

--
-- Dumping data for table `groups`
--

INSERT INTO `groups` VALUES (1,'Users','{\"users\":1}','2015-04-09 12:46:17','2015-04-09 12:46:17'),(2,'Admins','{\"admin\":1,\"users\":1,\"support\":1}','2015-04-09 12:46:17','2015-04-09 12:46:17'),(3,'Supports','{\"support\":1,\"users\":1}','2015-04-09 12:46:17','2015-04-09 12:46:17');

--
-- Table structure for table `jobs`
--

CREATE TABLE `jobs` (
  `id` bigint(20) unsigned NOT NULL AUTO_INCREMENT,
  `queue` varchar(255) COLLATE utf8_unicode_ci NOT NULL,
  `payload` text COLLATE utf8_unicode_ci NOT NULL,
  `attempts` tinyint(3) unsigned NOT NULL,
  `reserved` tinyint(3) unsigned DEFAULT NULL,
  `reserved_at` int(10) unsigned DEFAULT NULL,
  `available_at` int(10) unsigned NOT NULL,
  `created_at` int(10) unsigned NOT NULL,
  PRIMARY KEY (`id`)
) ENGINE=InnoDB DEFAULT CHARSET=utf8 COLLATE=utf8_unicode_ci;

--
-- Dumping data for table `jobs`
--


--
-- Table structure for table `mass_mails`
--

CREATE TABLE `mass_mails` (
  `id` int(11) NOT NULL AUTO_INCREMENT,
  `data` text COLLATE utf8_unicode_ci,
  `created_at` timestamp NOT NULL DEFAULT CURRENT_TIMESTAMP,
  PRIMARY KEY (`id`)
) ENGINE=InnoDB AUTO_INCREMENT=5 DEFAULT CHARSET=utf8 COLLATE=utf8_unicode_ci;

--
-- Dumping data for table `mass_mails`
--

INSERT INTO `mass_mails` VALUES (3,'{\"to\":\"0\",\"specify-list\":\"1\",\"method\":[\"2\"],\"from_display\":\"iAngelo\",\"from\":\"noreply@iangelo.com\",\"subject\":\"Testttt\",\"stored_templates\":\"10\",\"content\":\"<p>adasdsadasdasdasdasdsadasdsadasddsa {{ $username }}<\\/p>\"}','2016-09-02 23:17:10'),(4,'{\"to\":\"0\",\"specify-list\":\"1\",\"method\":[\"2\"],\"from_display\":\"iAngelo\",\"from\":\"noreply@iangelo.com\",\"subject\":\"Testing\",\"stored_templates\":\"10\",\"content\":\"<p>asdsadsdsadsadasdasdsadsadsad<\\/p>\"}','2016-09-02 23:29:03');

--
-- Table structure for table `messages`
--

CREATE TABLE `messages` (
  `id` int(11) NOT NULL AUTO_INCREMENT,
  `user_id` int(11) NOT NULL,
  `subject` varchar(255) COLLATE utf8_unicode_ci NOT NULL,
  `from` varchar(255) COLLATE utf8_unicode_ci NOT NULL,
  `content` text COLLATE utf8_unicode_ci NOT NULL,
  `status` int(1) NOT NULL DEFAULT '0',
  `starred` tinyint(1) NOT NULL DEFAULT '0',
  `category` tinyint(4) DEFAULT NULL,
  `created_at` timestamp NOT NULL DEFAULT '0000-00-00 00:00:00',
  `updated_at` timestamp NOT NULL DEFAULT '0000-00-00 00:00:00',
  `deleted_at` timestamp NULL DEFAULT NULL,
  PRIMARY KEY (`id`)
) ENGINE=InnoDB DEFAULT CHARSET=utf8 COLLATE=utf8_unicode_ci;

--
-- Dumping data for table `messages`
--


--
-- Table structure for table `migrations`
--

CREATE TABLE `migrations` (
  `migration` varchar(255) COLLATE utf8_unicode_ci NOT NULL,
  `batch` int(11) NOT NULL
) ENGINE=InnoDB DEFAULT CHARSET=utf8 COLLATE=utf8_unicode_ci;

--
-- Dumping data for table `migrations`
--

INSERT INTO `migrations` VALUES ('2012_12_06_225921_migration_cartalyst_sentry_install_users',1),('2012_12_06_225929_migration_cartalyst_sentry_install_groups',1),('2012_12_06_225945_migration_cartalyst_sentry_install_users_groups_pivot',1),('2012_12_06_225988_migration_cartalyst_sentry_install_throttle',1),('2015_01_14_053439_migration_sentinel_add_username',1),('2015_04_09_152322_create_session_table',2),('2014_10_12_100000_create_password_resets_table',3),('2017_03_28_171307_create_sessions_table',4),('2017_06_29_205647_create_permission_tables',5),('2017_08_10_181943_create_shoppingcart_table',5);

--
-- Table structure for table `model_has_permissions`
--

CREATE TABLE `model_has_permissions` (
  `permission_id` int(10) unsigned NOT NULL,
  `model_id` int(10) unsigned NOT NULL,
  `model_type` varchar(191) COLLATE utf8mb4_unicode_ci NOT NULL,
  PRIMARY KEY (`permission_id`,`model_id`,`model_type`),
  KEY `model_has_permissions_model_id_model_type_index` (`model_id`,`model_type`),
  CONSTRAINT `model_has_permissions_permission_id_foreign` FOREIGN KEY (`permission_id`) REFERENCES `permissions` (`id`) ON DELETE CASCADE
) ENGINE=InnoDB DEFAULT CHARSET=utf8mb4 COLLATE=utf8mb4_unicode_ci;

--
-- Dumping data for table `model_has_permissions`
--


--
-- Table structure for table `model_has_roles`
--

CREATE TABLE `model_has_roles` (
  `role_id` int(10) unsigned NOT NULL,
  `model_id` int(10) unsigned NOT NULL,
  `model_type` varchar(191) COLLATE utf8mb4_unicode_ci NOT NULL,
  PRIMARY KEY (`role_id`,`model_id`,`model_type`),
  KEY `model_has_roles_model_id_model_type_index` (`model_id`,`model_type`),
  CONSTRAINT `model_has_roles_role_id_foreign` FOREIGN KEY (`role_id`) REFERENCES `roles` (`id`) ON DELETE CASCADE
) ENGINE=InnoDB DEFAULT CHARSET=utf8mb4 COLLATE=utf8mb4_unicode_ci;

--
-- Dumping data for table `model_has_roles`
--

INSERT INTO `model_has_roles` VALUES (3,501181,'App\\Models\\User'),(3,505196,'App\\Models\\User'),(3,505224,'App\\Models\\User'),(3,505853,'App\\Models\\User'),(3,505854,'App\\Models\\User'),(3,506760,'App\\Models\\User'),(3,507721,'App\\Models\\User'),(3,507853,'App\\Models\\User'),(3,509362,'App\\Models\\User'),(3,509434,'App\\Models\\User'),(3,509573,'App\\Models\\User'),(3,509579,'App\\Models\\User'),(3,509584,'App\\Models\\User'),(3,509588,'App\\Models\\User'),(3,509605,'App\\Models\\User'),(3,509633,'App\\Models\\User'),(3,509987,'App\\Models\\User'),(3,510369,'App\\Models\\User'),(3,510378,'App\\Models\\User'),(3,511529,'App\\Models\\User'),(3,511535,'App\\Models\\User'),(3,511549,'App\\Models\\User'),(3,511678,'App\\Models\\User'),(3,511785,'App\\Models\\User'),(3,511857,'App\\Models\\User'),(3,512645,'App\\Models\\User'),(3,512703,'App\\Models\\User'),(3,512764,'App\\Models\\User'),(3,513838,'App\\Models\\User'),(3,513874,'App\\Models\\User'),(3,514313,'App\\Models\\User'),(3,514338,'App\\Models\\User'),(3,514495,'App\\Models\\User'),(3,514531,'App\\Models\\User'),(3,514537,'App\\Models\\User'),(3,514573,'App\\Models\\User'),(3,514582,'App\\Models\\User'),(3,514585,'App\\Models\\User'),(3,515072,'App\\Models\\User'),(3,515313,'App\\Models\\User'),(3,515597,'App\\Models\\User'),(3,515708,'App\\Models\\User'),(3,516139,'App\\Models\\User'),(3,517505,'App\\Models\\User'),(3,518947,'App\\Models\\User'),(3,522187,'App\\Models\\User'),(3,522189,'App\\Models\\User'),(3,522190,'App\\Models\\User'),(3,522398,'App\\Models\\User'),(3,522413,'App\\Models\\User'),(3,523924,'App\\Models\\User'),(3,525794,'App\\Models\\User'),(3,526102,'App\\Models\\User'),(3,526225,'App\\Models\\User'),(3,526239,'App\\Models\\User'),(3,526539,'App\\Models\\User'),(3,526566,'App\\Models\\User'),(3,526662,'App\\Models\\User'),(3,526939,'App\\Models\\User'),(3,526949,'App\\Models\\User'),(3,527176,'App\\Models\\User'),(3,527181,'App\\Models\\User'),(3,527200,'App\\Models\\User'),(3,527422,'App\\Models\\User'),(3,527423,'App\\Models\\User'),(3,527820,'App\\Models\\User'),(3,527967,'App\\Models\\User'),(3,528642,'App\\Models\\User'),(3,528738,'App\\Models\\User'),(3,529167,'App\\Models\\User'),(3,529551,'App\\Models\\User'),(3,529601,'App\\Models\\User'),(3,529603,'App\\Models\\User'),(3,529604,'App\\Models\\User'),(3,529657,'App\\Models\\User'),(3,529675,'App\\Models\\User'),(3,529676,'App\\Models\\User'),(3,529677,'App\\Models\\User'),(3,529740,'App\\Models\\User'),(3,529741,'App\\Models\\User'),(3,529742,'App\\Models\\User'),(3,529743,'App\\Models\\User'),(3,529744,'App\\Models\\User'),(3,529745,'App\\Models\\User'),(3,529747,'App\\Models\\User'),(3,529748,'App\\Models\\User'),(3,529749,'App\\Models\\User'),(3,529751,'App\\Models\\User'),(3,530006,'App\\Models\\User'),(3,530331,'App\\Models\\User'),(3,530340,'App\\Models\\User'),(3,530341,'App\\Models\\User'),(3,530564,'App\\Models\\User'),(3,530670,'App\\Models\\User'),(3,530826,'App\\Models\\User'),(3,530845,'App\\Models\\User'),(3,531126,'App\\Models\\User'),(3,531128,'App\\Models\\User'),(3,531130,'App\\Models\\User'),(3,531538,'App\\Models\\User'),(3,531579,'App\\Models\\User'),(3,531580,'App\\Models\\User'),(3,531594,'App\\Models\\User'),(3,531731,'App\\Models\\User'),(3,531732,'App\\Models\\User'),(3,531733,'App\\Models\\User'),(3,531902,'App\\Models\\User'),(3,531904,'App\\Models\\User'),(3,532126,'App\\Models\\User'),(3,532163,'App\\Models\\User'),(3,532165,'App\\Models\\User'),(3,532172,'App\\Models\\User'),(3,532218,'App\\Models\\User'),(3,532220,'App\\Models\\User'),(3,532380,'App\\Models\\User'),(3,532404,'App\\Models\\User'),(3,532407,'App\\Models\\User'),(3,532482,'App\\Models\\User'),(3,532483,'App\\Models\\User'),(3,532484,'App\\Models\\User'),(3,532485,'App\\Models\\User'),(3,532677,'App\\Models\\User'),(3,532993,'App\\Models\\User'),(3,533039,'App\\Models\\User'),(3,533041,'App\\Models\\User'),(3,533071,'App\\Models\\User'),(3,533165,'App\\Models\\User'),(3,534095,'App\\Models\\User'),(3,534123,'App\\Models\\User'),(3,534323,'App\\Models\\User'),(3,534542,'App\\Models\\User'),(3,534610,'App\\Models\\User'),(3,534611,'App\\Models\\User'),(3,534643,'App\\Models\\User'),(3,534749,'App\\Models\\User'),(3,534788,'App\\Models\\User'),(3,534790,'App\\Models\\User'),(3,535028,'App\\Models\\User'),(3,535133,'App\\Models\\User'),(3,535277,'App\\Models\\User'),(3,535281,'App\\Models\\User'),(3,535290,'App\\Models\\User'),(3,535308,'App\\Models\\User'),(3,535310,'App\\Models\\User'),(3,535311,'App\\Models\\User'),(3,535331,'App\\Models\\User'),(3,535342,'App\\Models\\User'),(3,535356,'App\\Models\\User'),(3,535534,'App\\Models\\User'),(3,536953,'App\\Models\\User'),(3,537163,'App\\Models\\User'),(3,537186,'App\\Models\\User'),(3,537756,'App\\Models\\User'),(3,537779,'App\\Models\\User'),(3,537833,'App\\Models\\User'),(3,537937,'App\\Models\\User'),(3,537939,'App\\Models\\User'),(3,537965,'App\\Models\\User'),(3,538045,'App\\Models\\User'),(3,538074,'App\\Models\\User'),(3,538172,'App\\Models\\User'),(3,538189,'App\\Models\\User'),(3,538190,'App\\Models\\User'),(3,538194,'App\\Models\\User'),(3,538257,'App\\Models\\User'),(3,538261,'App\\Models\\User'),(3,538271,'App\\Models\\User'),(3,538273,'App\\Models\\User'),(3,538274,'App\\Models\\User'),(3,538859,'App\\Models\\User'),(3,538860,'App\\Models\\User'),(3,539094,'App\\Models\\User'),(3,539095,'App\\Models\\User'),(3,539124,'App\\Models\\User'),(3,539185,'App\\Models\\User'),(3,539851,'App\\Models\\User'),(3,540186,'App\\Models\\User'),(3,541930,'App\\Models\\User'),(3,542115,'App\\Models\\User'),(3,542429,'App\\Models\\User'),(3,542462,'App\\Models\\User'),(3,542465,'App\\Models\\User'),(3,542591,'App\\Models\\User'),(3,542640,'App\\Models\\User'),(3,543255,'App\\Models\\User'),(3,543412,'App\\Models\\User'),(3,543504,'App\\Models\\User'),(3,543654,'App\\Models\\User'),(3,543686,'App\\Models\\User'),(3,544052,'App\\Models\\User'),(3,544056,'App\\Models\\User'),(3,544098,'App\\Models\\User'),(3,544141,'App\\Models\\User'),(3,544177,'App\\Models\\User'),(3,544481,'App\\Models\\User'),(3,545512,'App\\Models\\User'),(3,545549,'App\\Models\\User'),(3,546720,'App\\Models\\User'),(3,546839,'App\\Models\\User'),(3,550236,'App\\Models\\User'),(3,552476,'App\\Models\\User'),(3,552478,'App\\Models\\User'),(3,553127,'App\\Models\\User'),(3,553128,'App\\Models\\User'),(3,553143,'App\\Models\\User'),(3,553144,'App\\Models\\User'),(3,553145,'App\\Models\\User'),(3,553146,'App\\Models\\User'),(3,553147,'App\\Models\\User'),(3,554503,'App\\Models\\User'),(3,554506,'App\\Models\\User'),(3,554507,'App\\Models\\User'),(3,554782,'App\\Models\\User'),(3,554784,'App\\Models\\User'),(3,554821,'App\\Models\\User'),(3,554822,'App\\Models\\User'),(3,554823,'App\\Models\\User'),(3,554889,'App\\Models\\User'),(3,554890,'App\\Models\\User'),(3,554892,'App\\Models\\User'),(3,554893,'App\\Models\\User'),(3,554894,'App\\Models\\User'),(3,555073,'App\\Models\\User'),(3,555074,'App\\Models\\User'),(3,555075,'App\\Models\\User'),(3,555076,'App\\Models\\User'),(3,555282,'App\\Models\\User'),(3,555303,'App\\Models\\User'),(3,555511,'App\\Models\\User'),(3,555992,'App\\Models\\User'),(3,555993,'App\\Models\\User'),(3,556141,'App\\Models\\User'),(3,556280,'App\\Models\\User'),(3,556307,'App\\Models\\User'),(3,556406,'App\\Models\\User'),(3,556897,'App\\Models\\User'),(3,557060,'App\\Models\\User'),(3,557061,'App\\Models\\User'),(3,557062,'App\\Models\\User'),(3,557092,'App\\Models\\User'),(3,557151,'App\\Models\\User'),(3,557161,'App\\Models\\User'),(3,557163,'App\\Models\\User'),(3,557233,'App\\Models\\User'),(3,557235,'App\\Models\\User'),(3,557596,'App\\Models\\User'),(3,557735,'App\\Models\\User'),(3,557736,'App\\Models\\User'),(3,557737,'App\\Models\\User'),(3,557739,'App\\Models\\User'),(3,557740,'App\\Models\\User'),(3,557846,'App\\Models\\User'),(3,557847,'App\\Models\\User'),(3,557956,'App\\Models\\User'),(3,558369,'App\\Models\\User'),(3,558458,'App\\Models\\User'),(3,558517,'App\\Models\\User'),(3,558687,'App\\Models\\User'),(3,559376,'App\\Models\\User'),(3,559386,'App\\Models\\User'),(3,559415,'App\\Models\\User'),(3,559472,'App\\Models\\User'),(3,559512,'App\\Models\\User'),(3,559681,'App\\Models\\User'),(3,560039,'App\\Models\\User'),(3,560354,'App\\Models\\User'),(3,560403,'App\\Models\\User'),(3,560404,'App\\Models\\User'),(3,560406,'App\\Models\\User'),(3,560407,'App\\Models\\User'),(3,561293,'App\\Models\\User'),(3,561582,'App\\Models\\User'),(3,561583,'App\\Models\\User'),(3,561604,'App\\Models\\User'),(3,561821,'App\\Models\\User'),(3,562039,'App\\Models\\User'),(3,562040,'App\\Models\\User'),(3,562762,'App\\Models\\User'),(3,562763,'App\\Models\\User'),(3,562764,'App\\Models\\User'),(3,563043,'App\\Models\\User'),(3,563044,'App\\Models\\User'),(3,563058,'App\\Models\\User'),(3,563111,'App\\Models\\User'),(3,563112,'App\\Models\\User'),(3,563113,'App\\Models\\User'),(3,563114,'App\\Models\\User'),(3,563116,'App\\Models\\User'),(3,563637,'App\\Models\\User'),(3,563882,'App\\Models\\User'),(3,563885,'App\\Models\\User'),(3,563897,'App\\Models\\User'),(3,563898,'App\\Models\\User'),(3,563899,'App\\Models\\User'),(3,563900,'App\\Models\\User'),(3,563901,'App\\Models\\User'),(3,563903,'App\\Models\\User'),(3,563904,'App\\Models\\User'),(3,563905,'App\\Models\\User'),(3,563906,'App\\Models\\User'),(3,563907,'App\\Models\\User'),(3,563908,'App\\Models\\User'),(3,563909,'App\\Models\\User'),(3,563914,'App\\Models\\User'),(3,563916,'App\\Models\\User'),(3,563917,'App\\Models\\User'),(3,563918,'App\\Models\\User'),(3,563923,'App\\Models\\User'),(3,563924,'App\\Models\\User'),(3,563932,'App\\Models\\User'),(3,563933,'App\\Models\\User'),(3,563941,'App\\Models\\User'),(3,563942,'App\\Models\\User'),(3,563964,'App\\Models\\User'),(3,563969,'App\\Models\\User'),(3,563970,'App\\Models\\User'),(3,563973,'App\\Models\\User'),(3,563974,'App\\Models\\User'),(3,563981,'App\\Models\\User'),(3,617449,'App\\Models\\User'),(3,900001,'App\\Models\\User'),(3,900002,'App\\Models\\User'),(3,900003,'App\\Models\\User'),(3,900004,'App\\Models\\User'),(3,900005,'App\\Models\\User'),(3,900006,'App\\Models\\User'),(3,900007,'App\\Models\\User'),(3,900008,'App\\Models\\User'),(3,900009,'App\\Models\\User'),(3,900010,'App\\Models\\User'),(3,919860,'App\\Models\\User'),(3,1399213,'App\\Models\\User'),(3,1493511,'App\\Models\\User'),(1,1520459,'App\\Models\\User'),(3,1935591,'App\\Models\\User'),(3,2187453,'App\\Models\\User'),(3,2786522,'App\\Models\\User'),(3,2786523,'App\\Models\\User'),(3,2786524,'App\\Models\\User'),(3,2786527,'App\\Models\\User'),(3,2786528,'App\\Models\\User'),(3,2786529,'App\\Models\\User');

--
-- Table structure for table `news`
--

CREATE TABLE `news` (
  `id` int(11) NOT NULL AUTO_INCREMENT,
  `title_url` varchar(255) COLLATE utf8_unicode_ci NOT NULL,
  `title` varchar(255) COLLATE utf8_unicode_ci NOT NULL,
  `content` text COLLATE utf8_unicode_ci NOT NULL,
  `views` int(11) NOT NULL DEFAULT '0',
  `status` tinyint(1) NOT NULL DEFAULT '0',
  `updated_at` timestamp NOT NULL DEFAULT '0000-00-00 00:00:00',
  `created_at` timestamp NOT NULL DEFAULT '0000-00-00 00:00:00',
  PRIMARY KEY (`id`),
  UNIQUE KEY `id` (`id`)
) ENGINE=InnoDB AUTO_INCREMENT=3 DEFAULT CHARSET=utf8 COLLATE=utf8_unicode_ci;

--
-- Dumping data for table `news`
--

INSERT INTO `news` VALUES (2,'teszt_modified','teszt_modified','<p>fefefefef</p>',8,0,'2018-03-29 12:04:11','2017-09-11 17:41:47');

--
-- Table structure for table `notifications`
--

CREATE TABLE `notifications` (
  `id` int(11) NOT NULL AUTO_INCREMENT,
  `user_id` int(11) NOT NULL,
  `type` varchar(2000) COLLATE utf8_unicode_ci DEFAULT NULL,
  `linked_user_id` int(11) DEFAULT NULL,
  `linked_content_id` int(11) NOT NULL,
  `status` tinyint(1) NOT NULL DEFAULT '0',
  `created_at` timestamp NOT NULL DEFAULT '0000-00-00 00:00:00',
  `updated_at` timestamp NOT NULL DEFAULT '0000-00-00 00:00:00',
  PRIMARY KEY (`id`)
) ENGINE=InnoDB DEFAULT CHARSET=utf8 COLLATE=utf8_unicode_ci;

--
-- Dumping data for table `notifications`
--


--
-- Table structure for table `packages`
--

CREATE TABLE `packages` (
  `id` int(11) NOT NULL AUTO_INCREMENT,
  `name` varchar(100) COLLATE utf8_unicode_ci NOT NULL,
  `description` text COLLATE utf8_unicode_ci NOT NULL,
  `image` varchar(300) COLLATE utf8_unicode_ci DEFAULT NULL,
  `icon` varchar(300) COLLATE utf8_unicode_ci DEFAULT NULL,
  `status` tinyint(1) NOT NULL DEFAULT '1',
  `price` decimal(15,2) NOT NULL DEFAULT '0.00',
  `offset_units` decimal(15,2) NOT NULL DEFAULT '0.00',
  `resale_units` decimal(15,2) NOT NULL DEFAULT '0.00',
  `wholesale_credit` decimal(15,2) NOT NULL DEFAULT '0.00',
  `slots` int(11) NOT NULL DEFAULT '0',
  `cv` decimal(15,2) NOT NULL DEFAULT '0.00',
  `matching_bonus` tinyint(1) NOT NULL DEFAULT '0',
  `infinity_bonus` tinyint(1) NOT NULL DEFAULT '0',
  `status_upgrade` tinyint(1) NOT NULL DEFAULT '0',
  `principle_return` tinyint(1) NOT NULL,
  `level_datas` text COLLATE utf8_unicode_ci,
  `created_at` timestamp NULL DEFAULT NULL,
  `updated_at` timestamp NULL DEFAULT CURRENT_TIMESTAMP,
  PRIMARY KEY (`id`)
) ENGINE=InnoDB AUTO_INCREMENT=4 DEFAULT CHARSET=utf8 COLLATE=utf8_unicode_ci;

--
-- Dumping data for table `packages`
--

INSERT INTO `packages` VALUES (1,'Family Package','32 tonnes CO2 offsets\r\n5g of Gold\r\n50 Mining Slots','088bbc58-ffdf-4eda-ace7-ce8fa7a8dcb2.png','family-icon.png',1,1200.00,3200.00,0.00,300.00,50,400.00,1,0,0,0,'{\"1\":{\"1\":\"3\"},\"2\":{\"1\":\"3\"},\"3\":{\"1\":\"3\"},\"5\":{\"1\":\"3\"},\"6\":{\"1\":\"3\"}}','2016-07-31 22:00:00','2017-05-05 15:17:30'),(2,'Economy Package','60 tonnes CO2 offsets\r\n10g of Gold\r\n100 Mining Slots','70ef695d-2608-407a-a138-d991901ce039.png','economic-icon.png',1,2400.00,6000.00,2000.00,500.00,100,800.00,1,1,1,0,'{\"1\":{\"1\":\"6\"},\"2\":{\"1\":\"6\"},\"3\":{\"1\":\"6\"},\"5\":{\"1\":\"6\"},\"6\":{\"1\":\"6\"}}','2016-07-31 22:00:00','2017-05-05 15:17:57'),(3,'Business Package','90 tonnes CO2 offsets\r\n15g of Gold\r\n200 Mining Slots','b5b0aaa9-88bc-4f95-b827-ea7785702e51.png','business-icon.png',1,3600.00,9000.00,3000.00,800.00,200,1200.00,1,1,1,0,'{\"1\":{\"1\":\"7\",\"2\":\"6\"},\"2\":{\"1\":\"7\",\"2\":\"6\"},\"3\":{\"1\":\"7\",\"2\":\"6\"},\"5\":{\"1\":\"7\",\"2\":\"6\"},\"6\":{\"1\":\"7\",\"2\":\"6\"}}','2016-07-31 22:00:00','2017-05-05 15:18:31');

--
-- Table structure for table `password_resets`
--

CREATE TABLE `password_resets` (
  `email` varchar(255) COLLATE utf8_unicode_ci NOT NULL,
  `token` varchar(255) COLLATE utf8_unicode_ci NOT NULL,
  `created_at` timestamp NULL DEFAULT NULL,
  KEY `password_resets_email_index` (`email`),
  KEY `password_resets_token_index` (`token`)
) ENGINE=MyISAM DEFAULT CHARSET=utf8 COLLATE=utf8_unicode_ci;

--
-- Dumping data for table `password_resets`
--


--
-- Table structure for table `permissions`
--

CREATE TABLE `permissions` (
  `id` int(10) unsigned NOT NULL AUTO_INCREMENT,
  `name` varchar(191) COLLATE utf8mb4_unicode_ci NOT NULL,
  `guard_name` varchar(191) COLLATE utf8mb4_unicode_ci NOT NULL,
  `created_at` timestamp NULL DEFAULT NULL,
  `updated_at` timestamp NULL DEFAULT NULL,
  PRIMARY KEY (`id`)
) ENGINE=InnoDB DEFAULT CHARSET=utf8mb4 COLLATE=utf8mb4_unicode_ci;

--
-- Dumping data for table `permissions`
--


--
-- Table structure for table `positions`
--

CREATE TABLE `positions` (
  `id` int(11) NOT NULL AUTO_INCREMENT,
  `name` varchar(100) COLLATE utf8_unicode_ci NOT NULL,
  `required_cv` int(11) NOT NULL,
  `max_atr` int(11) NOT NULL DEFAULT '0',
  PRIMARY KEY (`id`)
) ENGINE=InnoDB AUTO_INCREMENT=5 DEFAULT CHARSET=utf8 COLLATE=utf8_unicode_ci;

--
-- Dumping data for table `positions`
--

INSERT INTO `positions` VALUES (1,'Team Member',1,300),(2,'Associate',80,1000),(3,'Executive Associate',400,3000),(4,'Senior Executive Associate',1200,15000);

--
-- Table structure for table `processors`
--

CREATE TABLE `processors` (
  `id` int(11) NOT NULL AUTO_INCREMENT,
  `name` varchar(100) COLLATE utf8_unicode_ci NOT NULL,
  `data` text COLLATE utf8_unicode_ci,
  `input_name` varchar(100) COLLATE utf8_unicode_ci NOT NULL,
  `input_help` text COLLATE utf8_unicode_ci NOT NULL,
  `fee_fund_status` tinyint(1) NOT NULL DEFAULT '0',
  `fee_fund` int(5) NOT NULL,
  `fee_cashout_status` tinyint(1) NOT NULL DEFAULT '0',
  `fee_cashout` int(5) NOT NULL,
  `limit_fund_min` int(5) NOT NULL,
  `limit_fund_max` int(5) NOT NULL,
  `limit_cashout_min` int(5) NOT NULL,
  `limit_cashout_max` int(5) NOT NULL,
  `auto_cashout` tinyint(1) NOT NULL DEFAULT '0',
  PRIMARY KEY (`id`)
) ENGINE=InnoDB AUTO_INCREMENT=7 DEFAULT CHARSET=utf8 COLLATE=utf8_unicode_ci;

--
-- Dumping data for table `processors`
--

INSERT INTO `processors` VALUES (4,'E-Wallet','','','',1,0,1,0,0,0,0,0,0),(6,'Gift Card',NULL,'','',1,0,1,0,0,0,0,0,0);

--
-- Table structure for table `product_categories`
--

CREATE TABLE `product_categories` (
  `id` int(11) NOT NULL AUTO_INCREMENT,
  `name` varchar(200) COLLATE utf8_unicode_ci NOT NULL,
  `status` tinyint(1) NOT NULL DEFAULT '0',
  PRIMARY KEY (`id`)
) ENGINE=InnoDB AUTO_INCREMENT=2 DEFAULT CHARSET=utf8 COLLATE=utf8_unicode_ci;

--
-- Dumping data for table `product_categories`
--

INSERT INTO `product_categories` VALUES (1,'Public',1);

--
-- Table structure for table `products`
--

CREATE TABLE `products` (
  `id` int(11) NOT NULL AUTO_INCREMENT,
  `category_id` int(11) NOT NULL,
  `name` varchar(200) COLLATE utf8_unicode_ci NOT NULL,
  `price` decimal(5,2) NOT NULL DEFAULT '0.00',
  `description` text COLLATE utf8_unicode_ci,
  `image` varchar(300) COLLATE utf8_unicode_ci NOT NULL,
  `status` tinyint(1) NOT NULL DEFAULT '0',
  `created_at` timestamp NOT NULL DEFAULT CURRENT_TIMESTAMP ON UPDATE CURRENT_TIMESTAMP,
  `updated_at` timestamp NOT NULL DEFAULT CURRENT_TIMESTAMP,
  PRIMARY KEY (`id`)
) ENGINE=InnoDB AUTO_INCREMENT=5 DEFAULT CHARSET=utf8 COLLATE=utf8_unicode_ci;

--
-- Dumping data for table `products`
--

INSERT INTO `products` VALUES (1,1,'Airboom Nano Twister RMB 1180',115.00,'German Ionic Technology for fuel savings for petrol and diesel cars. Simply fit to the fuel line to boost power and your fuel economy.\r\n','f9d7884c-9ce7-4288-88f6-e994beb19487.jpg',1,'2017-09-09 09:25:29','2017-08-10 18:50:44'),(2,1,'Ausante Quantum Energy Card RMB 980',112.50,'Ausante has developed a special, fuel and energy saver card for its eco-conscious members. Ausante Quantum Card was created for members who do not only care about the environment but also wish to lower their monthly expenses. ','d4e2eb75-4819-4a96-8609-e93963ff391b.jpg',1,'2017-09-09 09:23:30','2017-08-10 18:50:44'),(3,1,'Ausante Quantum Energy Sticker RMB 980',112.50,'Ausante has developed a special, fuel and energy saver sticker for its eco-conscious members. Ausante Quantum Card was created for members who do not only care about the environment but also wish to lower their monthly expenses.','8aa179e0-f661-44ba-a189-d7762f4a1df0.jpg',1,'2017-09-09 09:23:30','2017-08-10 18:50:44'),(4,1,'Air Boom RMB 980',112.50,'German Ionic Technology for fuel savings for petrol and diesel cars','fdd56778-6f13-423b-b951-30a0c5b5dce5.jpg',1,'2017-09-09 09:23:30','2017-08-10 18:50:44');

--
-- Table structure for table `reports`
--

CREATE TABLE `reports` (
  `id` int(11) NOT NULL AUTO_INCREMENT,
  `file_1` varchar(1000) COLLATE utf8_unicode_ci NOT NULL,
  `file_2` varchar(1000) COLLATE utf8_unicode_ci NOT NULL,
  `status` tinyint(1) NOT NULL DEFAULT '1',
  `date` date NOT NULL,
  `week` tinyint(1) NOT NULL,
  PRIMARY KEY (`id`)
) ENGINE=InnoDB DEFAULT CHARSET=utf8 COLLATE=utf8_unicode_ci;

--
-- Dumping data for table `reports`
--


--
-- Table structure for table `role_has_permissions`
--

CREATE TABLE `role_has_permissions` (
  `permission_id` int(10) unsigned NOT NULL,
  `role_id` int(10) unsigned NOT NULL,
  PRIMARY KEY (`permission_id`,`role_id`),
  KEY `role_has_permissions_role_id_foreign` (`role_id`),
  CONSTRAINT `role_has_permissions_permission_id_foreign` FOREIGN KEY (`permission_id`) REFERENCES `permissions` (`id`) ON DELETE CASCADE,
  CONSTRAINT `role_has_permissions_role_id_foreign` FOREIGN KEY (`role_id`) REFERENCES `roles` (`id`) ON DELETE CASCADE
) ENGINE=InnoDB DEFAULT CHARSET=utf8mb4 COLLATE=utf8mb4_unicode_ci;

--
-- Dumping data for table `role_has_permissions`
--


--
-- Table structure for table `roles`
--

CREATE TABLE `roles` (
  `id` int(10) unsigned NOT NULL AUTO_INCREMENT,
  `name` varchar(191) COLLATE utf8mb4_unicode_ci NOT NULL,
  `guard_name` varchar(191) COLLATE utf8mb4_unicode_ci NOT NULL,
  `created_at` timestamp NULL DEFAULT NULL,
  `updated_at` timestamp NULL DEFAULT NULL,
  PRIMARY KEY (`id`)
) ENGINE=InnoDB AUTO_INCREMENT=4 DEFAULT CHARSET=utf8mb4 COLLATE=utf8mb4_unicode_ci;

--
-- Dumping data for table `roles`
--

INSERT INTO `roles` VALUES (1,'admin','web','2017-09-09 10:21:47','2017-09-09 10:21:47'),(2,'support','web','2017-09-09 10:21:59','2017-09-09 10:21:59'),(3,'user','web','2017-09-09 10:21:59','2017-09-09 10:21:59');

--
-- Table structure for table `sessions`
--

CREATE TABLE `sessions` (
  `id` varchar(255) COLLATE utf8_unicode_ci NOT NULL,
  `user_id` int(11) DEFAULT NULL,
  `ip_address` varchar(45) COLLATE utf8_unicode_ci DEFAULT NULL,
  `user_agent` text COLLATE utf8_unicode_ci,
  `payload` text COLLATE utf8_unicode_ci NOT NULL,
  `last_activity` int(11) NOT NULL,
  UNIQUE KEY `sessions_id_unique` (`id`)
) ENGINE=MyISAM DEFAULT CHARSET=utf8 COLLATE=utf8_unicode_ci;

--
-- Dumping data for table `sessions`
--

INSERT INTO `sessions` VALUES ('958RONq5N09PqU4VGzTQMzvEL2kG8KxVSsaPuJ5n',NULL,'52.209.30.187','Mozilla/5.0+(compatible; Cula/2.0; https://cula.io/)','YTozOntzOjY6Il90b2tlbiI7czo0MDoiekROVzlHTmdRZmxNQVQxcjNRd3c2S25jbjRxNXR0YzlVRmVaa003NCI7czo5OiJfcHJldmlvdXMiO2E6MTp7czozOiJ1cmwiO3M6MjA6Imh0dHA6Ly9hdXNhbnRlLmdyZWVuIjt9czo2OiJfZmxhc2giO2E6Mjp7czozOiJvbGQiO2E6MDp7fXM6MzoibmV3IjthOjA6e319fQ==',1523617675),('p8uzd3GWp1F1f4YDkR5HB5dKBlCXq99pzbE21YeL',NULL,'52.209.30.187','Mozilla/5.0+(compatible; Cula/2.0; https://cula.io/)','YTozOntzOjY6Il90b2tlbiI7czo0MDoiZkV4YnV0Q2pkN1U1V1NhOElkUW4xOVM4djYwVk5tejliQXpPb1VPUSI7czo5OiJfcHJldmlvdXMiO2E6MTp7czozOiJ1cmwiO3M6MjA6Imh0dHA6Ly9hdXNhbnRlLmdyZWVuIjt9czo2OiJfZmxhc2giO2E6Mjp7czozOiJvbGQiO2E6MDp7fXM6MzoibmV3IjthOjA6e319fQ==',1523617555),('6s547kGxK0ulds3g6p3bAEP7C38KucwkGXk6kcGc',NULL,'52.209.30.187','Mozilla/5.0+(compatible; Cula/2.0; https://cula.io/)','YTozOntzOjY6Il90b2tlbiI7czo0MDoiTU81Um1UelNYOHNvaVpKdE1rdVkzbVVxZk5uSE5lRFdZVHVOc25hZCI7czo5OiJfcHJldmlvdXMiO2E6MTp7czozOiJ1cmwiO3M6MjA6Imh0dHA6Ly9hdXNhbnRlLmdyZWVuIjt9czo2OiJfZmxhc2giO2E6Mjp7czozOiJvbGQiO2E6MDp7fXM6MzoibmV3IjthOjA6e319fQ==',1523617436),('p57GW7Cu1t2vtTLRLNpyuDOepHv2JfTivQBVGJ0g',NULL,'52.209.30.187','Mozilla/5.0+(compatible; Cula/2.0; https://cula.io/)','YTozOntzOjY6Il90b2tlbiI7czo0MDoiRkhTeUViRmk5RGE2dEZIaVE1VjQyb2dHcDFJcXhJY2ltSDI3Y2JUaSI7czo5OiJfcHJldmlvdXMiO2E6MTp7czozOiJ1cmwiO3M6MjA6Imh0dHA6Ly9hdXNhbnRlLmdyZWVuIjt9czo2OiJfZmxhc2giO2E6Mjp7czozOiJvbGQiO2E6MDp7fXM6MzoibmV3IjthOjA6e319fQ==',1523617315),('wf1RcsIpNgc6xv4aBXPuec2Sopbz126JhvbkTXUb',NULL,'137.226.113.28','Mozilla/5.0 zgrab/0.x (compatible; Researchscan/t13l; +http://researchscan.comsys.rwth-aachen.de)','YTozOntzOjY6Il90b2tlbiI7czo0MDoicXBtNUFNQmpBbVY2NDNyMnQxUlNGSG1EbjRiSVFxb2ZtUlVESFpsMyI7czo5OiJfcHJldmlvdXMiO2E6MTp7czozOiJ1cmwiO3M6MjU6Imh0dHBzOi8vd3d3LmF1c2FudGUuZ3JlZW4iO31zOjY6Il9mbGFzaCI7YToyOntzOjM6Im9sZCI7YTowOnt9czozOiJuZXciO2E6MDp7fX19',1523616078),('WYofbfT2xzE0HobYurerqeIJOI6xy6tkE9oyVApP',NULL,'52.209.30.187','Mozilla/5.0+(compatible; Cula/2.0; https://cula.io/)','YTozOntzOjY6Il90b2tlbiI7czo0MDoieTc3SVJHcnR4SnN1MnNMdGVhRGVRNkF1SmdycENMOWdva3JCOWtYOSI7czo5OiJfcHJldmlvdXMiO2E6MTp7czozOiJ1cmwiO3M6MjA6Imh0dHA6Ly9hdXNhbnRlLmdyZWVuIjt9czo2OiJfZmxhc2giO2E6Mjp7czozOiJvbGQiO2E6MDp7fXM6MzoibmV3IjthOjA6e319fQ==',1523616115),('1v0IdowInhaii66K8piJst2ZGRZhpcDBuLiv0umi',NULL,'52.209.30.187','Mozilla/5.0+(compatible; Cula/2.0; https://cula.io/)','YTozOntzOjY6Il90b2tlbiI7czo0MDoiRGdFclRwVUFyNGZuRGpqUGVwczZZUHVrUXlHU1lnQUVLdE5NU2pLQyI7czo5OiJfcHJldmlvdXMiO2E6MTp7czozOiJ1cmwiO3M6MjA6Imh0dHA6Ly9hdXNhbnRlLmdyZWVuIjt9czo2OiJfZmxhc2giO2E6Mjp7czozOiJvbGQiO2E6MDp7fXM6MzoibmV3IjthOjA6e319fQ==',1523616235),('Nesj37CKwbbfY2woukE6PFxJ7mxAPWokTnfzyIp5',NULL,'52.209.30.187','Mozilla/5.0+(compatible; Cula/2.0; https://cula.io/)','YTozOntzOjY6Il90b2tlbiI7czo0MDoibkJCNXNJNDdhUFl2MGg0d1ZYclUyTlVTMGg3QnFhOG9oRGJzZUtoSyI7czo5OiJfcHJldmlvdXMiO2E6MTp7czozOiJ1cmwiO3M6MjA6Imh0dHA6Ly9hdXNhbnRlLmdyZWVuIjt9czo2OiJfZmxhc2giO2E6Mjp7czozOiJvbGQiO2E6MDp7fXM6MzoibmV3IjthOjA6e319fQ==',1523616356),('ScjisQZWqMjO0DbVNVTAwR3RwbBsEOwQJoRDcui9',NULL,'52.209.30.187','Mozilla/5.0+(compatible; Cula/2.0; https://cula.io/)','YTozOntzOjY6Il90b2tlbiI7czo0MDoieWJLYUtuSUNYOVBRb3l4VGNmaEx1eDcyZzJGdEN0eXh6RE9pQXdiOCI7czo5OiJfcHJldmlvdXMiO2E6MTp7czozOiJ1cmwiO3M6MjA6Imh0dHA6Ly9hdXNhbnRlLmdyZWVuIjt9czo2OiJfZmxhc2giO2E6Mjp7czozOiJvbGQiO2E6MDp7fXM6MzoibmV3IjthOjA6e319fQ==',1523616475),('vqIjAmCg3XxfSw81UJ1gtk4FqhcqL8MJTInoRs1Q',NULL,'52.209.30.187','Mozilla/5.0+(compatible; Cula/2.0; https://cula.io/)','YTozOntzOjY6Il90b2tlbiI7czo0MDoiZ1pkN2szNHJpUmd0c3k1R044VlZxREpWMkkya2NnTWlBeTczd2E0dSI7czo5OiJfcHJldmlvdXMiO2E6MTp7czozOiJ1cmwiO3M6MjA6Imh0dHA6Ly9hdXNhbnRlLmdyZWVuIjt9czo2OiJfZmxhc2giO2E6Mjp7czozOiJvbGQiO2E6MDp7fXM6MzoibmV3IjthOjA6e319fQ==',1523616595),('JJiElk55KhsJ5zy8hKOMBUA2ZtozhJ4NRA6gi6ga',NULL,'52.209.30.187','Mozilla/5.0+(compatible; Cula/2.0; https://cula.io/)','YTozOntzOjY6Il90b2tlbiI7czo0MDoid1RERXZiZk9nNDhhS2l2cmRKZ3E3YzNjdmNCdFZwdFA3RDExaG50ZyI7czo5OiJfcHJldmlvdXMiO2E6MTp7czozOiJ1cmwiO3M6MjA6Imh0dHA6Ly9hdXNhbnRlLmdyZWVuIjt9czo2OiJfZmxhc2giO2E6Mjp7czozOiJvbGQiO2E6MDp7fXM6MzoibmV3IjthOjA6e319fQ==',1523616715),('6rRiaKJhAgW5u0OkP2SUhqTwyb0CzERRQnQC4XOz',NULL,'52.209.30.187','Mozilla/5.0+(compatible; Cula/2.0; https://cula.io/)','YTozOntzOjY6Il90b2tlbiI7czo0MDoidzhIMHY5SUt6cVRwbEgwb1RzaTY2TlZUT20yUnpNWVhrZXlyY3pxMCI7czo5OiJfcHJldmlvdXMiO2E6MTp7czozOiJ1cmwiO3M6MjA6Imh0dHA6Ly9hdXNhbnRlLmdyZWVuIjt9czo2OiJfZmxhc2giO2E6Mjp7czozOiJvbGQiO2E6MDp7fXM6MzoibmV3IjthOjA6e319fQ==',1523616835),('P1rCZlviGv5u9hFb5OdevrFFQM8MAZvQZnFmKaxr',NULL,'52.209.30.187','Mozilla/5.0+(compatible; Cula/2.0; https://cula.io/)','YTozOntzOjY6Il90b2tlbiI7czo0MDoiZW5vMW9kSkg4T2ZlMGpFYTZMcHdtMlNRZUhJWDJocXRnWEJGc1g3ZCI7czo5OiJfcHJldmlvdXMiO2E6MTp7czozOiJ1cmwiO3M6MjA6Imh0dHA6Ly9hdXNhbnRlLmdyZWVuIjt9czo2OiJfZmxhc2giO2E6Mjp7czozOiJvbGQiO2E6MDp7fXM6MzoibmV3IjthOjA6e319fQ==',1523616956),('DshcntmqR8IYAiwxEryhd8TVWXdrCeRC4JkeAkB9',NULL,'52.209.30.187','Mozilla/5.0+(compatible; Cula/2.0; https://cula.io/)','YTozOntzOjY6Il90b2tlbiI7czo0MDoiRG5qNkpoNkVPR2NxaXI5SFUwMEJDVHVETGR2amV0bE92YTNMM2c0USI7czo5OiJfcHJldmlvdXMiO2E6MTp7czozOiJ1cmwiO3M6MjA6Imh0dHA6Ly9hdXNhbnRlLmdyZWVuIjt9czo2OiJfZmxhc2giO2E6Mjp7czozOiJvbGQiO2E6MDp7fXM6MzoibmV3IjthOjA6e319fQ==',1523617076),('IHuWnfMO35tyYx3ImtPSaz6ItK92kFdbmLvvd0cG',NULL,'52.209.30.187','Mozilla/5.0+(compatible; Cula/2.0; https://cula.io/)','YTozOntzOjY6Il90b2tlbiI7czo0MDoiekJoUkxJMVJNaHRnMjRSaUYxRVJhU2loOWhpVDMzSDVCS3J6dlMwSyI7czo5OiJfcHJldmlvdXMiO2E6MTp7czozOiJ1cmwiO3M6MjA6Imh0dHA6Ly9hdXNhbnRlLmdyZWVuIjt9czo2OiJfZmxhc2giO2E6Mjp7czozOiJvbGQiO2E6MDp7fXM6MzoibmV3IjthOjA6e319fQ==',1523617195),('t5yzaLFlJ0QVpF5A2ViofCN0YurfpqcoJMMltPr7',NULL,'52.209.30.187','Mozilla/5.0+(compatible; Cula/2.0; https://cula.io/)','YTozOntzOjY6Il90b2tlbiI7czo0MDoiSllrbjVwQlhEVlVyVXBMcTBhRU41b2U3eGg5ZExERGZuQWhjc2NXbyI7czo5OiJfcHJldmlvdXMiO2E6MTp7czozOiJ1cmwiO3M6MjA6Imh0dHA6Ly9hdXNhbnRlLmdyZWVuIjt9czo2OiJfZmxhc2giO2E6Mjp7czozOiJvbGQiO2E6MDp7fXM6MzoibmV3IjthOjA6e319fQ==',1523621875),('ix3zDAMIrgLsHi0LU4Mtv4OTPKy80A0EdoiMbid2',NULL,'52.209.30.187','Mozilla/5.0+(compatible; Cula/2.0; https://cula.io/)','YTozOntzOjY6Il90b2tlbiI7czo0MDoiV0JkR0E1Sld3Uk9lUmtqZkRXbDJrbmVtSTB3YWlOY016TGNMTVdZRyI7czo5OiJfcHJldmlvdXMiO2E6MTp7czozOiJ1cmwiO3M6MjA6Imh0dHA6Ly9hdXNhbnRlLmdyZWVuIjt9czo2OiJfZmxhc2giO2E6Mjp7czozOiJvbGQiO2E6MDp7fXM6MzoibmV3IjthOjA6e319fQ==',1523621755),('sQ3GXi4kyIjhGibQUQ5LRwX3Bq7lpT0w0WnZmECe',NULL,'52.209.30.187','Mozilla/5.0+(compatible; Cula/2.0; https://cula.io/)','YTozOntzOjY6Il90b2tlbiI7czo0MDoiNUl5cHd2RkFQOFBrNGhOamd5dnkwZkdoTWpEMmYyQkdyajFEMEYwViI7czo5OiJfcHJldmlvdXMiO2E6MTp7czozOiJ1cmwiO3M6MjA6Imh0dHA6Ly9hdXNhbnRlLmdyZWVuIjt9czo2OiJfZmxhc2giO2E6Mjp7czozOiJvbGQiO2E6MDp7fXM6MzoibmV3IjthOjA6e319fQ==',1523610956),('l5UJxXHAQBcCs5CMJKw3RiNETdnKczXUVbOghdZc',NULL,'52.209.30.187','Mozilla/5.0+(compatible; Cula/2.0; https://cula.io/)','YTozOntzOjY6Il90b2tlbiI7czo0MDoiOW5CVHd1VjhhN2h2NTVhRmFGNWFqbXlzTEFrdzJremNSZFM1aXpnOSI7czo5OiJfcHJldmlvdXMiO2E6MTp7czozOiJ1cmwiO3M6MjA6Imh0dHA6Ly9hdXNhbnRlLmdyZWVuIjt9czo2OiJfZmxhc2giO2E6Mjp7czozOiJvbGQiO2E6MDp7fXM6MzoibmV3IjthOjA6e319fQ==',1523611075),('xGqraSpT771N0ZZamvqN4fjaxFTUkZfw7TWrdWcr',NULL,'52.209.30.187','Mozilla/5.0+(compatible; Cula/2.0; https://cula.io/)','YTozOntzOjY6Il90b2tlbiI7czo0MDoiMlJObWJkN1hmSGkxN0tocmdqNUpXcEtTNEFMNzFieTFYdktoaEQyRyI7czo5OiJfcHJldmlvdXMiO2E6MTp7czozOiJ1cmwiO3M6MjA6Imh0dHA6Ly9hdXNhbnRlLmdyZWVuIjt9czo2OiJfZmxhc2giO2E6Mjp7czozOiJvbGQiO2E6MDp7fXM6MzoibmV3IjthOjA6e319fQ==',1523611196),('2BJwhixsjeBxPqRKjrUxL6JJXohb3zTiERhbvZFJ',NULL,'52.209.30.187','Mozilla/5.0+(compatible; Cula/2.0; https://cula.io/)','YTozOntzOjY6Il90b2tlbiI7czo0MDoiNUxLWThNSHdlWnFkdExGOGVwbkFJVnRPeExOSzZ5VFZJdkZSRkowZyI7czo5OiJfcHJldmlvdXMiO2E6MTp7czozOiJ1cmwiO3M6MjA6Imh0dHA6Ly9hdXNhbnRlLmdyZWVuIjt9czo2OiJfZmxhc2giO2E6Mjp7czozOiJvbGQiO2E6MDp7fXM6MzoibmV3IjthOjA6e319fQ==',1523611315),('kYjtUvt2XY2ZTZl3vio0EIF4DJyyGnTPrRpSVT5J',NULL,'52.209.30.187','Mozilla/5.0+(compatible; Cula/2.0; https://cula.io/)','YTozOntzOjY6Il90b2tlbiI7czo0MDoieGxSRmJNUUlMaTQ3TEZqc2hkMUlQWEhzb1BDY0YyY0NFbGl5VHBmTyI7czo5OiJfcHJldmlvdXMiO2E6MTp7czozOiJ1cmwiO3M6MjA6Imh0dHA6Ly9hdXNhbnRlLmdyZWVuIjt9czo2OiJfZmxhc2giO2E6Mjp7czozOiJvbGQiO2E6MDp7fXM6MzoibmV3IjthOjA6e319fQ==',1523611436),('Jz34hV0zNhqaXyO9GtnpRm82vuwoEJ5MUloeFjw4',NULL,'52.209.30.187','Mozilla/5.0+(compatible; Cula/2.0; https://cula.io/)','YTozOntzOjY6Il90b2tlbiI7czo0MDoiSlhzb3ltRGs5aFprRmU3eDBBMFpjMW0wdnB5YndaV2d6NlE4TW9DeSI7czo5OiJfcHJldmlvdXMiO2E6MTp7czozOiJ1cmwiO3M6MjA6Imh0dHA6Ly9hdXNhbnRlLmdyZWVuIjt9czo2OiJfZmxhc2giO2E6Mjp7czozOiJvbGQiO2E6MDp7fXM6MzoibmV3IjthOjA6e319fQ==',1523611555),('CjrHCPTI4gPcXEwKwhKRk0Gsk9ktkBiQ3vPj911l',NULL,'52.209.30.187','Mozilla/5.0+(compatible; Cula/2.0; https://cula.io/)','YTozOntzOjY6Il90b2tlbiI7czo0MDoiUEViUGU2WllUTDBzMmRRU3dWQzdxSmFXYmw3ekx6UjQ2dUJ4a3l0OCI7czo5OiJfcHJldmlvdXMiO2E6MTp7czozOiJ1cmwiO3M6MjA6Imh0dHA6Ly9hdXNhbnRlLmdyZWVuIjt9czo2OiJfZmxhc2giO2E6Mjp7czozOiJvbGQiO2E6MDp7fXM6MzoibmV3IjthOjA6e319fQ==',1523611676),('CuWs5N2JAPO62e5qZI7nrLFNcQIjj5uoMxn0Ioov',NULL,'52.209.30.187','Mozilla/5.0+(compatible; Cula/2.0; https://cula.io/)','YTozOntzOjY6Il90b2tlbiI7czo0MDoicUp2RTB1RGxhb1ptRUNjQ25ER3QwcHNoZDRUU1RQZWFQdEZ2MmpoMSI7czo5OiJfcHJldmlvdXMiO2E6MTp7czozOiJ1cmwiO3M6MjA6Imh0dHA6Ly9hdXNhbnRlLmdyZWVuIjt9czo2OiJfZmxhc2giO2E6Mjp7czozOiJvbGQiO2E6MDp7fXM6MzoibmV3IjthOjA6e319fQ==',1523611796),('dCY1vULP5fDg270KouIvDOR0DJC4eAGopn7MopYj',NULL,'52.209.30.187','Mozilla/5.0+(compatible; Cula/2.0; https://cula.io/)','YTozOntzOjY6Il90b2tlbiI7czo0MDoiaGhQbmhHclp5ZGh3WnF6cHJPNXlBcHBNY3RFd3JUemh1M3UyWUYzdyI7czo5OiJfcHJldmlvdXMiO2E6MTp7czozOiJ1cmwiO3M6MjA6Imh0dHA6Ly9hdXNhbnRlLmdyZWVuIjt9czo2OiJfZmxhc2giO2E6Mjp7czozOiJvbGQiO2E6MDp7fXM6MzoibmV3IjthOjA6e319fQ==',1523611915),('BJvqcOB9Ktc2NWn1DGCdyUrlsxLTDA0VlzhMHpue',NULL,'52.209.30.187','Mozilla/5.0+(compatible; Cula/2.0; https://cula.io/)','YTozOntzOjY6Il90b2tlbiI7czo0MDoiN2FVMEhiWWN4bVhYN25jZ2pyOVZtbzEweTZTY01YVzNYeFpLVGVHSCI7czo5OiJfcHJldmlvdXMiO2E6MTp7czozOiJ1cmwiO3M6MjA6Imh0dHA6Ly9hdXNhbnRlLmdyZWVuIjt9czo2OiJfZmxhc2giO2E6Mjp7czozOiJvbGQiO2E6MDp7fXM6MzoibmV3IjthOjA6e319fQ==',1523612036),('pFB1GaVaqNDgaf3lcIb1PZ1LZI43luza6x2BvRBP',NULL,'52.209.30.187','Mozilla/5.0+(compatible; Cula/2.0; https://cula.io/)','YTozOntzOjY6Il90b2tlbiI7czo0MDoiTGptamR2Q0s3ZmhnWGZ3dmZGSzdwZHdVWlVWNGYzWDNPZTBFTU8zMCI7czo5OiJfcHJldmlvdXMiO2E6MTp7czozOiJ1cmwiO3M6MjA6Imh0dHA6Ly9hdXNhbnRlLmdyZWVuIjt9czo2OiJfZmxhc2giO2E6Mjp7czozOiJvbGQiO2E6MDp7fXM6MzoibmV3IjthOjA6e319fQ==',1523612155),('inGUGz1osWeaFMlf98pCYHLhZGv0qRVf306zw9S5',NULL,'52.209.30.187','Mozilla/5.0+(compatible; Cula/2.0; https://cula.io/)','YTozOntzOjY6Il90b2tlbiI7czo0MDoieGV3MzdlVlJkV0tIdnZwbGVQdEZjcHZSQ2RJcll5VUU5ZUc3S3hPMiI7czo5OiJfcHJldmlvdXMiO2E6MTp7czozOiJ1cmwiO3M6MjA6Imh0dHA6Ly9hdXNhbnRlLmdyZWVuIjt9czo2OiJfZmxhc2giO2E6Mjp7czozOiJvbGQiO2E6MDp7fXM6MzoibmV3IjthOjA6e319fQ==',1523612276),('3assnoBTs2glDtaVTTH5B6b3Si3rkEvS3YVyvzBP',NULL,'52.209.30.187','Mozilla/5.0+(compatible; Cula/2.0; https://cula.io/)','YTozOntzOjY6Il90b2tlbiI7czo0MDoib1EybE14VU85M1AzU1F1cGNnU2Z1S2I4ckkxZVJ5em02cWl0YVVweiI7czo5OiJfcHJldmlvdXMiO2E6MTp7czozOiJ1cmwiO3M6MjA6Imh0dHA6Ly9hdXNhbnRlLmdyZWVuIjt9czo2OiJfZmxhc2giO2E6Mjp7czozOiJvbGQiO2E6MDp7fXM6MzoibmV3IjthOjA6e319fQ==',1523612395),('zGEDfYlx3wwASOEa7q2eUF8UVC1C4r3jTrZGorAL',NULL,'52.209.30.187','Mozilla/5.0+(compatible; Cula/2.0; https://cula.io/)','YTozOntzOjY6Il90b2tlbiI7czo0MDoiQ0RmbTczVEU3Y01NVUdoQ0hkQnhsclQ1NlVGaVozcVEwMDJLWnVwWCI7czo5OiJfcHJldmlvdXMiO2E6MTp7czozOiJ1cmwiO3M6MjA6Imh0dHA6Ly9hdXNhbnRlLmdyZWVuIjt9czo2OiJfZmxhc2giO2E6Mjp7czozOiJvbGQiO2E6MDp7fXM6MzoibmV3IjthOjA6e319fQ==',1523612516),('U8fjqq2KtaZJvCKMnXaLOqHCvwgNI0mqnp1P3Q99',NULL,'52.209.30.187','Mozilla/5.0+(compatible; Cula/2.0; https://cula.io/)','YTozOntzOjY6Il90b2tlbiI7czo0MDoiY0k0VTg4M0YzNVhjeGE2aXhPVEJ4Y2hweEZrTjY4a0VpMms1TnJlMCI7czo5OiJfcHJldmlvdXMiO2E6MTp7czozOiJ1cmwiO3M6MjA6Imh0dHA6Ly9hdXNhbnRlLmdyZWVuIjt9czo2OiJfZmxhc2giO2E6Mjp7czozOiJvbGQiO2E6MDp7fXM6MzoibmV3IjthOjA6e319fQ==',1523612636),('rzMVlZu8jzcsalgjuLQkNLbHIq0rXtkZNsRS8jlN',NULL,'52.209.30.187','Mozilla/5.0+(compatible; Cula/2.0; https://cula.io/)','YTozOntzOjY6Il90b2tlbiI7czo0MDoiWGRVUHdqYTZ4OWNwbnA3ZURkR1BRQXczRVUwUjJOck1FajVQSXJWMyI7czo5OiJfcHJldmlvdXMiO2E6MTp7czozOiJ1cmwiO3M6MjA6Imh0dHA6Ly9hdXNhbnRlLmdyZWVuIjt9czo2OiJfZmxhc2giO2E6Mjp7czozOiJvbGQiO2E6MDp7fXM6MzoibmV3IjthOjA6e319fQ==',1523617795),('S6okWIr2WNMfBfdugcfU3GsILCSby20B6IjEwdB6',NULL,'52.209.30.187','Mozilla/5.0+(compatible; Cula/2.0; https://cula.io/)','YTozOntzOjY6Il90b2tlbiI7czo0MDoiNXJGZXRPQkdaT2d4OXdXYjRrMUx3MFlwR2llTUl1Y2Qyc3U0Q3dKMSI7czo5OiJfcHJldmlvdXMiO2E6MTp7czozOiJ1cmwiO3M6MjA6Imh0dHA6Ly9hdXNhbnRlLmdyZWVuIjt9czo2OiJfZmxhc2giO2E6Mjp7czozOiJvbGQiO2E6MDp7fXM6MzoibmV3IjthOjA6e319fQ==',1523617915),('5aJ3yMWLRS35of0NcxDUPZIILE2aRn1xedIaAKuP',NULL,'52.209.30.187','Mozilla/5.0+(compatible; Cula/2.0; https://cula.io/)','YTozOntzOjY6Il90b2tlbiI7czo0MDoicldBT3F4a0FmTHRZcjdyVEJlYllKN3FXOWVkcmlyRWJQeWpuUzdlWiI7czo5OiJfcHJldmlvdXMiO2E6MTp7czozOiJ1cmwiO3M6MjA6Imh0dHA6Ly9hdXNhbnRlLmdyZWVuIjt9czo2OiJfZmxhc2giO2E6Mjp7czozOiJvbGQiO2E6MDp7fXM6MzoibmV3IjthOjA6e319fQ==',1523621635),('znzS0AHUeb6YMFUgzJBbRpcrmmaMa1mVh7uWwsjm',NULL,'52.209.30.187','Mozilla/5.0+(compatible; Cula/2.0; https://cula.io/)','YTozOntzOjY6Il90b2tlbiI7czo0MDoiaGJrMVAwSU9tREhGR3BNc3QzMkNLQTRMUFRQaXRSQVNZNHg2ZVVvSiI7czo5OiJfcHJldmlvdXMiO2E6MTp7czozOiJ1cmwiO3M6MjA6Imh0dHA6Ly9hdXNhbnRlLmdyZWVuIjt9czo2OiJfZmxhc2giO2E6Mjp7czozOiJvbGQiO2E6MDp7fXM6MzoibmV3IjthOjA6e319fQ==',1523621515),('wrRXZXJHAWAxpG3pHqEguR4adFTkPdKT6aKWO0zH',NULL,'52.209.30.187','Mozilla/5.0+(compatible; Cula/2.0; https://cula.io/)','YTozOntzOjY6Il90b2tlbiI7czo0MDoiZVhOd1V4QnNYUnNZa3hlaGNKWTNDZFRTNzZ3aUI5WFN1b3lxYVFZbyI7czo5OiJfcHJldmlvdXMiO2E6MTp7czozOiJ1cmwiO3M6MjA6Imh0dHA6Ly9hdXNhbnRlLmdyZWVuIjt9czo2OiJfZmxhc2giO2E6Mjp7czozOiJvbGQiO2E6MDp7fXM6MzoibmV3IjthOjA6e319fQ==',1523621395),('W2Grkwi7ZnjeQxXudxxykl1D42Srq3pYAnC1jjKT',NULL,'52.209.30.187','Mozilla/5.0+(compatible; Cula/2.0; https://cula.io/)','YTozOntzOjY6Il90b2tlbiI7czo0MDoiS3Q1dmF5N3NiMnN4cGNyc21HcFZGRFZtakpEbGtKOHRRYnlXb1Y5cSI7czo5OiJfcHJldmlvdXMiO2E6MTp7czozOiJ1cmwiO3M6MjA6Imh0dHA6Ly9hdXNhbnRlLmdyZWVuIjt9czo2OiJfZmxhc2giO2E6Mjp7czozOiJvbGQiO2E6MDp7fXM6MzoibmV3IjthOjA6e319fQ==',1523620555),('vLeYn4gTQGuNeh9F7hMtthfb72NiPidgOLNLQOmx',NULL,'52.209.30.187','Mozilla/5.0+(compatible; Cula/2.0; https://cula.io/)','YTozOntzOjY6Il90b2tlbiI7czo0MDoiSkVaTk11bFVyQTU5azFCdFhHdGhhcWt5S1A3V2Nob3BVSERHNXVJdiI7czo5OiJfcHJldmlvdXMiO2E6MTp7czozOiJ1cmwiO3M6MjA6Imh0dHA6Ly9hdXNhbnRlLmdyZWVuIjt9czo2OiJfZmxhc2giO2E6Mjp7czozOiJvbGQiO2E6MDp7fXM6MzoibmV3IjthOjA6e319fQ==',1523618036),('YKUt67izrz70tS2tianoJG3Ow7hp5SuGgTyrgSaN',NULL,'52.209.30.187','Mozilla/5.0+(compatible; Cula/2.0; https://cula.io/)','YTozOntzOjY6Il90b2tlbiI7czo0MDoiOHJiZFJSTk5jazM5aTFPQ2tpbmpLM2p4Z3BPOExjTUZqVVdsMmhEMSI7czo5OiJfcHJldmlvdXMiO2E6MTp7czozOiJ1cmwiO3M6MjA6Imh0dHA6Ly9hdXNhbnRlLmdyZWVuIjt9czo2OiJfZmxhc2giO2E6Mjp7czozOiJvbGQiO2E6MDp7fXM6MzoibmV3IjthOjA6e319fQ==',1523618156),('gyvekGTgQzJHrvIFkW1hkJqlR33BLRFAYg2BkGFX',NULL,'52.209.30.187','Mozilla/5.0+(compatible; Cula/2.0; https://cula.io/)','YTozOntzOjY6Il90b2tlbiI7czo0MDoiaWtvOTkwSzRUa1RJTlJKQ0JqRHNFeHFvQ1RXdjgzd2RrNkZpajIxMyI7czo5OiJfcHJldmlvdXMiO2E6MTp7czozOiJ1cmwiO3M6MjA6Imh0dHA6Ly9hdXNhbnRlLmdyZWVuIjt9czo2OiJfZmxhc2giO2E6Mjp7czozOiJvbGQiO2E6MDp7fXM6MzoibmV3IjthOjA6e319fQ==',1523618275),('wCacx8YecXkbCBdiFlnIECHoqAw1u4fM3Nd8xrz5',NULL,'52.209.30.187','Mozilla/5.0+(compatible; Cula/2.0; https://cula.io/)','YTozOntzOjY6Il90b2tlbiI7czo0MDoiT05rUkFLTE5TNGFjd1AwaG9LbXRlcjdnSWdlQ3lwOXNaRnFWZkhLZyI7czo5OiJfcHJldmlvdXMiO2E6MTp7czozOiJ1cmwiO3M6MjA6Imh0dHA6Ly9hdXNhbnRlLmdyZWVuIjt9czo2OiJfZmxhc2giO2E6Mjp7czozOiJvbGQiO2E6MDp7fXM6MzoibmV3IjthOjA6e319fQ==',1523618395),('O67IzgzKJezGpIHCvjhFFctgnuH9omIQR0urJmqQ',NULL,'52.209.30.187','Mozilla/5.0+(compatible; Cula/2.0; https://cula.io/)','YTozOntzOjY6Il90b2tlbiI7czo0MDoiakpwTDRpOTBjYVZ3bHUyNlBpR2l6TWZWSEtTRUFjNjk4Zk5zNDltcyI7czo5OiJfcHJldmlvdXMiO2E6MTp7czozOiJ1cmwiO3M6MjA6Imh0dHA6Ly9hdXNhbnRlLmdyZWVuIjt9czo2OiJfZmxhc2giO2E6Mjp7czozOiJvbGQiO2E6MDp7fXM6MzoibmV3IjthOjA6e319fQ==',1523618515),('D1sps4QjFX8clngRtOlGIGtPEeoUovZPJ5eWXH1y',NULL,'52.209.30.187','Mozilla/5.0+(compatible; Cula/2.0; https://cula.io/)','YTozOntzOjY6Il90b2tlbiI7czo0MDoieUxxdzUzQ240ZTNkU0NCZEpSM1hpU0YwbFdMcURxM0ZmV3hvSVNqVSI7czo5OiJfcHJldmlvdXMiO2E6MTp7czozOiJ1cmwiO3M6MjA6Imh0dHA6Ly9hdXNhbnRlLmdyZWVuIjt9czo2OiJfZmxhc2giO2E6Mjp7czozOiJvbGQiO2E6MDp7fXM6MzoibmV3IjthOjA6e319fQ==',1523618635),('hVGJzPIcYmvv8vmUo32miCVhb80r2cSBeanj2cyP',NULL,'52.209.30.187','Mozilla/5.0+(compatible; Cula/2.0; https://cula.io/)','YTozOntzOjY6Il90b2tlbiI7czo0MDoiQXJEekZHa1ltUWdIMXVrU0lkQlliVG1uaUp5dmpBUFVQZGZ5aUgxbCI7czo5OiJfcHJldmlvdXMiO2E6MTp7czozOiJ1cmwiO3M6MjA6Imh0dHA6Ly9hdXNhbnRlLmdyZWVuIjt9czo2OiJfZmxhc2giO2E6Mjp7czozOiJvbGQiO2E6MDp7fXM6MzoibmV3IjthOjA6e319fQ==',1523618755),('qdq2yxsV3XDgNZZu1sor4XKqWptdyPs3Uhy4xOBF',NULL,'52.209.30.187','Mozilla/5.0+(compatible; Cula/2.0; https://cula.io/)','YTozOntzOjY6Il90b2tlbiI7czo0MDoiUnlGdngybUFwdnpoMDJzZkVhZGpuSnNad25FbENwbVNvTjIwVzFXVCI7czo5OiJfcHJldmlvdXMiO2E6MTp7czozOiJ1cmwiO3M6MjA6Imh0dHA6Ly9hdXNhbnRlLmdyZWVuIjt9czo2OiJfZmxhc2giO2E6Mjp7czozOiJvbGQiO2E6MDp7fXM6MzoibmV3IjthOjA6e319fQ==',1523618875),('4XXTjgSdigzEcZrWlEeygaXsv9roZcsbk7OunOVm',NULL,'52.209.30.187','Mozilla/5.0+(compatible; Cula/2.0; https://cula.io/)','YTozOntzOjY6Il90b2tlbiI7czo0MDoiWFNweTRiZ2lZVE14WnpUdHpCSkN0U2I0bEdNNTg4Q1dkemRlQ3UxeiI7czo5OiJfcHJldmlvdXMiO2E6MTp7czozOiJ1cmwiO3M6MjA6Imh0dHA6Ly9hdXNhbnRlLmdyZWVuIjt9czo2OiJfZmxhc2giO2E6Mjp7czozOiJvbGQiO2E6MDp7fXM6MzoibmV3IjthOjA6e319fQ==',1523618995),('5TT7QrCekg0qZE5yfN1uzMan7Xb4pLEgV6xL1THs',NULL,'52.209.30.187','Mozilla/5.0+(compatible; Cula/2.0; https://cula.io/)','YTozOntzOjY6Il90b2tlbiI7czo0MDoid2xBMk5tWTF3R0ZiSnRURDh0QUJubktqbTZvcnB6ckU2dzRhUlRzbSI7czo5OiJfcHJldmlvdXMiO2E6MTp7czozOiJ1cmwiO3M6MjA6Imh0dHA6Ly9hdXNhbnRlLmdyZWVuIjt9czo2OiJfZmxhc2giO2E6Mjp7czozOiJvbGQiO2E6MDp7fXM6MzoibmV3IjthOjA6e319fQ==',1523619116),('qVcFXFiJOY7WuT8K9EHZk5XsFSg1PldlwRcOzMIj',NULL,'52.209.30.187','Mozilla/5.0+(compatible; Cula/2.0; https://cula.io/)','YTozOntzOjY6Il90b2tlbiI7czo0MDoiTVBhTFh6VlhxeWFPdk1OejZmZTNSbklsd2RDTkd5OVlnQjBjd2N4TyI7czo5OiJfcHJldmlvdXMiO2E6MTp7czozOiJ1cmwiO3M6MjA6Imh0dHA6Ly9hdXNhbnRlLmdyZWVuIjt9czo2OiJfZmxhc2giO2E6Mjp7czozOiJvbGQiO2E6MDp7fXM6MzoibmV3IjthOjA6e319fQ==',1523619236),('Wlh4kVpK7CIiQclUJyzOtT18tXubdt0DohIC6XU0',NULL,'52.209.30.187','Mozilla/5.0+(compatible; Cula/2.0; https://cula.io/)','YTozOntzOjY6Il90b2tlbiI7czo0MDoiczE1MHJucklKa2MzUGcyQUV3NnRFWTdITUZxc1pZd0ZFN2JKWFF3TyI7czo5OiJfcHJldmlvdXMiO2E6MTp7czozOiJ1cmwiO3M6MjA6Imh0dHA6Ly9hdXNhbnRlLmdyZWVuIjt9czo2OiJfZmxhc2giO2E6Mjp7czozOiJvbGQiO2E6MDp7fXM6MzoibmV3IjthOjA6e319fQ==',1523619355),('E8oKP5niaaX3ecW4ArATHT5jdfLqtksNaz9g3Oed',NULL,'137.226.113.26','Mozilla/5.0 zgrab/0.x (compatible; Researchscan/t12sns; +http://researchscan.comsys.rwth-aachen.de)','YTozOntzOjY6Il90b2tlbiI7czo0MDoiQk1qc3hRRHIzMmlFdHFTamdIeDdnckJ0NFNkM3FjUXEyNWc5Y0JpWSI7czo5OiJfcHJldmlvdXMiO2E6MTp7czozOiJ1cmwiO3M6MjU6Imh0dHBzOi8vd3d3LmF1c2FudGUuZ3JlZW4iO31zOjY6Il9mbGFzaCI7YToyOntzOjM6Im9sZCI7YTowOnt9czozOiJuZXciO2E6MDp7fX19',1523616076),('OSwWfhCsheMKvJQTSEu0LjYenyHIwQjJiFHZd0mm',NULL,'137.226.113.28','Mozilla/5.0 zgrab/0.x (compatible; Researchscan/t13rl; +http://researchscan.comsys.rwth-aachen.de)','YTozOntzOjY6Il90b2tlbiI7czo0MDoiSTFWeVFCTzhjT3ZydkxhMzI2NkZ0amZxSGVHRFpQYVNrVmgxZW9ZUSI7czo5OiJfcHJldmlvdXMiO2E6MTp7czozOiJ1cmwiO3M6MjU6Imh0dHBzOi8vd3d3LmF1c2FudGUuZ3JlZW4iO31zOjY6Il9mbGFzaCI7YToyOntzOjM6Im9sZCI7YTowOnt9czozOiJuZXciO2E6MDp7fX19',1523616076),('kPvT7LV3rYwl5J6eA5ncnAU5wOasWGUh4Do0VfwX',NULL,'137.226.113.28','Mozilla/5.0 zgrab/0.x (compatible; Researchscan/t12sns; +http://researchscan.comsys.rwth-aachen.de)','YTozOntzOjY6Il90b2tlbiI7czo0MDoiSDZwY1FuOEVSNHg5YjVSM0VuTEZlSDF6OHdZN29tU09VN05KYjNVdiI7czo5OiJfcHJldmlvdXMiO2E6MTp7czozOiJ1cmwiO3M6MTg6Imh0dHBzOi8vNTIuMjIwLjguNSI7fXM6NjoiX2ZsYXNoIjthOjI6e3M6Mzoib2xkIjthOjA6e31zOjM6Im5ldyI7YTowOnt9fX0=',1523616075),('Z0zM7oajyDX1SSDOjxWkBn2DV8eP0BoA4RI14voz',NULL,'52.209.30.187','Mozilla/5.0+(compatible; Cula/2.0; https://cula.io/)','YTozOntzOjY6Il90b2tlbiI7czo0MDoieHFTVDRIdXg2ZjJtRWJBMm1LRHBVektWdHR1U2pEVHNPUDJaYzFoTyI7czo5OiJfcHJldmlvdXMiO2E6MTp7czozOiJ1cmwiO3M6MjA6Imh0dHA6Ly9hdXNhbnRlLmdyZWVuIjt9czo2OiJfZmxhc2giO2E6Mjp7czozOiJvbGQiO2E6MDp7fXM6MzoibmV3IjthOjA6e319fQ==',1523615996),('fvfqBBEodUtcSIZile2Ni57njeO0CSXhXbWDJkr8',NULL,'52.209.30.187','Mozilla/5.0+(compatible; Cula/2.0; https://cula.io/)','YTozOntzOjY6Il90b2tlbiI7czo0MDoibW12TVh6dmJFR2VpSWFJa3FsUXNhakR0QjU5M3BWclpsYnhKZmJ4dCI7czo5OiJfcHJldmlvdXMiO2E6MTp7czozOiJ1cmwiO3M6MjA6Imh0dHA6Ly9hdXNhbnRlLmdyZWVuIjt9czo2OiJfZmxhc2giO2E6Mjp7czozOiJvbGQiO2E6MDp7fXM6MzoibmV3IjthOjA6e319fQ==',1523615875),('p1HxFbANlxxUsHR9fzmpqEv8jpHO9ItxDExfuMOF',NULL,'52.209.30.187','Mozilla/5.0+(compatible; Cula/2.0; https://cula.io/)','YTozOntzOjY6Il90b2tlbiI7czo0MDoiSTNTTDdoNFpsWWVxM3BORVk2eG1EUmtWSmpkcTZ2UmVaeUhzNlFqQiI7czo5OiJfcHJldmlvdXMiO2E6MTp7czozOiJ1cmwiO3M6MjA6Imh0dHA6Ly9hdXNhbnRlLmdyZWVuIjt9czo2OiJfZmxhc2giO2E6Mjp7czozOiJvbGQiO2E6MDp7fXM6MzoibmV3IjthOjA6e319fQ==',1523615756),('cFR7HpbmHua6QL9LCzY7rgKrgjC6OIMDY85jxunT',NULL,'52.209.30.187','Mozilla/5.0+(compatible; Cula/2.0; https://cula.io/)','YTozOntzOjY6Il90b2tlbiI7czo0MDoidXFhWUxWcUxqajFxVXdOVVVMbGlQWE5SYm5HclVFSTBJV2pucEY5cyI7czo5OiJfcHJldmlvdXMiO2E6MTp7czozOiJ1cmwiO3M6MjA6Imh0dHA6Ly9hdXNhbnRlLmdyZWVuIjt9czo2OiJfZmxhc2giO2E6Mjp7czozOiJvbGQiO2E6MDp7fXM6MzoibmV3IjthOjA6e319fQ==',1523615635),('l48HHg2AnNTglne513n5HiArqVSW9yWXFjsroxgf',NULL,'52.209.30.187','Mozilla/5.0+(compatible; Cula/2.0; https://cula.io/)','YTozOntzOjY6Il90b2tlbiI7czo0MDoiWTZFa09NSnNsd0lkRXZVWFpVZGl5c01OTTZFdDdvdEI1dzZUeDV1ViI7czo5OiJfcHJldmlvdXMiO2E6MTp7czozOiJ1cmwiO3M6MjA6Imh0dHA6Ly9hdXNhbnRlLmdyZWVuIjt9czo2OiJfZmxhc2giO2E6Mjp7czozOiJvbGQiO2E6MDp7fXM6MzoibmV3IjthOjA6e319fQ==',1523615518),('SQcyePWVsLXfRvW9ccwulvG117we074daGYUSQFc',NULL,'52.209.30.187','Mozilla/5.0+(compatible; Cula/2.0; https://cula.io/)','YTozOntzOjY6Il90b2tlbiI7czo0MDoiWjA2VDFkRDNzZXZGdFIxNzFzc00waGlVbWtlaWswRXU5Zk9VSHZFVyI7czo5OiJfcHJldmlvdXMiO2E6MTp7czozOiJ1cmwiO3M6MjA6Imh0dHA6Ly9hdXNhbnRlLmdyZWVuIjt9czo2OiJfZmxhc2giO2E6Mjp7czozOiJvbGQiO2E6MDp7fXM6MzoibmV3IjthOjA6e319fQ==',1523615395),('6Ui1pJvstij9h3W6rR7cVovGHP3QaG7Jar5AFShH',NULL,'52.209.30.187','Mozilla/5.0+(compatible; Cula/2.0; https://cula.io/)','YTozOntzOjY6Il90b2tlbiI7czo0MDoiUWJWZWxyWTlNSHQ4MGVVNllQRm9tNTVsZjN4N1V2M1RzbnhYcmgzQyI7czo5OiJfcHJldmlvdXMiO2E6MTp7czozOiJ1cmwiO3M6MjA6Imh0dHA6Ly9hdXNhbnRlLmdyZWVuIjt9czo2OiJfZmxhc2giO2E6Mjp7czozOiJvbGQiO2E6MDp7fXM6MzoibmV3IjthOjA6e319fQ==',1523615275),('jLkXJneyjmogB300kkJGvP6dI22OIhOddDs1CrUD',NULL,'52.209.30.187','Mozilla/5.0+(compatible; Cula/2.0; https://cula.io/)','YTozOntzOjY6Il90b2tlbiI7czo0MDoielc1SHM4NjhWN3BubkJheTVFM3JTbGVSYVJ2NXNFUmo0Z01NUVh1SiI7czo5OiJfcHJldmlvdXMiO2E6MTp7czozOiJ1cmwiO3M6MjA6Imh0dHA6Ly9hdXNhbnRlLmdyZWVuIjt9czo2OiJfZmxhc2giO2E6Mjp7czozOiJvbGQiO2E6MDp7fXM6MzoibmV3IjthOjA6e319fQ==',1523615155),('f1lpAJkHYcjkrvl96n8xG1bkKFuqPdeYn56Qpr5D',NULL,'52.209.30.187','Mozilla/5.0+(compatible; Cula/2.0; https://cula.io/)','YTozOntzOjY6Il90b2tlbiI7czo0MDoiWlUzaFdXSlVtYTNnOUR1NGJmcjN1Vk0ySFNIVERlc1FXMVJPY2JhUyI7czo5OiJfcHJldmlvdXMiO2E6MTp7czozOiJ1cmwiO3M6MjA6Imh0dHA6Ly9hdXNhbnRlLmdyZWVuIjt9czo2OiJfZmxhc2giO2E6Mjp7czozOiJvbGQiO2E6MDp7fXM6MzoibmV3IjthOjA6e319fQ==',1523615035),('6zibQgpUaBA2XIvfgGXRmfKAIZ1rhWLgK2VqTNru',NULL,'52.209.30.187','Mozilla/5.0+(compatible; Cula/2.0; https://cula.io/)','YTozOntzOjY6Il90b2tlbiI7czo0MDoia2F5bVFmYWlkM2NNWnFzSWR3azh0ZVNDQzJHVldpWFRKQVVHUHN4UyI7czo5OiJfcHJldmlvdXMiO2E6MTp7czozOiJ1cmwiO3M6MjA6Imh0dHA6Ly9hdXNhbnRlLmdyZWVuIjt9czo2OiJfZmxhc2giO2E6Mjp7czozOiJvbGQiO2E6MDp7fXM6MzoibmV3IjthOjA6e319fQ==',1523614916),('LOe5Wyn2xPB5Kk0JPYPLx6wKeujTlH2PXnq35AgT',NULL,'52.209.30.187','Mozilla/5.0+(compatible; Cula/2.0; https://cula.io/)','YTozOntzOjY6Il90b2tlbiI7czo0MDoiZmd2ZG5Fa3Z1YXBuc251b2hTOTN0NjdRQmJiYkFyR3NVM0diM3J4ZiI7czo5OiJfcHJldmlvdXMiO2E6MTp7czozOiJ1cmwiO3M6MjA6Imh0dHA6Ly9hdXNhbnRlLmdyZWVuIjt9czo2OiJfZmxhc2giO2E6Mjp7czozOiJvbGQiO2E6MDp7fXM6MzoibmV3IjthOjA6e319fQ==',1523614795),('mBLL1Lb2LMbVeQ41NVOFA33n3iBOdCQvAyGbLqD9',NULL,'52.209.30.187','Mozilla/5.0+(compatible; Cula/2.0; https://cula.io/)','YTozOntzOjY6Il90b2tlbiI7czo0MDoiOWRrTDNJamtITTc1a1ByMmpGNHZlanpkVEtxMXVqM3RGb1BuWkF1dSI7czo5OiJfcHJldmlvdXMiO2E6MTp7czozOiJ1cmwiO3M6MjA6Imh0dHA6Ly9hdXNhbnRlLmdyZWVuIjt9czo2OiJfZmxhc2giO2E6Mjp7czozOiJvbGQiO2E6MDp7fXM6MzoibmV3IjthOjA6e319fQ==',1523614675),('L4SXIuRjmr5NUFRTmUv7BSEa43phvqXicu5mvcE3',NULL,'52.209.30.187','Mozilla/5.0+(compatible; Cula/2.0; https://cula.io/)','YTozOntzOjY6Il90b2tlbiI7czo0MDoidUdLYmxHdHdsUmg3U0wzd2tjVjBkM2V2TFFqYkJ0QUkxRkp2VzNJUiI7czo5OiJfcHJldmlvdXMiO2E6MTp7czozOiJ1cmwiO3M6MjA6Imh0dHA6Ly9hdXNhbnRlLmdyZWVuIjt9czo2OiJfZmxhc2giO2E6Mjp7czozOiJvbGQiO2E6MDp7fXM6MzoibmV3IjthOjA6e319fQ==',1523613595),('30Rcrr0JG3CNWXlVnNg06zcyTEA8tjSWVKKh5V8n',NULL,'52.209.30.187','Mozilla/5.0+(compatible; Cula/2.0; https://cula.io/)','YTozOntzOjY6Il90b2tlbiI7czo0MDoiTGpicnFNTjBtVVhRaDZ2M2xiQ3dYeUxxdHdTODhMbnVtc2lzbUNzOCI7czo5OiJfcHJldmlvdXMiO2E6MTp7czozOiJ1cmwiO3M6MjA6Imh0dHA6Ly9hdXNhbnRlLmdyZWVuIjt9czo2OiJfZmxhc2giO2E6Mjp7czozOiJvbGQiO2E6MDp7fXM6MzoibmV3IjthOjA6e319fQ==',1523613476),('WkgjZIAmV6WZRUcR4zIhmoMzfoWUQk18OHQc2YSF',NULL,'52.209.30.187','Mozilla/5.0+(compatible; Cula/2.0; https://cula.io/)','YTozOntzOjY6Il90b2tlbiI7czo0MDoiR1NJWlRPUGF3d2kxdHFHQ2FiUExUbVZyQTF3SzQwOVVTdW1xTlFWSyI7czo5OiJfcHJldmlvdXMiO2E6MTp7czozOiJ1cmwiO3M6MjA6Imh0dHA6Ly9hdXNhbnRlLmdyZWVuIjt9czo2OiJfZmxhc2giO2E6Mjp7czozOiJvbGQiO2E6MDp7fXM6MzoibmV3IjthOjA6e319fQ==',1523613356),('HLu1jeZKyrim9m2wAKhK9JlN196zsutw2IEo3oRA',NULL,'52.209.30.187','Mozilla/5.0+(compatible; Cula/2.0; https://cula.io/)','YTozOntzOjY6Il90b2tlbiI7czo0MDoiOFk0VFVjb3pjUG5ITEd5R01DR21EYlN3YjJPTnFLZmIxd1ZEUE1KTiI7czo5OiJfcHJldmlvdXMiO2E6MTp7czozOiJ1cmwiO3M6MjA6Imh0dHA6Ly9hdXNhbnRlLmdyZWVuIjt9czo2OiJfZmxhc2giO2E6Mjp7czozOiJvbGQiO2E6MDp7fXM6MzoibmV3IjthOjA6e319fQ==',1523613236),('a8y3LsoGr464yldfNzsBWKe13Pem8lknD1ccv5Fm',NULL,'52.209.30.187','Mozilla/5.0+(compatible; Cula/2.0; https://cula.io/)','YTozOntzOjY6Il90b2tlbiI7czo0MDoiM0sxbHVrcjkzYzJ6elZld1dyalVyRWdiYnFDVjk5cmZFNjNUVnFKMSI7czo5OiJfcHJldmlvdXMiO2E6MTp7czozOiJ1cmwiO3M6MjA6Imh0dHA6Ly9hdXNhbnRlLmdyZWVuIjt9czo2OiJfZmxhc2giO2E6Mjp7czozOiJvbGQiO2E6MDp7fXM6MzoibmV3IjthOjA6e319fQ==',1523613116),('8DsFK35JLfZWmIqeYNcE6rN1uOJxpOVX5uzCCMpB',NULL,'52.209.30.187','Mozilla/5.0+(compatible; Cula/2.0; https://cula.io/)','YTozOntzOjY6Il90b2tlbiI7czo0MDoiZkhjTE5CaWR4bGZ1NmZJSE44VDBNWmVFSXF3VlFGdklPZUV1UERsVSI7czo5OiJfcHJldmlvdXMiO2E6MTp7czozOiJ1cmwiO3M6MjA6Imh0dHA6Ly9hdXNhbnRlLmdyZWVuIjt9czo2OiJfZmxhc2giO2E6Mjp7czozOiJvbGQiO2E6MDp7fXM6MzoibmV3IjthOjA6e319fQ==',1523612995),('3VpqEeWz34Xf8xjVgk27KHTUf5XB8n7uy2ovszf2',NULL,'52.209.30.187','Mozilla/5.0+(compatible; Cula/2.0; https://cula.io/)','YTozOntzOjY6Il90b2tlbiI7czo0MDoia1JHV3p1UkgxSHY5cGVOTGExWXRjdUYwQWNUTllaMkFCSHE4SG04aSI7czo5OiJfcHJldmlvdXMiO2E6MTp7czozOiJ1cmwiO3M6MjA6Imh0dHA6Ly9hdXNhbnRlLmdyZWVuIjt9czo2OiJfZmxhc2giO2E6Mjp7czozOiJvbGQiO2E6MDp7fXM6MzoibmV3IjthOjA6e319fQ==',1523612876),('5If4BDiMpSxyrWmfIBbh2unZEAVrv0PPxOGb3ecm',NULL,'52.209.30.187','Mozilla/5.0+(compatible; Cula/2.0; https://cula.io/)','YTozOntzOjY6Il90b2tlbiI7czo0MDoiMFRRQlMybXZ1djUxSFd3a3ZNanVwamdGbW0zeDlOUXFZRGYydE9NdCI7czo5OiJfcHJldmlvdXMiO2E6MTp7czozOiJ1cmwiO3M6MjA6Imh0dHA6Ly9hdXNhbnRlLmdyZWVuIjt9czo2OiJfZmxhc2giO2E6Mjp7czozOiJvbGQiO2E6MDp7fXM6MzoibmV3IjthOjA6e319fQ==',1523612755),('JQ8vbUjzZFZurx5UJNoATziqczz2aXmGcSWayRk2',NULL,'52.209.30.187','Mozilla/5.0+(compatible; Cula/2.0; https://cula.io/)','YTozOntzOjY6Il90b2tlbiI7czo0MDoic3dCU1JuU3IydmVteXhqMlR0UjBoNm1DRDQyRG5ETWd6a3lsWWJ6biI7czo5OiJfcHJldmlvdXMiO2E6MTp7czozOiJ1cmwiO3M6MjA6Imh0dHA6Ly9hdXNhbnRlLmdyZWVuIjt9czo2OiJfZmxhc2giO2E6Mjp7czozOiJvbGQiO2E6MDp7fXM6MzoibmV3IjthOjA6e319fQ==',1523614555),('pYQysHPQ8f05Zdd2vqAPYSmCIW0kPKjh2nfk2voM',NULL,'52.209.30.187','Mozilla/5.0+(compatible; Cula/2.0; https://cula.io/)','YTozOntzOjY6Il90b2tlbiI7czo0MDoiR3Q2eVZ1bUlmU1lmT3FjcVI5aFlncWF4ZldQd1dpSVRXamNGZ3ZXaSI7czo5OiJfcHJldmlvdXMiO2E6MTp7czozOiJ1cmwiO3M6MjA6Imh0dHA6Ly9hdXNhbnRlLmdyZWVuIjt9czo2OiJfZmxhc2giO2E6Mjp7czozOiJvbGQiO2E6MDp7fXM6MzoibmV3IjthOjA6e319fQ==',1523614435),('QLeZMyW33NrnNjr133h11Pcu7k8gomgdgwOpdXm3',NULL,'52.209.30.187','Mozilla/5.0+(compatible; Cula/2.0; https://cula.io/)','YTozOntzOjY6Il90b2tlbiI7czo0MDoiNGtMQm1xeFV6ME1nNExZWkxPRUJHUHh5ZnZ4aFpBQlFJZWEyb1R1NSI7czo5OiJfcHJldmlvdXMiO2E6MTp7czozOiJ1cmwiO3M6MjA6Imh0dHA6Ly9hdXNhbnRlLmdyZWVuIjt9czo2OiJfZmxhc2giO2E6Mjp7czozOiJvbGQiO2E6MDp7fXM6MzoibmV3IjthOjA6e319fQ==',1523614315),('DDCmrnvI3zR8N3p6HeUoZOmsiftFdIOkMQeYU7RZ',NULL,'52.209.30.187','Mozilla/5.0+(compatible; Cula/2.0; https://cula.io/)','YTozOntzOjY6Il90b2tlbiI7czo0MDoiaWlwaUVJYnh4TFh2Qmx2R1ZRY0hMNUdBSXNIR3o2UXo4dnR4ODdNNCI7czo5OiJfcHJldmlvdXMiO2E6MTp7czozOiJ1cmwiO3M6MjA6Imh0dHA6Ly9hdXNhbnRlLmdyZWVuIjt9czo2OiJfZmxhc2giO2E6Mjp7czozOiJvbGQiO2E6MDp7fXM6MzoibmV3IjthOjA6e319fQ==',1523614195),('WxRam63QlPbtg13YtCv9rieqRjahrbGpChZH2BGp',NULL,'52.209.30.187','Mozilla/5.0+(compatible; Cula/2.0; https://cula.io/)','YTozOntzOjY6Il90b2tlbiI7czo0MDoiZHV5SktRcVN4M3VFY3ZuS1BzN1VxUVp1NGhVblNWQUlRTmVvZmZzQyI7czo5OiJfcHJldmlvdXMiO2E6MTp7czozOiJ1cmwiO3M6MjA6Imh0dHA6Ly9hdXNhbnRlLmdyZWVuIjt9czo2OiJfZmxhc2giO2E6Mjp7czozOiJvbGQiO2E6MDp7fXM6MzoibmV3IjthOjA6e319fQ==',1523614075),('7xSs4nv2SXuVtdtehvQUgwlG8SXMCjtIy21MPtIf',NULL,'52.209.30.187','Mozilla/5.0+(compatible; Cula/2.0; https://cula.io/)','YTozOntzOjY6Il90b2tlbiI7czo0MDoiYkZOY055UDJpdjZuakluYUV2eWx3YUh1YXR4ZFpaS1J5RWY5MlZ5VyI7czo5OiJfcHJldmlvdXMiO2E6MTp7czozOiJ1cmwiO3M6MjA6Imh0dHA6Ly9hdXNhbnRlLmdyZWVuIjt9czo2OiJfZmxhc2giO2E6Mjp7czozOiJvbGQiO2E6MDp7fXM6MzoibmV3IjthOjA6e319fQ==',1523613956),('GUH5E8pC1TCIq6QSU00R8L7kxasOBLewjLnlxRTq',NULL,'52.209.30.187','Mozilla/5.0+(compatible; Cula/2.0; https://cula.io/)','YTozOntzOjY6Il90b2tlbiI7czo0MDoiRTZrZDlRYVozS1NRWVF3NERCQWdrQ0xlUElMNUJLWWZPVUUyc1BZNSI7czo5OiJfcHJldmlvdXMiO2E6MTp7czozOiJ1cmwiO3M6MjA6Imh0dHA6Ly9hdXNhbnRlLmdyZWVuIjt9czo2OiJfZmxhc2giO2E6Mjp7czozOiJvbGQiO2E6MDp7fXM6MzoibmV3IjthOjA6e319fQ==',1523613836),('eAXjkcAHo0GGqTJJsqws0EinKOMD3FtHrp4NatDG',NULL,'52.209.30.187','Mozilla/5.0+(compatible; Cula/2.0; https://cula.io/)','YTozOntzOjY6Il90b2tlbiI7czo0MDoiZWRPQXZyUGx1VWlTclhQdGlzTEFqekxCd0ZRdGhGSTJoZkFMckZtZiI7czo5OiJfcHJldmlvdXMiO2E6MTp7czozOiJ1cmwiO3M6MjA6Imh0dHA6Ly9hdXNhbnRlLmdyZWVuIjt9czo2OiJfZmxhc2giO2E6Mjp7czozOiJvbGQiO2E6MDp7fXM6MzoibmV3IjthOjA6e319fQ==',1523613716),('4kQvhRShdnktBo07aZ9VSyj4FG16Wss7N9Jtf2qK',NULL,'52.209.30.187','Mozilla/5.0+(compatible; Cula/2.0; https://cula.io/)','YTozOntzOjY6Il90b2tlbiI7czo0MDoiOVBPS0dJbnFjemo3bHcwbTZZMHJIbWVqOFhIVk0xa2R3bzF4NW5qdiI7czo5OiJfcHJldmlvdXMiO2E6MTp7czozOiJ1cmwiO3M6MjA6Imh0dHA6Ly9hdXNhbnRlLmdyZWVuIjt9czo2OiJfZmxhc2giO2E6Mjp7czozOiJvbGQiO2E6MDp7fXM6MzoibmV3IjthOjA6e319fQ==',1523621275),('85kBgytMd7sBXZePrLI0LuZKFt2KW4g0vVj56Lgl',NULL,'52.209.30.187','Mozilla/5.0+(compatible; Cula/2.0; https://cula.io/)','YTozOntzOjY6Il90b2tlbiI7czo0MDoiY2JVaTl4TzhUSDZ3S2t1UUV2aFZvUm5iaEdzc205WWRaT2VndkQ3ayI7czo5OiJfcHJldmlvdXMiO2E6MTp7czozOiJ1cmwiO3M6MjA6Imh0dHA6Ly9hdXNhbnRlLmdyZWVuIjt9czo2OiJfZmxhc2giO2E6Mjp7czozOiJvbGQiO2E6MDp7fXM6MzoibmV3IjthOjA6e319fQ==',1523621155),('n2npLE2i1WHa10eRgOrLrequDHhNFa0iXKhzDoIP',NULL,'52.209.30.187','Mozilla/5.0+(compatible; Cula/2.0; https://cula.io/)','YTozOntzOjY6Il90b2tlbiI7czo0MDoiZUNkV0R1U3g2VHIxbjlGZ2hNa2tsR1hFbFJKcjgzaGlwWHBQNFVJNCI7czo5OiJfcHJldmlvdXMiO2E6MTp7czozOiJ1cmwiO3M6MjA6Imh0dHA6Ly9hdXNhbnRlLmdyZWVuIjt9czo2OiJfZmxhc2giO2E6Mjp7czozOiJvbGQiO2E6MDp7fXM6MzoibmV3IjthOjA6e319fQ==',1523621036),('sYLIH6LC8ATIVPInzq148DL3F9cGlDCTS6GbqzpI',NULL,'52.209.30.187','Mozilla/5.0+(compatible; Cula/2.0; https://cula.io/)','YTozOntzOjY6Il90b2tlbiI7czo0MDoiMHFEdlJ0NjNNczRMZDN0enFZa0lTMGs5VlBsUnptUHRHMVZQMzJUViI7czo5OiJfcHJldmlvdXMiO2E6MTp7czozOiJ1cmwiO3M6MjA6Imh0dHA6Ly9hdXNhbnRlLmdyZWVuIjt9czo2OiJfZmxhc2giO2E6Mjp7czozOiJvbGQiO2E6MDp7fXM6MzoibmV3IjthOjA6e319fQ==',1523620675),('1HLevpSGdnuamMAkRRDNEidhrIoY28mX1q2dan5t',NULL,'52.209.30.187','Mozilla/5.0+(compatible; Cula/2.0; https://cula.io/)','YTozOntzOjY6Il90b2tlbiI7czo0MDoiajh1MkpDVHJwbjFkV1FiMklCRzczOVRVMFlPVHhBanVkcXNvd1h6VSI7czo5OiJfcHJldmlvdXMiO2E6MTp7czozOiJ1cmwiO3M6MjA6Imh0dHA6Ly9hdXNhbnRlLmdyZWVuIjt9czo2OiJfZmxhc2giO2E6Mjp7czozOiJvbGQiO2E6MDp7fXM6MzoibmV3IjthOjA6e319fQ==',1523620795),('PqzswZBvP7Y58YNl1LF5ebRcOKII3TFsILrKeR4j',NULL,'52.209.30.187','Mozilla/5.0+(compatible; Cula/2.0; https://cula.io/)','YTozOntzOjY6Il90b2tlbiI7czo0MDoidFlHODVleE1wbVpPNG5yR2JoWjB4cWNwSzlybmdpUDF4Qmpnbk5WQyI7czo5OiJfcHJldmlvdXMiO2E6MTp7czozOiJ1cmwiO3M6MjA6Imh0dHA6Ly9hdXNhbnRlLmdyZWVuIjt9czo2OiJfZmxhc2giO2E6Mjp7czozOiJvbGQiO2E6MDp7fXM6MzoibmV3IjthOjA6e319fQ==',1523620916),('yaWPAzohSXuh11tTUEIuzTXgbed3ecqfPXFSPtx5',NULL,'52.209.30.187','Mozilla/5.0+(compatible; Cula/2.0; https://cula.io/)','YTozOntzOjY6Il90b2tlbiI7czo0MDoiWXZObWVuUDBDbVE4NnREV0dmWDVxYWxtZEpMR0p3UGdiWmZDRTQ3RiI7czo5OiJfcHJldmlvdXMiO2E6MTp7czozOiJ1cmwiO3M6MjA6Imh0dHA6Ly9hdXNhbnRlLmdyZWVuIjt9czo2OiJfZmxhc2giO2E6Mjp7czozOiJvbGQiO2E6MDp7fXM6MzoibmV3IjthOjA6e319fQ==',1523620436),('on9BVHAjB08E4gR5mIg8vyJCJbKF8p3qlGWLWRt0',NULL,'52.209.30.187','Mozilla/5.0+(compatible; Cula/2.0; https://cula.io/)','YTozOntzOjY6Il90b2tlbiI7czo0MDoieHNVaE1tcURYR1V0UWoza1pnbHJFT0V0RThyRFNNU2lTNVFhQXY1NiI7czo5OiJfcHJldmlvdXMiO2E6MTp7czozOiJ1cmwiO3M6MjA6Imh0dHA6Ly9hdXNhbnRlLmdyZWVuIjt9czo2OiJfZmxhc2giO2E6Mjp7czozOiJvbGQiO2E6MDp7fXM6MzoibmV3IjthOjA6e319fQ==',1523620315),('7ZnAxkr9h7gxewyLf0Qinvkl719I8HiO2bJ8sFRa',NULL,'52.209.30.187','Mozilla/5.0+(compatible; Cula/2.0; https://cula.io/)','YTozOntzOjY6Il90b2tlbiI7czo0MDoiQk15NWZrMzV2a2YxdmZVcTloRUpYbjZsOUJQbk90MGxHQU1EV3doSSI7czo5OiJfcHJldmlvdXMiO2E6MTp7czozOiJ1cmwiO3M6MjA6Imh0dHA6Ly9hdXNhbnRlLmdyZWVuIjt9czo2OiJfZmxhc2giO2E6Mjp7czozOiJvbGQiO2E6MDp7fXM6MzoibmV3IjthOjA6e319fQ==',1523620196),('fMdI1EWUdFPDVyffkEqIIYHbA9IEHbrElgtyKbs7',NULL,'52.209.30.187','Mozilla/5.0+(compatible; Cula/2.0; https://cula.io/)','YTozOntzOjY6Il90b2tlbiI7czo0MDoiOHZuRlI3N0dBdTVFM3FwaGxzVTZYcklWOGVSN1dqRVBVN3E0ZWlMeSI7czo5OiJfcHJldmlvdXMiO2E6MTp7czozOiJ1cmwiO3M6MjA6Imh0dHA6Ly9hdXNhbnRlLmdyZWVuIjt9czo2OiJfZmxhc2giO2E6Mjp7czozOiJvbGQiO2E6MDp7fXM6MzoibmV3IjthOjA6e319fQ==',1523620075),('OcVYIHiYIgmY9nGdLT3OI51oC57q5n6v0v6xiMA1',NULL,'52.209.30.187','Mozilla/5.0+(compatible; Cula/2.0; https://cula.io/)','YTozOntzOjY6Il90b2tlbiI7czo0MDoiUXNJV21oQ2dINjJIMmdRNDVra2Fzd1lnb3pLdG95UElLWXBVbHVDcSI7czo5OiJfcHJldmlvdXMiO2E6MTp7czozOiJ1cmwiO3M6MjA6Imh0dHA6Ly9hdXNhbnRlLmdyZWVuIjt9czo2OiJfZmxhc2giO2E6Mjp7czozOiJvbGQiO2E6MDp7fXM6MzoibmV3IjthOjA6e319fQ==',1523619955),('AH4XgZJ509ubaynmD0pCbc95urtk2BO0oB4D71sz',NULL,'52.209.30.187','Mozilla/5.0+(compatible; Cula/2.0; https://cula.io/)','YTozOntzOjY6Il90b2tlbiI7czo0MDoiTGVtWG9lQjJKdUFJa2s0a1JvNk80eEpPb3pMWUlORXhlZk1xT3VtaCI7czo5OiJfcHJldmlvdXMiO2E6MTp7czozOiJ1cmwiO3M6MjA6Imh0dHA6Ly9hdXNhbnRlLmdyZWVuIjt9czo2OiJfZmxhc2giO2E6Mjp7czozOiJvbGQiO2E6MDp7fXM6MzoibmV3IjthOjA6e319fQ==',1523619835),('d5xVpAF7C7CIW4imB5OVlGjBz47lK8k8bmWHuR6K',NULL,'52.209.30.187','Mozilla/5.0+(compatible; Cula/2.0; https://cula.io/)','YTozOntzOjY6Il90b2tlbiI7czo0MDoiMzZhVHVwQ1RscjFGbFRpSE9tSkdwYzNrM2xaZ3FWMkpoc3ZldFJ6TCI7czo5OiJfcHJldmlvdXMiO2E6MTp7czozOiJ1cmwiO3M6MjA6Imh0dHA6Ly9hdXNhbnRlLmdyZWVuIjt9czo2OiJfZmxhc2giO2E6Mjp7czozOiJvbGQiO2E6MDp7fXM6MzoibmV3IjthOjA6e319fQ==',1523619475),('3eNNFZ9Sx3gPJypUOhwHyxAZ2tqG4alC61tSLxzN',NULL,'52.209.30.187','Mozilla/5.0+(compatible; Cula/2.0; https://cula.io/)','YTozOntzOjY6Il90b2tlbiI7czo0MDoiSkk5aXZadUE3bzRoZ0hyREVybFNhUFJRWVFPeVhIakIzcUJVYnZBVCI7czo5OiJfcHJldmlvdXMiO2E6MTp7czozOiJ1cmwiO3M6MjA6Imh0dHA6Ly9hdXNhbnRlLmdyZWVuIjt9czo2OiJfZmxhc2giO2E6Mjp7czozOiJvbGQiO2E6MDp7fXM6MzoibmV3IjthOjA6e319fQ==',1523619595),('obowM5b6yQHwzz58p1mchXROH2xA8wXs0B2pNKmE',NULL,'52.209.30.187','Mozilla/5.0+(compatible; Cula/2.0; https://cula.io/)','YTozOntzOjY6Il90b2tlbiI7czo0MDoiMXZLRHpLWXBDRnN6MU1oV1dUb0VwZktaUllFRXdFekpqdWVvNW95aSI7czo5OiJfcHJldmlvdXMiO2E6MTp7czozOiJ1cmwiO3M6MjA6Imh0dHA6Ly9hdXNhbnRlLmdyZWVuIjt9czo2OiJfZmxhc2giO2E6Mjp7czozOiJvbGQiO2E6MDp7fXM6MzoibmV3IjthOjA6e319fQ==',1523619716);

--
-- Table structure for table `shop_orders`
--

CREATE TABLE `shop_orders` (
  `id` int(11) NOT NULL AUTO_INCREMENT,
  `user_id` int(11) NOT NULL,
  `product_id` int(11) NOT NULL,
  `status` tinyint(1) NOT NULL DEFAULT '0',
  `created_at` timestamp NOT NULL DEFAULT CURRENT_TIMESTAMP,
  `updated_at` timestamp NOT NULL DEFAULT CURRENT_TIMESTAMP ON UPDATE CURRENT_TIMESTAMP,
  PRIMARY KEY (`id`)
) ENGINE=InnoDB AUTO_INCREMENT=2 DEFAULT CHARSET=utf8 COLLATE=utf8_unicode_ci;

--
-- Dumping data for table `shop_orders`
--

INSERT INTO `shop_orders` VALUES (1,1520459,1,0,'2017-09-24 22:27:42','2017-09-24 22:27:42');

--
-- Table structure for table `shoppingcart`
--

CREATE TABLE `shoppingcart` (
  `identifier` varchar(191) COLLATE utf8mb4_unicode_ci NOT NULL,
  `instance` varchar(191) COLLATE utf8mb4_unicode_ci NOT NULL,
  `content` longtext COLLATE utf8mb4_unicode_ci NOT NULL,
  `created_at` timestamp NULL DEFAULT NULL,
  `updated_at` timestamp NULL DEFAULT NULL,
  PRIMARY KEY (`identifier`,`instance`)
) ENGINE=InnoDB DEFAULT CHARSET=utf8mb4 COLLATE=utf8mb4_unicode_ci;

--
-- Dumping data for table `shoppingcart`
--


--
-- Table structure for table `sponsors`
--

CREATE TABLE `sponsors` (
  `user_id` int(11) NOT NULL,
  `user_code` varchar(8) COLLATE utf8_unicode_ci NOT NULL,
  `networkPlacement` tinyint(1) NOT NULL DEFAULT '1',
  `activeStatus` tinyint(1) DEFAULT NULL,
  `lastActivationDate` timestamp NULL DEFAULT NULL,
  `sponsor_id` int(11) NOT NULL,
  `sponsor_code` varchar(8) COLLATE utf8_unicode_ci DEFAULT NULL,
  `left` int(11) NOT NULL,
  `right` int(11) NOT NULL,
  `sponsor_level` int(11) NOT NULL,
  `sponsor_group` int(11) NOT NULL,
  `upline_user_id` int(11) NOT NULL,
  `upline_user_code` int(11) DEFAULT NULL,
  `upline_left` int(11) NOT NULL,
  `upline_right` int(11) NOT NULL,
  `position` int(1) NOT NULL,
  `level` int(11) NOT NULL,
  `children` int(1) NOT NULL DEFAULT '0',
  `group_id` int(11) NOT NULL,
  PRIMARY KEY (`user_id`)
) ENGINE=InnoDB DEFAULT CHARSET=utf8 COLLATE=utf8_unicode_ci;

--
-- Dumping data for table `sponsors`
--

INSERT INTO `sponsors` VALUES (501181,'501181',1,1,'2017-12-08 07:03:18',514537,'514537',5,22,3,1520459,514537,514537,11,220,1,3,1,1520459),(505196,'505196',1,NULL,NULL,509605,'509605',91,100,11,1520459,509605,509605,283,292,1,33,3,1520459),(505224,'505224',1,1,'2017-12-08 07:03:18',514537,'514537',23,276,3,1520459,514537,514537,221,474,2,3,1,1520459),(505853,'505853',1,NULL,NULL,510378,'510378',300,321,4,1520459,510378,510378,71,210,2,13,3,1520459),(505854,'505854',1,1,'2017-12-08 07:03:18',505224,'505224',24,59,4,1520459,505224,505224,222,473,1,4,1,1520459),(506760,'506760',1,NULL,NULL,531904,'531904',216,219,10,1520459,531904,531904,329,332,1,37,1,1520459),(507721,'507721',1,NULL,NULL,514531,'514531',69,70,7,1520459,514531,514531,452,453,2,24,0,1520459),(507853,'507853',1,NULL,NULL,510378,'510378',278,299,4,1520459,510378,510378,21,70,1,13,3,1520459),(509362,'509362',1,NULL,NULL,514573,'514573',80,113,8,1520459,514573,514573,246,271,1,28,3,1520459),(509434,'509434',1,NULL,NULL,509362,'509362',103,110,9,1520459,509579,509579,281,300,1,31,3,1520459),(509573,'509573',1,NULL,NULL,509579,'509579',86,89,10,1520459,509579,509579,301,304,2,31,2,1520459),(509579,'509579',1,NULL,NULL,509362,'509362',85,102,9,1520459,561821,561821,280,305,1,30,3,1520459),(509584,'509584',1,NULL,NULL,535290,'535290',165,166,9,1520459,535290,535290,318,381,1,32,1,1520459),(509588,'509588',1,NULL,NULL,554503,'554503',129,132,7,1520459,554503,554503,409,424,1,27,3,1520459),(509605,'509605',1,NULL,NULL,509579,'509579',90,101,10,1520459,509434,509434,282,293,1,32,1,1520459),(509633,'509633',1,NULL,NULL,554507,'554507',140,141,8,1520459,554507,554507,427,428,1,29,0,1520459),(509987,'509987',1,NULL,NULL,509434,'509434',104,109,10,1520459,509434,509434,294,299,2,32,2,1520459),(510369,'510369',1,NULL,NULL,505196,'505196',92,93,12,1520459,505196,505196,284,287,1,34,1,1520459),(510378,'510378',1,NULL,NULL,514537,'514537',277,468,3,1520459,563933,563933,20,211,1,12,3,1520459),(511529,'511529',1,NULL,NULL,510378,'510378',322,343,4,1520459,507853,507853,22,57,1,14,3,1520459),(511535,'511535',1,NULL,NULL,505853,'505853',301,302,5,1520459,553145,553145,107,204,1,15,3,1520459),(511549,'511549',1,NULL,NULL,505853,'505853',303,304,5,1520459,553145,553145,205,208,2,15,1,1520459),(511678,'511678',1,NULL,NULL,505224,'505224',60,275,4,1520459,529751,529751,239,456,1,21,3,1520459),(511785,'511785',1,NULL,NULL,507853,'507853',287,288,5,1520459,554889,554889,42,49,1,16,3,1520459),(511857,'511857',1,NULL,NULL,507853,'507853',297,298,5,1520459,515708,515708,66,67,1,16,0,1520459),(512645,'512645',1,NULL,NULL,531904,'531904',220,223,10,1520459,531904,531904,333,336,2,37,2,1520459),(512703,'512703',1,NULL,NULL,539095,'539095',182,183,12,1520459,539095,539095,349,350,1,37,0,1520459),(512764,'512764',1,NULL,NULL,509588,'509588',130,131,8,1520459,509588,509588,418,423,2,28,3,1520459),(514313,'514313',1,NULL,NULL,505196,'505196',98,99,12,1520459,515072,515072,289,290,2,35,0,1520459),(514338,'514338',1,NULL,NULL,509987,'509987',105,108,11,1520459,509987,509987,295,298,2,33,2,1520459),(514495,'514495',1,NULL,NULL,507853,'507853',285,286,5,1520459,553147,553147,34,39,2,16,3,1520459),(514531,'514531',1,NULL,NULL,523924,'523924',68,71,6,1520459,523924,523924,451,454,2,23,2,1520459),(514537,'514537',1,1,'2017-12-08 07:03:18',1520459,'1550497',4,469,2,1520459,1520459,1550497,10,475,2,2,3,1520459),(514573,'514573',1,NULL,NULL,541930,'541930',79,116,7,1520459,541930,541930,245,390,1,27,3,1520459),(514582,'514582',1,NULL,NULL,512645,'512645',221,222,11,1520459,512645,512645,334,335,2,38,0,1520459),(514585,'514585',1,NULL,NULL,509573,'509573',87,88,11,1520459,509573,509573,302,303,2,32,0,1520459),(515072,'515072',1,NULL,NULL,505196,'505196',94,95,12,1520459,505196,505196,288,291,2,34,2,1520459),(515313,'515313',1,NULL,NULL,505196,'505196',96,97,12,1520459,510369,510369,285,286,1,35,0,1520459),(515708,'515708',1,NULL,NULL,507853,'507853',281,282,5,1520459,553143,553143,65,68,2,15,1,1520459),(516139,'516139',1,NULL,NULL,507853,'507853',283,284,5,1520459,553147,553147,24,33,1,16,3,1520459),(518947,'518947',1,NULL,NULL,514338,'514338',106,107,12,1520459,514338,514338,296,297,2,34,0,1520459),(522398,'522398',1,NULL,NULL,560039,'560039',147,148,7,1520459,560039,560039,415,416,2,29,0,1520459),(522413,'522413',1,NULL,NULL,505853,'505853',305,306,5,1520459,557847,557847,90,95,1,16,3,1520459),(523924,'523924',1,NULL,NULL,511678,'511678',67,72,5,1520459,511678,511678,450,455,2,22,2,1520459),(525794,'525794',1,1,'2017-12-08 07:03:18',554823,'554823',11,16,9,1520459,554823,554823,17,214,1,9,1,1520459),(526662,'526662',1,NULL,NULL,541930,'541930',75,78,7,1520459,541930,541930,391,406,2,27,3,1520459),(527176,'527176',1,NULL,NULL,511529,'511529',341,342,5,1520459,557235,557235,46,47,1,18,0,1520459),(527422,'527422',1,NULL,NULL,507853,'507853',293,294,5,1520459,527967,527967,60,61,1,16,0,1520459),(527423,'527423',1,NULL,NULL,507853,'507853',295,296,5,1520459,527967,527967,62,63,2,16,0,1520459),(527820,'527820',1,NULL,NULL,553144,'553144',363,364,5,1520459,553146,553146,100,101,1,18,0,1520459),(527967,'527967',1,NULL,NULL,507853,'507853',279,280,5,1520459,553143,553143,59,64,1,15,3,1520459),(528642,'528642',1,NULL,NULL,507853,'507853',291,292,5,1520459,516139,516139,25,30,1,17,3,1520459),(528738,'528738',1,NULL,NULL,511678,'511678',61,66,5,1520459,511678,511678,240,449,1,22,1,1520459),(529167,'529167',1,NULL,NULL,553145,'553145',367,458,5,1520459,555073,555073,109,200,1,17,3,1520459),(529551,'529551',1,NULL,NULL,529167,'529167',390,391,6,1520459,533165,533165,115,144,1,23,1,1520459),(529601,'529601',1,NULL,NULL,529167,'529167',392,429,6,1520459,530564,530564,160,197,2,20,3,1520459),(529603,'529603',1,NULL,NULL,529601,'529601',403,404,7,1520459,529601,529601,161,186,1,21,1,1520459),(529604,'529604',1,NULL,NULL,529601,'529601',407,408,7,1520459,538189,538189,163,184,1,23,1,1520459),(529657,'529657',1,NULL,NULL,529601,'529601',399,400,7,1520459,529677,529677,190,193,2,24,2,1520459),(529675,'529675',1,NULL,NULL,529601,'529601',393,394,7,1520459,529601,529601,187,196,2,21,2,1520459),(529676,'529676',1,NULL,NULL,529601,'529601',395,396,7,1520459,529675,529675,188,195,2,22,2,1520459),(529677,'529677',1,NULL,NULL,529601,'529601',397,398,7,1520459,529676,529676,189,194,2,23,2,1520459),(529740,'529740',1,1,'2017-12-08 07:03:18',563044,'563044',31,50,11,1520459,563044,563044,229,466,1,11,1,1520459),(529741,'529741',1,1,'2017-12-08 07:03:18',529740,'529740',32,49,12,1520459,529740,529740,230,465,1,12,1,1520459),(529742,'529742',1,1,'2017-12-08 07:03:18',529741,'529741',33,48,13,1520459,529741,529741,231,464,1,13,1,1520459),(529743,'529743',1,1,'2017-12-08 07:03:18',529742,'529742',34,47,14,1520459,529742,529742,232,463,1,14,1,1520459),(529744,'529744',1,1,'2017-12-08 07:03:18',529743,'529743',35,46,15,1520459,529743,529743,233,462,1,15,1,1520459),(529745,'529745',1,1,'2017-12-08 07:03:18',529744,'529744',36,45,16,1520459,529744,529744,234,461,1,16,1,1520459),(529747,'529747',1,1,'2017-12-08 07:03:18',529745,'529745',37,44,17,1520459,529745,529745,235,460,1,17,1,1520459),(529748,'529748',1,1,'2017-12-08 07:03:18',529747,'529747',38,43,18,1520459,529747,529747,236,459,1,18,1,1520459),(529749,'529749',1,1,'2017-12-08 07:03:18',529748,'529748',39,42,19,1520459,529748,529748,237,458,1,19,1,1520459),(529751,'529751',1,1,'2017-12-08 07:03:18',529749,'529749',40,41,20,1520459,529749,529749,238,457,1,20,1,1520459),(530006,'530006',1,NULL,NULL,529601,'529601',411,412,7,1520459,535277,535277,165,182,1,25,1,1520459),(530331,'530331',1,NULL,NULL,509362,'509362',81,84,9,1520459,509362,509362,249,270,2,29,3,1520459),(530340,'530340',1,NULL,NULL,509362,'509362',111,112,9,1520459,530341,530341,267,268,1,31,0,1520459),(530341,'530341',1,NULL,NULL,530331,'530331',82,83,10,1520459,530331,530331,266,269,2,30,1,1520459),(530564,'530564',1,NULL,NULL,529167,'529167',374,375,6,1520459,535281,535281,159,198,2,19,2,1520459),(530670,'530670',1,NULL,NULL,538194,'538194',63,64,7,1520459,538194,538194,242,447,1,24,1,1520459),(530845,'530845',1,NULL,NULL,529167,'529167',368,369,6,1520459,529167,529167,110,157,1,18,1,1520459),(531126,'531126',1,NULL,NULL,529167,'529167',430,457,6,1520459,529551,529551,116,143,1,24,3,1520459),(531128,'531128',1,NULL,NULL,531126,'531126',431,432,7,1520459,531126,531126,117,118,1,25,0,1520459),(531130,'531130',1,NULL,NULL,531126,'531126',433,434,7,1520459,531126,531126,119,142,2,25,3,1520459),(531538,'531538',1,NULL,NULL,529601,'529601',413,420,7,1520459,530006,530006,166,181,1,26,1,1520459),(531579,'531579',1,NULL,NULL,529601,'529601',421,428,7,1520459,538190,538190,170,177,1,30,1,1520459),(531580,'531580',1,NULL,NULL,531579,'531579',422,423,8,1520459,531579,531579,171,176,1,31,1,1520459),(531594,'531594',1,NULL,NULL,561821,'561821',159,232,7,1520459,561821,561821,306,387,2,30,3,1520459),(531731,'531731',1,NULL,NULL,531126,'531126',435,440,7,1520459,531130,531130,120,133,1,26,1,1520459),(531732,'531732',1,NULL,NULL,531731,'531731',436,437,8,1520459,531731,531731,121,132,1,27,1,1520459),(531733,'531733',1,NULL,NULL,531731,'531731',438,439,8,1520459,531732,531732,122,131,1,28,1,1520459),(531902,'531902',1,NULL,NULL,531594,'531594',176,231,8,1520459,509584,509584,319,380,1,33,3,1520459),(531904,'531904',1,NULL,NULL,531902,'531902',215,224,9,1520459,532172,532172,328,337,2,36,3,1520459),(532126,'532126',1,NULL,NULL,529601,'529601',401,402,7,1520459,529657,529657,191,192,2,25,0,1520459),(532163,'532163',1,NULL,NULL,531902,'531902',225,226,9,1520459,542591,542591,323,324,1,37,0,1520459),(532165,'532165',1,NULL,NULL,531902,'531902',177,194,9,1520459,531902,531902,320,355,1,34,3,1520459),(532172,'532172',1,NULL,NULL,531902,'531902',197,200,9,1520459,532165,532165,321,338,1,35,3,1520459),(532218,'532218',1,NULL,NULL,531126,'531126',449,452,7,1520459,531130,531130,134,141,2,26,2,1520459),(532220,'532220',1,NULL,NULL,532218,'532218',450,451,8,1520459,532218,532218,135,140,2,27,2,1520459),(532404,'532404',1,NULL,NULL,531126,'531126',453,456,7,1520459,532220,532220,136,139,2,28,2,1520459),(532407,'532407',1,NULL,NULL,532404,'532404',454,455,8,1520459,532404,532404,137,138,2,29,0,1520459),(532482,'532482',1,NULL,NULL,531126,'531126',441,448,7,1520459,531733,531733,123,130,1,29,3,1520459),(532483,'532483',1,NULL,NULL,532482,'532482',442,443,8,1520459,532482,532482,124,127,1,30,1,1520459),(532484,'532484',1,NULL,NULL,532482,'532482',444,445,8,1520459,532482,532482,128,129,2,30,0,1520459),(532485,'532485',1,NULL,NULL,532482,'532482',446,447,8,1520459,532483,532483,125,126,1,31,0,1520459),(532677,'532677',1,NULL,NULL,531594,'531594',160,163,8,1520459,531594,531594,307,316,1,31,3,1520459),(532993,'532993',1,NULL,NULL,531579,'531579',424,425,8,1520459,531580,531580,172,175,1,32,1,1520459),(533039,'533039',1,NULL,NULL,531538,'531538',414,415,8,1520459,531538,531538,167,180,1,27,1,1520459),(533041,'533041',1,NULL,NULL,531538,'531538',416,417,8,1520459,533039,533039,168,179,1,28,1,1520459),(533071,'533071',1,NULL,NULL,554507,'554507',142,143,8,1520459,554507,554507,429,430,2,29,0,1520459),(533165,'533165',1,NULL,NULL,529167,'529167',388,389,6,1520459,537965,537965,114,145,1,22,1,1520459),(534123,'534123',1,NULL,NULL,553144,'553144',347,348,5,1520459,554892,554892,77,80,2,17,1,1520459),(534323,'534323',1,NULL,NULL,511678,'511678',73,274,5,1520459,530670,530670,243,446,1,25,3,1520459),(534542,'534542',1,NULL,NULL,531902,'531902',227,230,9,1520459,537937,537937,364,367,1,36,1,1520459),(534643,'534643',1,NULL,NULL,531594,'531594',168,171,8,1520459,535290,535290,382,385,2,32,2,1520459),(535277,'535277',1,NULL,NULL,529601,'529601',409,410,7,1520459,529604,529604,164,183,1,24,1,1520459),(535281,'535281',1,NULL,NULL,529167,'529167',370,371,6,1520459,529167,529167,158,199,2,18,2,1520459),(535290,'535290',1,NULL,NULL,531594,'531594',164,167,8,1520459,531594,531594,317,386,2,31,3,1520459),(535342,'535342',1,NULL,NULL,534542,'534542',228,229,10,1520459,534542,534542,365,366,1,37,0,1520459),(535356,'535356',1,NULL,NULL,534643,'534643',169,170,9,1520459,534643,534643,383,384,2,33,0,1520459),(537163,'537163',1,NULL,NULL,534323,'534323',152,157,6,1520459,563973,563973,273,278,2,29,3,1520459),(537186,'537186',1,1,'2017-12-08 07:03:18',525794,'525794',12,15,10,1520459,525794,525794,18,213,1,10,1,1520459),(537756,'537756',1,NULL,NULL,531902,'531902',205,214,9,1520459,537937,537937,368,377,1,36,3,1520459),(537833,'537833',1,NULL,NULL,529167,'529167',376,387,6,1520459,538172,538172,112,155,1,20,3,1520459),(537937,'537937',1,NULL,NULL,531902,'531902',201,202,9,1520459,544098,544098,363,378,2,35,3,1520459),(537965,'537965',1,NULL,NULL,537833,'537833',377,380,7,1520459,537833,537833,113,148,1,21,3,1520459),(538074,'538074',1,NULL,NULL,537833,'537833',381,384,7,1520459,537833,537833,149,154,2,21,3,1520459),(538172,'538172',1,NULL,NULL,529167,'529167',372,373,6,1520459,530845,530845,111,156,1,19,1,1520459),(538189,'538189',1,NULL,NULL,529601,'529601',405,406,7,1520459,529603,529603,162,185,1,22,1,1520459),(538190,'538190',1,NULL,NULL,531538,'531538',418,419,8,1520459,533041,533041,169,178,1,29,1,1520459),(538194,'538194',1,NULL,NULL,528738,'528738',62,65,6,1520459,528738,528738,241,448,1,23,1,1520459),(538273,'538273',1,NULL,NULL,538074,'538074',382,383,8,1520459,538074,538074,150,151,2,22,0,1520459),(538274,'538274',1,NULL,NULL,537833,'537833',385,386,7,1520459,538074,538074,152,153,2,22,0,1520459),(538859,'538859',1,NULL,NULL,537756,'537756',206,209,10,1520459,537756,537756,369,374,1,37,3,1520459),(538860,'538860',1,NULL,NULL,537756,'537756',210,211,10,1520459,537756,537756,375,376,2,37,0,1520459),(539094,'539094',1,NULL,NULL,532165,'532165',178,193,10,1520459,532165,532165,339,354,2,35,3,1520459),(539095,'539095',1,NULL,NULL,539094,'539094',181,184,11,1520459,539094,539094,348,353,2,36,3,1520459),(539124,'539124',1,NULL,NULL,539094,'539094',179,180,11,1520459,539094,539094,340,347,1,36,3,1520459),(539185,'539185',1,NULL,NULL,537965,'537965',378,379,8,1520459,537965,537965,146,147,1,22,0,1520459),(539851,'539851',1,NULL,NULL,534323,'534323',236,239,6,1520459,554506,554506,399,402,1,29,1,1520459),(540186,'540186',1,NULL,NULL,539094,'539094',185,186,11,1520459,539095,539095,351,352,2,37,0,1520459),(541930,'541930',1,NULL,NULL,534323,'534323',74,127,6,1520459,534323,534323,244,407,1,26,3,1520459),(542429,'542429',1,NULL,NULL,539094,'539094',187,188,11,1520459,539124,539124,341,342,1,37,0,1520459),(542462,'542462',1,NULL,NULL,539094,'539094',189,192,11,1520459,539124,539124,343,346,2,37,2,1520459),(542465,'542465',1,NULL,NULL,542462,'542462',190,191,12,1520459,542462,542462,344,345,2,38,0,1520459),(542591,'542591',1,NULL,NULL,532172,'532172',198,199,10,1520459,532172,532172,322,327,1,36,3,1520459),(542640,'542640',1,NULL,NULL,537163,'537163',153,154,7,1520459,537163,537163,274,275,1,30,0,1520459),(543255,'543255',1,NULL,NULL,538859,'538859',207,208,11,1520459,538859,538859,372,373,2,38,0,1520459),(543412,'543412',1,NULL,NULL,526662,'526662',76,77,8,1520459,526662,526662,392,397,1,28,3,1520459),(543504,'543504',1,NULL,NULL,505853,'505853',307,308,5,1520459,557847,557847,96,103,2,16,3,1520459),(543654,'543654',1,NULL,NULL,534323,'534323',240,241,6,1520459,554506,554506,403,404,2,29,0,1520459),(543686,'543686',1,NULL,NULL,534323,'534323',268,269,6,1520459,556406,556406,309,310,1,33,0,1520459),(544098,'544098',1,NULL,NULL,534323,'534323',270,273,6,1520459,531902,531902,356,379,2,34,3,1520459),(544141,'544141',1,NULL,NULL,507853,'507853',289,290,5,1520459,554889,554889,50,55,2,16,3,1520459),(544177,'544177',1,NULL,NULL,531579,'531579',426,427,8,1520459,532993,532993,173,174,1,33,0,1520459),(544481,'544481',1,NULL,NULL,532677,'532677',161,162,9,1520459,532677,532677,314,315,2,32,0,1520459),(545549,'545549',1,NULL,NULL,511529,'511529',337,338,5,1520459,544141,544141,51,52,1,17,0,1520459),(546839,'546839',1,NULL,NULL,511529,'511529',339,340,5,1520459,544141,544141,53,54,2,17,0,1520459),(550236,'550236',1,NULL,NULL,534323,'534323',242,243,6,1520459,543412,543412,395,396,2,29,0,1520459),(552476,'552476',1,NULL,NULL,553144,'553144',357,358,5,1520459,522413,522413,93,94,2,17,0,1520459),(552478,'552478',1,NULL,NULL,553144,'553144',359,360,5,1520459,543504,543504,97,98,1,17,0,1520459),(553127,'553127',1,NULL,NULL,510378,'510378',464,465,4,1520459,553144,553144,73,88,1,15,3,1520459),(553128,'553128',1,NULL,NULL,553144,'553144',351,352,5,1520459,554893,554893,83,84,1,17,0,1520459),(553143,'553143',1,NULL,NULL,510378,'510378',344,345,4,1520459,507853,507853,58,69,2,14,3,1520459),(553144,'553144',1,NULL,NULL,510378,'510378',346,365,4,1520459,505853,505853,72,105,1,14,3,1520459),(553145,'553145',1,NULL,NULL,510378,'510378',366,459,4,1520459,505853,505853,106,209,2,14,3,1520459),(553146,'553146',1,NULL,NULL,553144,'553144',361,362,5,1520459,543504,543504,99,102,2,17,1,1520459),(553147,'553147',1,NULL,NULL,510378,'510378',460,461,4,1520459,511529,511529,23,40,1,15,3,1520459),(554503,'554503',1,NULL,NULL,534323,'534323',128,145,6,1520459,534323,534323,408,445,2,26,3,1520459),(554506,'554506',1,NULL,NULL,554503,'554503',137,138,7,1520459,526662,526662,398,405,2,28,3,1520459),(554507,'554507',1,NULL,NULL,554503,'554503',139,144,7,1520459,563111,563111,426,431,1,28,3,1520459),(554782,'554782',1,NULL,NULL,553144,'553144',355,356,5,1520459,522413,522413,91,92,1,17,0,1520459),(554784,'554784',1,1,'2017-12-08 07:03:18',563932,'563932',7,20,5,1520459,563932,563932,13,218,1,5,1,1520459),(554821,'554821',1,1,'2017-12-08 07:03:18',554784,'554784',8,19,6,1520459,554784,554784,14,217,1,6,1,1520459),(554822,'554822',1,1,'2017-12-08 07:03:18',554821,'554821',9,18,7,1520459,554821,554821,15,216,1,7,1,1520459),(554823,'554823',1,1,'2017-12-08 07:03:18',554822,'554822',10,17,8,1520459,554822,554822,16,215,1,8,1,1520459),(554889,'554889',1,NULL,NULL,510378,'510378',462,463,4,1520459,511529,511529,41,56,2,15,3,1520459),(554890,'554890',1,NULL,NULL,553144,'553144',349,350,5,1520459,534123,534123,78,79,1,18,0,1520459),(554892,'554892',1,NULL,NULL,505853,'505853',309,310,5,1520459,553127,553127,74,81,1,16,3,1520459),(554893,'554893',1,NULL,NULL,505853,'505853',311,312,5,1520459,553127,553127,82,87,2,16,3,1520459),(554894,'554894',1,NULL,NULL,505853,'505853',313,314,5,1520459,554892,554892,75,76,1,17,0,1520459),(555073,'555073',1,NULL,NULL,505853,'505853',315,316,5,1520459,511535,511535,108,201,1,16,1,1520459),(555074,'555074',1,NULL,NULL,505853,'505853',317,318,5,1520459,511535,511535,202,203,2,16,0,1520459),(555075,'555075',1,NULL,NULL,505853,'505853',319,320,5,1520459,511549,511549,206,207,1,16,0,1520459),(555076,'555076',1,NULL,NULL,511529,'511529',323,324,5,1520459,516139,516139,31,32,2,17,0,1520459),(555282,'555282',1,NULL,NULL,537756,'537756',212,213,10,1520459,538859,538859,370,371,1,38,0,1520459),(555303,'555303',1,NULL,NULL,537163,'537163',155,156,7,1520459,537163,537163,276,277,2,30,0,1520459),(555511,'555511',1,NULL,NULL,534323,'534323',150,151,6,1520459,509362,509362,247,248,1,29,0,1520459),(556141,'556141',1,NULL,NULL,531902,'531902',203,204,9,1520459,2786528,0,358,359,1,36,0,1520459),(556280,'556280',1,NULL,NULL,534323,'534323',244,247,6,1520459,560039,560039,411,414,1,29,2,1520459),(556307,'556307',1,NULL,NULL,556280,'556280',245,246,7,1520459,556280,556280,412,413,2,30,0,1520459),(556406,'556406',1,NULL,NULL,531594,'531594',172,175,8,1520459,532677,532677,308,313,1,32,3,1520459),(556897,'556897',1,NULL,NULL,539851,'539851',237,238,7,1520459,539851,539851,400,401,1,30,0,1520459),(557060,'557060',1,NULL,NULL,511529,'511529',325,326,5,1520459,514495,514495,35,36,1,17,0,1520459),(557061,'557061',1,NULL,NULL,511529,'511529',327,328,5,1520459,514495,514495,37,38,2,17,0,1520459),(557062,'557062',1,NULL,NULL,511529,'511529',329,330,5,1520459,528642,528642,26,27,1,18,0,1520459),(557092,'557092',1,NULL,NULL,511529,'511529',331,332,5,1520459,528642,528642,28,29,2,18,0,1520459),(557233,'557233',1,NULL,NULL,511529,'511529',333,334,5,1520459,511785,511785,43,44,1,17,0,1520459),(557235,'557235',1,NULL,NULL,511529,'511529',335,336,5,1520459,511785,511785,45,48,2,17,1,1520459),(557596,'557596',1,NULL,NULL,553144,'553144',353,354,5,1520459,554893,554893,85,86,2,17,0,1520459),(557846,'557846',1,1,'2017-12-08 07:03:18',505854,'505854',25,56,5,1520459,505854,505854,223,472,1,5,1,1520459),(557847,'557847',1,NULL,NULL,510378,'510378',466,467,4,1520459,553144,553144,89,104,2,15,3,1520459),(557956,'557956',1,NULL,NULL,534323,'534323',250,251,6,1520459,512764,512764,421,422,2,29,0,1520459),(558369,'558369',1,NULL,NULL,534323,'534323',248,249,6,1520459,512764,512764,419,420,1,29,0,1520459),(558687,'558687',1,NULL,NULL,534323,'534323',252,267,6,1520459,530331,530331,250,265,1,30,3,1520459),(559376,'559376',1,NULL,NULL,556406,'556406',173,174,9,1520459,556406,556406,311,312,2,33,0,1520459),(559415,'559415',1,NULL,NULL,558687,'558687',259,266,7,1520459,558687,558687,257,264,2,31,3,1520459),(559512,'559512',1,NULL,NULL,558687,'558687',253,258,7,1520459,558687,558687,251,256,2,31,3,1520459),(560039,'560039',1,NULL,NULL,534323,'534323',146,149,6,1520459,509588,509588,410,417,1,28,3,1520459),(560354,'560354',1,NULL,NULL,559512,'559512',256,257,8,1520459,559512,559512,254,255,2,32,0,1520459),(560403,'560403',1,NULL,NULL,559415,'559415',262,265,8,1520459,559415,559415,260,263,2,32,2,1520459),(560404,'560404',1,NULL,NULL,559415,'559415',260,261,8,1520459,559415,559415,258,259,2,32,0,1520459),(560406,'560406',1,NULL,NULL,559512,'559512',254,255,8,1520459,559512,559512,252,253,2,32,0,1520459),(560407,'560407',1,NULL,NULL,560403,'560403',263,264,9,1520459,560403,560403,261,262,2,33,0,1520459),(561821,'561821',1,NULL,NULL,534323,'534323',158,233,6,1520459,563973,563973,279,388,2,29,3,1520459),(562039,'562039',1,NULL,NULL,541930,'541930',117,126,7,1520459,563111,563111,432,443,2,28,3,1520459),(562040,'562040',1,NULL,NULL,562039,'562039',118,123,8,1520459,562039,562039,435,442,2,29,3,1520459),(562762,'562762',1,1,'2017-12-08 07:03:18',557846,'557846',26,55,6,1520459,557846,557846,224,471,1,6,1,1520459),(562763,'562763',1,1,'2017-12-08 07:03:18',562762,'562762',27,54,7,1520459,562762,562762,225,470,1,7,1,1520459),(562764,'562764',1,1,'2017-12-08 07:03:18',562763,'562763',28,53,8,1520459,562763,562763,226,469,1,8,1,1520459),(563043,'563043',1,1,'2017-12-08 07:03:18',562764,'562764',29,52,9,1520459,562764,562764,227,468,1,9,1,1520459),(563044,'563044',1,1,'2017-12-08 07:03:18',563043,'563043',30,51,10,1520459,563043,563043,228,467,1,10,1,1520459),(563058,'563058',1,NULL,NULL,505854,'505854',57,58,5,1520459,542591,542591,325,326,2,37,0,1520459),(563111,'563111',1,NULL,NULL,554503,'554503',133,136,7,1520459,554503,554503,425,444,2,27,3,1520459),(563112,'563112',1,NULL,NULL,562040,'562040',119,120,9,1520459,562040,562040,436,439,1,30,1,1520459),(563113,'563113',1,NULL,NULL,562040,'562040',121,122,9,1520459,563112,563112,437,438,1,31,0,1520459),(563114,'563114',1,NULL,NULL,562039,'562039',124,125,8,1520459,562039,562039,433,434,1,29,0,1520459),(563116,'563116',1,NULL,NULL,563111,'563111',134,135,8,1520459,562040,562040,440,441,2,30,0,1520459),(563637,'563637',1,NULL,NULL,534323,'534323',234,235,6,1520459,543412,543412,393,394,1,29,0,1520459),(563914,'563914',1,NULL,NULL,544098,'544098',271,272,7,1520459,2786528,0,360,361,2,36,0,1520459),(563932,'563932',1,1,'2017-12-08 07:03:18',501181,'501181',6,21,4,1520459,501181,501181,12,219,1,4,1,1520459),(563933,'563933',1,1,'2017-12-08 07:03:18',537186,'537186',13,14,11,1520459,537186,537186,19,212,1,11,1,1520459),(563973,'563973',1,NULL,NULL,514573,'514573',114,115,8,1520459,514573,514573,272,389,2,28,3,1520459),(617449,'1724166',1,1,'2018-01-05 06:20:06',919860,'1158584',471,472,3,1520459,919860,1158584,4,5,1,4,0,1520459),(919860,'1158584',1,1,'2017-12-18 08:38:35',1520459,'1550497',470,473,2,1520459,1935591,1690331,3,8,2,3,3,1520459),(1520459,'1550497',1,1,'2017-12-08 07:03:18',0,NULL,1,476,1,1520459,0,NULL,1,476,1,1,3,1520459),(1935591,'1690331',2,1,'2017-12-08 07:03:18',1520459,'1550497',2,3,2,1520459,1520459,1550497,2,9,1,2,2,1520459),(2187453,'2766085',1,1,'2018-01-29 04:23:28',1520459,'1550497',474,475,2,1520459,919860,1158584,6,7,2,4,0,1520459),(2786528,'0',1,NULL,NULL,531902,'531902',195,196,9,1520459,544098,544098,357,362,1,35,3,1520459),(2786529,'0',1,NULL,NULL,506760,'506760',217,218,11,1520459,506760,506760,330,331,1,38,0,1520459);

--
-- Table structure for table `support_tickets`
--

CREATE TABLE `support_tickets` (
  `id` int(11) NOT NULL AUTO_INCREMENT,
  `user_id` int(11) NOT NULL,
  `assigned_to` int(11) NOT NULL,
  `category_id` int(11) NOT NULL,
  `subject` varchar(100) COLLATE utf8_unicode_ci NOT NULL,
  `content` text COLLATE utf8_unicode_ci NOT NULL,
  `attachment` text COLLATE utf8_unicode_ci,
  `priority` int(1) NOT NULL DEFAULT '1',
  `status` int(1) DEFAULT '0',
  `created_at` timestamp NOT NULL DEFAULT '0000-00-00 00:00:00',
  `updated_at` timestamp NOT NULL DEFAULT '0000-00-00 00:00:00',
  `deleted_at` timestamp NULL DEFAULT NULL,
  PRIMARY KEY (`id`)
) ENGINE=InnoDB DEFAULT CHARSET=utf8 COLLATE=utf8_unicode_ci;

--
-- Dumping data for table `support_tickets`
--


--
-- Table structure for table `support_tickets_categories`
--

CREATE TABLE `support_tickets_categories` (
  `id` int(11) NOT NULL AUTO_INCREMENT,
  `name` varchar(100) COLLATE utf8_unicode_ci NOT NULL,
  `assigned_to` int(11) NOT NULL,
  `created_at` timestamp NOT NULL DEFAULT '0000-00-00 00:00:00',
  PRIMARY KEY (`id`)
) ENGINE=InnoDB DEFAULT CHARSET=utf8 COLLATE=utf8_unicode_ci;

--
-- Dumping data for table `support_tickets_categories`
--


--
-- Table structure for table `support_tickets_replies`
--

CREATE TABLE `support_tickets_replies` (
  `id` int(11) NOT NULL AUTO_INCREMENT,
  `ticket_id` int(11) NOT NULL,
  `user_id` int(11) NOT NULL,
  `content` text COLLATE utf8_unicode_ci NOT NULL,
  `created_at` timestamp NOT NULL DEFAULT '0000-00-00 00:00:00',
  PRIMARY KEY (`id`)
) ENGINE=InnoDB DEFAULT CHARSET=utf8 COLLATE=utf8_unicode_ci;

--
-- Dumping data for table `support_tickets_replies`
--


--
-- Table structure for table `temp_sponsor`
--

CREATE TABLE `temp_sponsor` (
  `id` int(11) NOT NULL AUTO_INCREMENT,
  `user_id` int(11) NOT NULL,
  `sponsor_user_id` int(11) NOT NULL,
  `upline_user_id` int(11) DEFAULT NULL,
  `preferredLeg` tinyint(1) DEFAULT NULL,
  PRIMARY KEY (`id`)
) ENGINE=InnoDB AUTO_INCREMENT=5 DEFAULT CHARSET=utf8 COLLATE=utf8_unicode_ci;

--
-- Dumping data for table `temp_sponsor`
--

INSERT INTO `temp_sponsor` VALUES (2,1399213,1520459,NULL,NULL),(4,1493511,505224,555511,1);

--
-- Table structure for table `throttle`
--

CREATE TABLE `throttle` (
  `id` int(10) unsigned NOT NULL AUTO_INCREMENT,
  `user_id` int(10) unsigned NOT NULL,
  `ip_address` varchar(255) COLLATE utf8_unicode_ci DEFAULT NULL,
  `attempts` int(11) NOT NULL DEFAULT '0',
  `suspended` tinyint(1) NOT NULL DEFAULT '0',
  `banned` tinyint(1) NOT NULL DEFAULT '0',
  `last_attempt_at` timestamp NULL DEFAULT NULL,
  `suspended_at` timestamp NULL DEFAULT NULL,
  `banned_at` timestamp NULL DEFAULT NULL,
  PRIMARY KEY (`id`),
  KEY `throttle_user_id_index` (`user_id`)
) ENGINE=InnoDB AUTO_INCREMENT=9 DEFAULT CHARSET=utf8 COLLATE=utf8_unicode_ci;

--
-- Dumping data for table `throttle`
--

INSERT INTO `throttle` VALUES (1,1520459,'217.79.133.7',0,0,0,NULL,NULL,NULL),(2,1758631,'31.46.176.217',1,0,0,'2016-06-29 06:30:47',NULL,NULL),(3,2446161,'84.1.25.149',0,0,0,NULL,NULL,NULL),(4,2446161,'81.182.233.7',0,0,0,NULL,NULL,NULL),(5,1758631,'217.79.133.7',1,0,0,'2016-06-29 12:58:10',NULL,NULL),(6,1758631,'115.178.236.10',0,0,0,NULL,NULL,NULL),(7,1758631,'119.81.34.213',0,0,0,NULL,NULL,NULL),(8,1520459,'81.182.89.237',0,0,0,NULL,NULL,NULL);

--
-- Table structure for table `trading_book`
--

CREATE TABLE `trading_book` (
  `id` int(11) NOT NULL AUTO_INCREMENT,
  `user_id` int(11) NOT NULL,
  `type` tinyint(1) NOT NULL,
  `amount` decimal(15,2) NOT NULL,
  `price` decimal(10,5) NOT NULL,
  `linked_id` int(11) DEFAULT NULL,
  `status` tinyint(1) NOT NULL,
  `escrowed_until` timestamp NULL DEFAULT NULL,
  `created_at` timestamp NOT NULL DEFAULT CURRENT_TIMESTAMP,
  `updated_at` timestamp NOT NULL DEFAULT CURRENT_TIMESTAMP ON UPDATE CURRENT_TIMESTAMP,
  PRIMARY KEY (`id`)
) ENGINE=InnoDB DEFAULT CHARSET=utf8 COLLATE=utf8_unicode_ci;

--
-- Dumping data for table `trading_book`
--


--
-- Table structure for table `transactions`
--

CREATE TABLE `transactions` (
  `id` int(11) NOT NULL AUTO_INCREMENT,
  `processor_id` int(11) DEFAULT NULL,
  `user_proc_id` int(11) DEFAULT NULL,
  `user_id` int(11) DEFAULT NULL,
  `type` int(1) NOT NULL,
  `fee` decimal(5,2) NOT NULL DEFAULT '0.00',
  `amount` decimal(15,2) NOT NULL DEFAULT '0.00',
  `balance` varchar(50) COLLATE utf8_unicode_ci DEFAULT NULL,
  `note` varchar(250) COLLATE utf8_unicode_ci DEFAULT NULL,
  `status` int(1) NOT NULL DEFAULT '0',
  `created_at` timestamp NOT NULL DEFAULT CURRENT_TIMESTAMP,
  `updated_at` timestamp NOT NULL DEFAULT CURRENT_TIMESTAMP ON UPDATE CURRENT_TIMESTAMP,
  `deleted_at` timestamp NULL DEFAULT NULL,
  PRIMARY KEY (`id`)
) ENGINE=InnoDB AUTO_INCREMENT=298 DEFAULT CHARSET=utf8 COLLATE=utf8_unicode_ci;

--
-- Dumping data for table `transactions`
--

INSERT INTO `transactions` VALUES (273,6,NULL,919860,1,0.00,24.00,NULL,'Deposit of 24 - 354a0502f9d1b39143b855639c44e34e (Gift Card)',1,'2017-12-18 16:38:35','2017-12-18 16:38:35',NULL),(274,6,NULL,919860,13,0.00,24.00,'wallet','Package ID: #140, Type: Team Member',1,'2017-12-18 16:38:35','2017-12-18 16:38:35',NULL),(275,6,NULL,919860,1,0.00,100000.00,NULL,'Deposit of 100000 - 5b87d868f4553f5a5fa3eb2007798117 (Gift Card)',1,'2017-12-18 16:40:53','2017-12-18 16:40:53',NULL),(276,6,NULL,919860,1,0.00,240.00,NULL,'Deposit of 240 - 19fc2085e2546522243db48d85aad662 (Gift Card)',1,'2017-12-18 18:05:48','2017-12-18 18:05:48',NULL),(277,6,NULL,919860,13,0.00,240.00,'wallet','Package ID: #141, Type: Personal',1,'2017-12-18 18:05:48','2017-12-18 18:05:48',NULL),(278,6,NULL,617449,1,0.00,1200.00,NULL,'Deposit of 1200 - d9c0b5ed9d2a779e5302c07d806e03b1 (Gift Card)',1,'2018-01-05 06:20:06','2018-01-05 06:20:06',NULL),(279,6,NULL,617449,13,0.00,1200.00,'wallet','Package ID: #702, Type: Family Package',1,'2018-01-05 06:20:06','2018-01-05 06:20:06',NULL),(280,NULL,NULL,919860,2,0.00,100.00,NULL,'Earned Marketing Commission $100 from test001 on Package #Family Package Purchase',1,'2018-01-05 06:44:00','2018-01-05 06:44:00',NULL),(281,NULL,NULL,919860,3,0.00,400.00,NULL,'Earned Binary Commission $400.00 from test001 on Package #Family Package Purchase',1,'2018-01-05 06:44:00','2018-01-05 06:44:00',NULL),(282,NULL,NULL,1935591,3,0.00,400.00,NULL,'Earned Binary Commission $400.00 from test001 on Package #Family Package Purchase',1,'2018-01-05 06:44:00','2018-01-05 06:44:00',NULL),(283,NULL,NULL,1520459,3,0.00,400.00,NULL,'Earned Binary Commission $400.00 from test001 on Package #Family Package Purchase',1,'2018-01-05 06:44:00','2018-01-05 06:44:00',NULL),(284,4,NULL,1520459,13,0.00,1200.00,'wallet','Package ID: #703, Type: Family Package',1,'2018-01-10 12:24:45','2018-01-10 12:24:45',NULL),(285,4,NULL,1520459,13,0.00,50.00,'wallet','Auction Package ID: #2, Type: Basic 100',1,'2018-01-10 12:38:51','2018-01-10 12:38:51',NULL),(286,4,NULL,1520459,13,0.00,50.00,'wallet','Auction Package ID: #3, Type: Basic 100',1,'2018-01-10 12:39:43','2018-01-10 12:39:43',NULL),(287,4,NULL,1520459,13,0.00,50.00,'wallet','Auction Package ID: #2, Type: Basic 100',1,'2018-01-10 12:43:07','2018-01-10 12:43:07',NULL),(288,4,NULL,1520459,13,0.00,50.00,'wallet','Auction Package ID: #2, Type: Basic 100',1,'2018-01-11 08:36:25','2018-01-11 08:36:25',NULL),(289,4,NULL,1520459,13,0.00,50.00,'wallet','Auction Package ID: #2, Type: Basic 100',1,'2018-01-11 08:42:45','2018-01-11 08:42:45',NULL),(290,4,NULL,1520459,13,0.00,50.00,'wallet','Auction Package ID: #2, Type: Basic 100',1,'2018-01-11 16:44:07','2018-01-11 16:44:07',NULL),(291,6,NULL,2187453,1,0.00,1200.00,NULL,'Deposit of 1200 - 8008423b1ce15e2891949c87678c49f3 (Gift Card)',1,'2018-01-29 04:23:28','2018-01-29 04:23:28',NULL),(292,6,NULL,2187453,13,0.00,1200.00,'wallet','Package ID: #704, Type: Family Package',1,'2018-01-29 04:23:28','2018-01-29 04:23:28',NULL),(293,NULL,NULL,1520459,2,0.00,100.00,NULL,'Earned Marketing Commission $100 from test002 on Package #Family Package Purchase',1,'2018-01-29 04:23:28','2018-01-29 04:23:28',NULL),(294,4,NULL,514537,13,0.00,3600.00,'wallet','Package ID: #705, Type: Business Package',1,'2018-02-04 16:12:02','2018-02-04 16:12:02',NULL),(295,NULL,NULL,1520459,2,0.00,300.00,NULL,'Earned Marketing Commission $300 from tian88 on Package #Business Package Purchase',1,'2018-02-04 16:12:02','2018-02-04 16:12:02',NULL),(296,4,NULL,514537,13,0.00,3600.00,'wallet','Package ID: #706, Type: Business Package',1,'2018-02-04 16:16:01','2018-02-04 16:16:01',NULL),(297,NULL,NULL,1520459,2,0.00,300.00,NULL,'Earned Marketing Commission $300 from tian88 on Package #Business Package Purchase',1,'2018-02-04 16:16:01','2018-02-04 16:16:01',NULL);

--
-- Table structure for table `transactions_bitcoin`
--

CREATE TABLE `transactions_bitcoin` (
  `id` int(11) NOT NULL AUTO_INCREMENT,
  `transaction_id` int(11) NOT NULL,
  `data` varchar(300) NOT NULL,
  `created_at` timestamp NOT NULL DEFAULT CURRENT_TIMESTAMP,
  PRIMARY KEY (`id`)
) ENGINE=MyISAM AUTO_INCREMENT=10684 DEFAULT CHARSET=latin1;

--
-- Dumping data for table `transactions_bitcoin`
--

INSERT INTO `transactions_bitcoin` VALUES (10675,10679,'https://blockchain.info/tx/d563e129d89f6ef012f1b8f4e6820c64d9cd59a4a04d31a2f64dcdb310cae6ec','2017-03-23 18:47:51'),(10673,10677,'asdasdasda','2017-03-23 18:38:03'),(10674,10678,'https://blockchain.info/tx/d563e129d89f6ef012f1b8f4e6820c64d9cd59a4a04d31a2f64dcdb310cae6ec','2017-03-23 18:47:30'),(10676,10680,'https://blockchain.info/tx/d563e129d89f6ef012f1b8f4e6820c64d9cd59a4a04d31a2f64dcdb310cae6ec','2017-03-24 11:47:52'),(10677,10685,'','2017-03-30 08:53:35'),(10678,10715,'','2017-05-13 06:21:58'),(10679,10722,'','2017-05-25 14:43:53'),(10680,10724,'','2017-05-25 15:52:09'),(10681,10726,'','2017-05-28 06:56:16');

--
-- Table structure for table `users_balances`
--

CREATE TABLE `users_balances` (
  `id` int(11) NOT NULL AUTO_INCREMENT,
  `users_id` int(11) NOT NULL,
  `wallet` decimal(15,2) NOT NULL DEFAULT '0.00',
  `online_account` decimal(15,2) NOT NULL DEFAULT '0.00',
  `mandatory_account` decimal(15,2) NOT NULL DEFAULT '0.00',
  `resale_units` decimal(15,2) NOT NULL DEFAULT '0.00',
  `offset_units` decimal(15,2) NOT NULL DEFAULT '0.00',
  `cv_wallet` decimal(15,2) NOT NULL DEFAULT '0.00',
  `leg_left` decimal(15,2) NOT NULL DEFAULT '0.00',
  `leg_right` decimal(15,2) NOT NULL DEFAULT '0.00',
  PRIMARY KEY (`id`)
) ENGINE=InnoDB AUTO_INCREMENT=1468 DEFAULT CHARSET=utf8 COLLATE=utf8_unicode_ci;

--
-- Dumping data for table `users_balances`
--

INSERT INTO `users_balances` VALUES (1,1520459,28191.00,1000000.00,300.00,992800.00,3200.00,4801.00,4161.00,0.00),(861,1935591,585.00,0.00,207.00,10.00,0.00,2401.00,0.00,400.00),(866,514537,-5712.43,42786.31,1600.00,54900.00,18000.00,2400.00,0.00,0.00),(867,501181,44.73,73.36,0.00,8900.00,0.00,0.00,0.00,0.00),(868,505224,669.08,239.55,0.00,8900.00,0.00,0.00,0.00,0.00),(869,505854,669.08,239.55,0.00,30000.00,0.00,0.00,0.00,0.00),(870,557846,0.00,0.03,0.00,30000.00,0.00,0.00,0.00,0.00),(871,562762,0.00,0.12,0.00,30000.00,0.00,0.00,0.00,0.00),(872,562763,0.00,0.07,0.00,30000.00,0.00,0.00,0.00,0.00),(873,562764,0.00,0.08,0.00,30000.00,0.00,0.00,0.00,0.00),(874,563043,0.00,2.89,0.00,30000.00,0.00,0.00,0.00,0.00),(875,563044,0.00,23.48,0.00,30000.00,0.00,0.00,0.00,0.00),(876,529740,0.46,0.06,0.00,28400.00,0.00,0.00,0.00,0.00),(877,529741,0.00,0.00,0.00,28600.00,0.00,0.00,0.00,0.00),(878,529742,0.00,0.60,0.00,28600.00,0.00,0.00,0.00,0.00),(879,529743,0.00,0.60,0.00,28600.00,0.00,0.00,0.00,0.00),(880,529744,0.00,0.60,0.00,28600.00,0.00,0.00,0.00,0.00),(881,529745,0.00,0.38,0.00,28878.00,0.00,0.00,0.00,0.00),(882,529747,0.00,0.80,0.00,30000.00,0.00,0.00,0.00,0.00),(883,529748,0.00,0.80,0.00,30000.00,0.00,0.00,0.00,0.00),(884,529749,0.00,0.80,0.00,30000.00,0.00,0.00,0.00,0.00),(885,529751,0.00,0.80,0.00,30000.00,0.00,0.00,0.00,0.00),(886,563932,0.00,0.52,0.00,32800.00,0.00,0.00,0.00,0.00),(887,554784,0.00,0.90,0.00,30000.00,0.00,0.00,0.00,0.00),(888,554821,0.00,0.81,0.00,30000.00,0.00,0.00,0.00,0.00),(889,554822,0.00,0.32,0.00,30000.00,0.00,0.00,0.00,0.00),(890,554823,0.00,0.28,0.00,30000.00,0.00,0.00,0.00,0.00),(891,525794,0.00,0.73,0.00,30000.00,0.00,0.00,0.00,0.00),(892,537186,0.00,166.08,0.00,28600.00,0.00,0.00,0.00,0.00),(893,563933,0.00,11.00,0.00,19800.00,0.00,0.00,0.00,0.00),(894,919860,26565.00,0.00,0.00,0.00,0.00,400.00,400.00,0.00),(895,510378,0.00,0.04,0.00,45762.00,0.00,0.00,0.00,0.00),(896,507853,0.00,0.04,0.00,51000.00,0.00,0.00,0.00,0.00),(897,505853,8132.77,3237.48,0.00,67029.00,0.00,0.00,0.00,0.00),(898,511529,0.00,549.29,0.00,36877.00,0.00,0.00,0.00,0.00),(899,553143,0.00,0.00,0.00,20000.00,0.00,0.00,0.00,0.00),(900,553144,0.00,0.00,0.00,30000.00,0.00,0.00,0.00,0.00),(901,553145,0.00,0.00,0.00,30000.00,0.00,0.00,0.00,0.00),(902,553147,0.00,0.01,0.00,30000.00,0.00,0.00,0.00,0.00),(903,554889,0.00,0.00,0.00,20000.00,0.00,0.00,0.00,0.00),(904,553127,0.00,0.00,0.00,30000.00,0.00,0.00,0.00,0.00),(905,557847,0.00,69.92,0.00,22700.00,0.00,0.00,0.00,0.00),(906,527967,0.00,0.00,0.00,20000.00,0.00,0.00,0.00,0.00),(907,515708,0.00,416.14,0.00,55911.00,0.00,0.00,0.00,0.00),(908,516139,0.00,0.05,0.00,19831.00,0.00,0.00,0.00,0.00),(909,514495,0.00,35.25,0.00,32000.00,0.00,0.00,0.00,0.00),(910,511785,0.00,0.00,0.00,20000.00,0.00,0.00,0.00,0.00),(911,544141,0.00,0.00,0.00,20000.00,0.00,0.00,0.00,0.00),(912,528642,0.00,0.00,0.00,20000.00,0.00,0.00,0.00,0.00),(913,527422,0.00,0.04,0.00,19688.00,0.00,0.00,0.00,0.00),(914,527423,0.00,0.04,0.00,20000.00,0.00,0.00,0.00,0.00),(915,511857,0.00,0.00,0.00,20000.00,0.00,0.00,0.00,0.00),(916,511535,0.00,0.02,0.00,20000.00,0.00,0.00,0.00,0.00),(917,511549,0.00,0.02,0.00,20000.00,0.00,0.00,0.00,0.00),(918,522413,0.00,0.04,0.00,20000.00,0.00,0.00,0.00,0.00),(919,543504,0.00,0.00,0.00,30000.00,0.00,0.00,0.00,0.00),(920,554892,0.00,35.27,0.00,29000.00,0.00,0.00,0.00,0.00),(921,554893,0.00,35.29,0.00,24000.00,0.00,0.00,0.00,0.00),(922,554894,0.00,35.29,0.00,21500.00,0.00,0.00,0.00,0.00),(923,555073,0.00,35.27,0.00,22000.00,0.00,0.00,0.00,0.00),(924,555074,0.00,0.00,0.00,30000.00,0.00,0.00,0.00,0.00),(925,555075,0.00,35.25,0.00,31500.00,0.00,0.00,0.00,0.00),(926,555076,0.00,35.25,0.00,29000.00,0.00,0.00,0.00,0.00),(927,557060,0.00,0.00,0.00,30000.00,0.00,0.00,0.00,0.00),(928,557061,0.00,0.00,0.00,27500.00,0.00,0.00,0.00,0.00),(929,557062,0.00,0.00,0.00,30000.00,0.00,0.00,0.00,0.00),(930,557092,0.00,0.00,0.00,30000.00,0.00,0.00,0.00,0.00),(931,557233,0.00,0.00,0.00,30000.00,0.00,0.00,0.00,0.00),(932,557235,0.00,0.00,0.00,30000.00,0.00,0.00,0.00,0.00),(933,545549,0.00,0.00,0.00,20000.00,0.00,0.00,0.00,0.00),(934,546839,0.00,0.00,0.00,20000.00,0.00,0.00,0.00,0.00),(935,527176,0.00,0.00,0.00,20000.00,0.00,0.00,0.00,0.00),(936,534123,0.00,0.00,0.00,30000.00,0.00,0.00,0.00,0.00),(937,554890,0.00,35.26,0.00,26500.00,0.00,0.00,0.00,0.00),(938,553128,0.00,173.50,0.00,19500.00,0.00,0.00,0.00,0.00),(939,557596,0.00,0.06,0.00,20000.00,0.00,0.00,0.00,0.00),(940,554782,0.00,106.40,0.00,29654.00,0.00,0.00,0.00,0.00),(941,552476,0.00,47.51,0.00,42000.00,0.00,0.00,0.00,0.00),(942,552478,0.00,31.29,0.00,42000.00,0.00,0.00,0.00,0.00),(943,553146,0.00,282.43,0.00,30000.00,0.00,0.00,0.00,0.00),(944,527820,0.00,258.80,0.00,30000.00,0.00,0.00,0.00,0.00),(945,529167,886.90,0.00,0.00,0.00,0.00,0.00,0.00,0.00),(946,530845,0.00,0.00,0.00,0.00,0.00,0.00,0.00,0.00),(947,535281,0.00,0.00,0.00,0.00,0.00,0.00,0.00,0.00),(948,538172,0.00,0.00,0.00,0.00,0.00,0.00,0.00,0.00),(949,530564,0.00,0.00,0.00,0.00,0.00,0.00,0.00,0.00),(950,537833,0.00,0.00,0.00,0.00,0.00,0.00,0.00,0.00),(951,537965,0.00,0.00,0.00,0.00,0.00,0.00,0.00,0.00),(952,539185,0.00,0.00,0.00,0.00,0.00,0.00,0.00,0.00),(953,538074,0.00,0.00,0.00,0.00,0.00,0.00,0.00,0.00),(954,538273,0.00,0.00,0.00,0.00,0.00,0.00,0.00,0.00),(955,538274,0.00,0.00,0.00,0.00,0.00,0.00,0.00,0.00),(956,533165,0.00,0.00,0.00,0.00,0.00,0.00,0.00,0.00),(957,529551,0.00,0.00,0.00,0.00,0.00,0.00,0.00,0.00),(958,529601,0.00,0.00,0.00,0.00,0.00,0.00,0.00,0.00),(959,529675,915.34,0.00,0.00,0.00,0.00,0.00,0.00,0.00),(960,529676,0.00,0.00,0.00,0.00,0.00,0.00,0.00,0.00),(961,529677,0.00,0.00,0.00,0.00,0.00,0.00,0.00,0.00),(962,529657,0.00,0.00,0.00,0.00,0.00,0.00,0.00,0.00),(963,532126,0.00,0.00,0.00,0.00,0.00,0.00,0.00,0.00),(964,529603,0.00,0.00,0.00,0.00,0.00,0.00,0.00,0.00),(965,538189,0.00,0.00,0.00,0.00,0.00,0.00,0.00,0.00),(966,529604,0.00,0.00,0.00,0.00,0.00,0.00,0.00,0.00),(967,535277,0.00,0.00,0.00,0.00,0.00,0.00,0.00,0.00),(968,530006,0.00,0.00,0.00,0.00,0.00,0.00,0.00,0.00),(969,531538,259.28,0.00,0.00,0.00,0.00,0.00,0.00,0.00),(970,533039,0.00,0.00,0.00,0.00,0.00,0.00,0.00,0.00),(971,533041,0.00,0.00,0.00,0.00,0.00,0.00,0.00,0.00),(972,538190,0.00,0.00,0.00,0.00,0.00,0.00,0.00,0.00),(973,531579,0.00,0.00,0.00,0.00,0.00,0.00,0.00,0.00),(974,531580,0.00,0.00,0.00,0.00,0.00,0.00,0.00,0.00),(975,532993,0.00,0.00,0.00,0.00,0.00,0.00,0.00,0.00),(976,544177,0.00,0.00,0.00,0.00,0.00,0.00,0.00,0.00),(977,531126,260.85,0.00,0.00,0.00,0.00,0.00,0.00,0.00),(978,531128,0.00,0.00,0.00,0.00,0.00,0.00,0.00,0.00),(979,531130,0.00,0.00,0.00,0.00,0.00,0.00,0.00,0.00),(980,531731,0.00,0.00,0.00,0.00,0.00,0.00,0.00,0.00),(981,531732,0.00,0.00,0.00,0.00,0.00,0.00,0.00,0.00),(982,531733,0.00,0.00,0.00,0.00,0.00,0.00,0.00,0.00),(983,532482,0.00,0.00,0.00,0.00,0.00,0.00,0.00,0.00),(984,532483,0.00,0.00,0.00,0.00,0.00,0.00,0.00,0.00),(985,532484,0.00,0.00,0.00,0.00,0.00,0.00,0.00,0.00),(986,532485,0.00,0.00,0.00,0.00,0.00,0.00,0.00,0.00),(987,532218,0.00,0.00,0.00,0.00,0.00,0.00,0.00,0.00),(988,532220,0.00,0.00,0.00,0.00,0.00,0.00,0.00,0.00),(989,532404,0.00,0.00,0.00,0.00,0.00,0.00,0.00,0.00),(990,532407,0.00,0.00,0.00,0.00,0.00,0.00,0.00,0.00),(991,511678,298.94,5347.50,0.00,28760.00,0.00,0.00,0.00,0.00),(992,528738,0.00,0.64,0.00,28200.00,0.00,0.00,0.00,0.00),(993,523924,0.56,0.52,0.00,27700.00,0.00,0.00,0.00,0.00),(994,538194,0.00,0.31,0.00,27700.00,0.00,0.00,0.00,0.00),(995,514531,0.04,0.89,0.00,29900.00,0.00,0.00,0.00,0.00),(996,530670,0.00,0.36,0.00,28700.00,0.00,0.00,0.00,0.00),(997,507721,7.43,0.35,0.00,27700.00,0.00,0.00,0.00,0.00),(998,1399213,0.00,0.00,0.00,0.00,0.00,0.00,0.00,0.00),(1140,555992,0.00,0.00,0.00,0.00,0.00,0.00,0.00,0.00),(1141,517505,0.00,0.00,0.00,0.00,0.00,0.00,0.00,0.00),(1142,515597,0.00,0.00,0.00,0.00,0.00,0.00,0.00,0.00),(1143,557740,0.00,0.00,0.00,0.00,0.00,0.00,0.00,0.00),(1144,532380,0.00,0.00,0.00,0.00,0.00,0.00,0.00,0.00),(1145,557737,0.00,0.00,0.00,0.00,0.00,0.00,0.00,0.00),(1146,559386,0.00,0.00,0.00,0.00,0.00,0.00,0.00,0.00),(1147,522189,0.00,0.00,0.00,0.00,0.00,0.00,0.00,0.00),(1148,526939,0.00,0.00,0.00,0.00,0.00,0.00,0.00,0.00),(1149,527181,0.00,0.00,0.00,0.00,0.00,0.00,0.00,0.00),(1150,527200,0.00,0.00,0.00,0.00,0.00,0.00,0.00,0.00),(1151,535331,0.00,0.00,0.00,0.00,0.00,0.00,0.00,0.00),(1152,557736,0.00,0.00,0.00,0.00,0.00,0.00,0.00,0.00),(1153,561293,0.00,0.00,0.00,0.00,0.00,0.00,0.00,0.00),(1154,561604,0.00,0.00,0.00,0.00,0.00,0.00,0.00,0.00),(1155,557739,0.00,0.00,0.00,0.00,0.00,0.00,0.00,0.00),(1156,513874,0.00,0.00,0.00,0.00,0.00,0.00,0.00,0.00),(1157,513838,0.00,0.00,0.00,0.00,0.00,0.00,0.00,0.00),(1158,522190,0.00,0.00,0.00,0.00,0.00,0.00,0.00,0.00),(1159,563897,0.00,0.00,0.00,0.00,0.00,0.00,0.00,0.00),(1160,563906,0.00,0.00,0.00,0.00,0.00,0.00,0.00,0.00),(1161,563907,0.00,0.00,0.00,0.00,0.00,0.00,0.00,0.00),(1162,526539,0.00,0.00,0.00,0.00,0.00,0.00,0.00,0.00),(1163,534749,0.00,0.00,0.00,0.00,0.00,0.00,0.00,0.00),(1164,546720,0.00,0.00,0.00,0.00,0.00,0.00,0.00,0.00),(1165,534788,0.00,0.00,0.00,0.00,0.00,0.00,0.00,0.00),(1166,535308,0.00,0.00,0.00,0.00,0.00,0.00,0.00,0.00),(1167,534790,0.00,0.00,0.00,0.00,0.00,0.00,0.00,0.00),(1168,535311,0.00,0.00,0.00,0.00,0.00,0.00,0.00,0.00),(1169,535310,0.00,0.00,0.00,0.00,0.00,0.00,0.00,0.00),(1170,538257,0.00,0.00,0.00,0.00,0.00,0.00,0.00,0.00),(1171,544052,0.00,0.00,0.00,0.00,0.00,0.00,0.00,0.00),(1172,563882,0.00,0.00,0.00,0.00,0.00,0.00,0.00,0.00),(1173,563898,0.00,0.00,0.00,0.00,0.00,0.00,0.00,0.00),(1174,563899,0.00,0.00,0.00,0.00,0.00,0.00,0.00,0.00),(1175,563900,0.00,0.00,0.00,0.00,0.00,0.00,0.00,0.00),(1176,563901,0.00,0.00,0.00,0.00,0.00,0.00,0.00,0.00),(1177,563903,0.00,0.00,0.00,0.00,0.00,0.00,0.00,0.00),(1178,563904,0.00,0.00,0.00,0.00,0.00,0.00,0.00,0.00),(1179,563905,0.00,0.00,0.00,0.00,0.00,0.00,0.00,0.00),(1180,563908,0.00,0.00,0.00,0.00,0.00,0.00,0.00,0.00),(1181,563909,0.00,0.00,0.00,0.00,0.00,0.00,0.00,0.00),(1182,563916,0.00,0.00,0.00,0.00,0.00,0.00,0.00,0.00),(1183,563917,0.00,0.00,0.00,0.00,0.00,0.00,0.00,0.00),(1184,563918,0.00,0.00,0.00,0.00,0.00,0.00,0.00,0.00),(1185,563923,0.00,0.00,0.00,0.00,0.00,0.00,0.00,0.00),(1186,555993,0.00,0.00,0.00,0.00,0.00,0.00,0.00,0.00),(1187,557735,0.00,0.00,0.00,0.00,0.00,0.00,0.00,0.00),(1188,534095,0.00,0.00,0.00,0.00,0.00,0.00,0.00,0.00),(1189,2786522,0.00,0.00,0.00,0.00,0.00,0.00,0.00,0.00),(1190,535028,0.00,0.00,0.00,0.00,0.00,0.00,0.00,0.00),(1191,537779,0.00,0.00,0.00,0.00,0.00,0.00,0.00,0.00),(1192,563885,0.00,0.00,0.00,0.00,0.00,0.00,0.00,0.00),(1193,559472,0.00,0.00,0.00,0.00,0.00,0.00,0.00,0.00),(1194,535133,0.00,0.00,0.00,0.00,0.00,0.00,0.00,0.00),(1195,538261,0.00,0.00,0.00,0.00,0.00,0.00,0.00,0.00),(1196,538271,0.00,0.00,0.00,0.00,0.00,0.00,0.00,0.00),(1197,544056,0.00,0.00,0.00,0.00,0.00,0.00,0.00,0.00),(1198,537939,0.00,0.00,0.00,0.00,0.00,0.00,0.00,0.00),(1199,558517,0.00,0.00,0.00,0.00,0.00,0.00,0.00,0.00),(1200,559681,0.00,0.00,0.00,0.00,0.00,0.00,0.00,0.00),(1201,561582,0.00,0.00,0.00,0.00,0.00,0.00,0.00,0.00),(1202,561583,0.00,0.00,0.00,0.00,0.00,0.00,0.00,0.00),(1203,526102,0.00,221.00,0.00,0.00,0.00,0.00,0.00,0.00),(1204,2786523,0.00,0.00,0.00,0.00,0.00,0.00,0.00,0.00),(1205,526949,0.00,0.00,0.00,0.00,0.00,0.00,0.00,0.00),(1206,526225,0.00,0.00,0.00,0.00,0.00,0.00,0.00,0.00),(1207,526239,0.00,0.00,0.00,0.00,0.00,0.00,0.00,0.00),(1208,526566,0.00,0.00,0.00,0.00,0.00,0.00,0.00,0.00),(1209,538045,0.00,0.00,0.00,0.00,0.00,0.00,0.00,0.00),(1210,2786524,0.00,0.00,0.00,0.00,0.00,0.00,0.00,0.00),(1211,522187,0.00,0.00,0.00,0.00,0.00,0.00,0.00,0.00),(1212,530826,0.00,0.00,0.00,0.00,0.00,0.00,0.00,0.00),(1334,534323,8758.66,0.00,0.00,458.00,0.00,0.00,0.00,0.00),(1335,541930,0.00,0.00,0.00,0.00,0.00,0.00,0.00,0.00),(1336,526662,0.00,0.00,0.00,0.00,0.00,0.00,0.00,0.00),(1337,554503,0.00,0.00,0.00,0.00,0.00,0.00,0.00,0.00),(1338,514573,0.00,0.00,0.00,1.00,0.00,0.00,0.00,0.00),(1339,509588,0.00,0.00,0.00,0.00,0.00,0.00,0.00,0.00),(1340,563111,0.00,0.00,0.00,0.00,0.00,0.00,0.00,0.00),(1341,512764,0.00,0.00,0.00,81.00,0.00,0.00,0.00,0.00),(1342,509362,0.00,0.00,0.00,7267.00,0.00,0.00,0.00,0.00),(1343,530331,0.00,0.00,0.00,6105.00,0.00,0.00,0.00,0.00),(1344,563973,0.00,0.00,0.00,0.00,0.00,0.00,0.00,0.00),(1345,530341,0.00,0.00,0.00,0.00,0.00,0.00,0.00,0.00),(1346,543412,0.00,0.00,0.00,0.00,0.00,0.00,0.00,0.00),(1347,554506,0.00,0.00,0.00,0.00,0.00,0.00,0.00,0.00),(1348,560039,0.00,0.00,0.00,0.00,0.00,0.00,0.00,0.00),(1349,554507,0.00,0.00,0.00,0.00,0.00,0.00,0.00,0.00),(1350,562039,0.00,0.00,0.00,140.00,0.00,0.00,0.00,0.00),(1351,555511,0.00,0.00,0.00,0.00,0.00,0.00,0.00,0.00),(1352,537163,0.00,451.74,0.00,92.00,0.00,0.00,0.00,0.00),(1353,542640,0.00,0.00,0.00,44.00,0.00,0.00,0.00,0.00),(1354,555303,0.00,0.00,0.00,600.00,0.00,0.00,0.00,0.00),(1355,562040,0.00,0.00,0.00,210.00,0.00,0.00,0.00,0.00),(1356,561821,0.00,0.00,0.00,80.00,0.00,0.00,0.00,0.00),(1357,563114,0.00,0.00,0.00,43030.00,0.00,0.00,0.00,0.00),(1358,563116,0.00,0.00,0.00,51030.00,0.00,0.00,0.00,0.00),(1359,563637,0.00,0.00,0.00,80.00,0.00,0.00,0.00,0.00),(1360,539851,0.00,3.00,0.00,36383.00,0.00,0.00,0.00,0.00),(1361,543654,0.00,201.60,0.00,45900.00,0.00,0.00,0.00,0.00),(1362,550236,0.00,0.00,0.00,18280.00,0.00,0.00,0.00,0.00),(1363,556897,0.00,0.00,0.00,143.00,0.00,0.00,0.00,0.00),(1364,556280,0.00,0.00,0.00,0.00,0.00,0.00,0.00,0.00),(1365,522398,0.00,0.00,0.00,0.00,0.00,0.00,0.00,0.00),(1366,556307,0.00,0.00,0.00,8350.00,0.00,0.00,0.00,0.00),(1367,558369,0.00,0.00,0.00,5.00,0.00,0.00,0.00,0.00),(1368,557956,0.00,0.00,0.00,0.00,0.00,0.00,0.00,0.00),(1369,509633,0.00,0.00,0.00,0.00,0.00,0.00,0.00,0.00),(1370,533071,237.28,261.30,0.00,39060.00,0.00,0.00,0.00,0.00),(1371,542115,0.00,0.00,0.00,45688.00,0.00,0.00,0.00,0.00),(1372,534610,0.00,0.00,0.00,37693.00,0.00,0.00,0.00,0.00),(1373,534611,0.00,0.00,0.00,32474.00,0.00,0.00,0.00,0.00),(1374,536953,0.00,0.00,0.00,35000.00,0.00,0.00,0.00,0.00),(1375,557161,0.00,0.00,0.00,30555.00,0.00,0.00,0.00,0.00),(1376,557163,0.00,0.00,0.00,32849.00,0.00,0.00,0.00,0.00),(1377,535534,0.00,0.00,0.00,47569.00,0.00,0.00,0.00,0.00),(1378,557151,0.00,0.00,0.00,46182.00,0.00,0.00,0.00,0.00),(1379,545512,0.00,0.00,0.00,45666.00,0.00,0.00,0.00,0.00),(1380,558458,0.00,0.00,0.00,46086.00,0.00,0.00,0.00,0.00),(1381,563941,0.00,0.00,0.00,22424.00,0.00,0.00,0.00,0.00),(1382,563942,0.00,0.00,0.00,21691.00,0.00,0.00,0.00,0.00),(1383,563924,0.00,0.00,0.00,21594.00,0.00,0.00,0.00,0.00),(1384,563112,0.00,0.00,0.00,43030.00,0.00,0.00,0.00,0.00),(1385,563964,0.00,0.00,0.00,27519.00,0.00,0.00,0.00,0.00),(1386,2786527,0.00,0.00,0.00,22611.00,0.00,0.00,0.00,0.00),(1387,563113,0.00,0.00,0.00,42780.00,0.00,0.00,0.00,0.00),(1388,563969,0.00,0.00,0.00,33344.00,0.00,0.00,0.00,0.00),(1389,563970,0.00,0.00,0.00,22611.00,0.00,0.00,0.00,0.00),(1390,563981,0.00,0.00,0.00,22611.00,0.00,0.00,0.00,0.00),(1391,563974,0.00,0.00,0.00,22611.00,0.00,0.00,0.00,0.00),(1392,558687,0.00,417.74,0.00,20.00,0.00,0.00,0.00,0.00),(1393,559512,0.00,15.09,0.00,20.00,0.00,0.00,0.00,0.00),(1394,559415,0.00,13.02,0.00,0.00,0.00,0.00,0.00,0.00),(1395,560404,0.00,16.92,0.00,80.00,0.00,0.00,0.00,0.00),(1396,560406,0.00,17.64,0.00,20.00,0.00,0.00,0.00,0.00),(1397,560403,0.00,11.02,0.00,16.00,0.00,0.00,0.00,0.00),(1398,560407,0.00,21.21,0.00,0.00,0.00,0.00,0.00,0.00),(1399,560354,0.00,10.97,0.00,80.00,0.00,0.00,0.00,0.00),(1400,509579,0.00,0.00,0.00,22.00,0.00,0.00,0.00,0.00),(1401,531594,0.00,0.00,0.00,0.00,0.00,0.00,0.00,0.00),(1402,532677,0.00,0.00,0.00,0.00,0.00,0.00,0.00,0.00),(1403,535290,0.00,0.00,0.00,0.00,0.00,0.00,0.00,0.00),(1404,509434,0.00,0.00,0.00,168.00,0.00,0.00,0.00,0.00),(1405,509573,0.00,0.00,0.00,0.00,0.00,0.00,0.00,0.00),(1406,514585,0.00,0.00,0.00,0.00,0.00,0.00,0.00,0.00),(1407,544481,0.00,0.00,0.00,0.00,0.00,0.00,0.00,0.00),(1408,534643,33.55,17.16,0.00,75434.00,0.00,0.00,0.00,0.00),(1409,535356,0.00,0.00,0.00,13347.00,0.00,0.00,0.00,0.00),(1410,556406,0.00,83.00,0.00,0.00,0.00,0.00,0.00,0.00),(1411,559376,0.00,0.00,0.00,60.00,0.00,0.00,0.00,0.00),(1412,543686,0.00,54.73,0.00,1.00,0.00,0.00,0.00,0.00),(1413,509584,0.00,0.00,0.00,86.00,0.00,0.00,0.00,0.00),(1414,531902,0.00,0.00,0.00,0.00,0.00,0.00,0.00,0.00),(1415,532165,0.00,0.00,0.00,0.00,0.00,0.00,0.00,0.00),(1416,539094,0.00,75.59,0.00,0.00,0.00,0.00,0.00,0.00),(1417,539124,0.00,45.79,0.00,0.00,0.00,0.00,0.00,0.00),(1418,544098,0.00,85.47,0.00,0.00,0.00,0.00,0.00,0.00),(1419,2786528,0.00,30.00,0.00,0.00,0.00,0.00,0.00,0.00),(1420,532172,0.00,0.00,0.00,0.00,0.00,0.00,0.00,0.00),(1421,537937,0.00,0.00,0.00,0.00,0.00,0.00,0.00,0.00),(1422,556141,0.00,0.00,0.00,1.00,0.00,0.00,0.00,0.00),(1423,542591,0.00,0.00,0.00,0.00,0.00,0.00,0.00,0.00),(1424,539095,0.00,14.88,0.00,0.00,0.00,0.00,0.00,0.00),(1425,540186,48.84,14.88,0.00,0.00,0.00,0.00,0.00,0.00),(1426,537756,0.00,0.00,0.00,2.00,0.00,0.00,0.00,0.00),(1427,538859,0.00,0.00,0.00,2.00,0.00,0.00,0.00,0.00),(1428,538860,0.00,7.00,0.00,99.00,0.00,0.00,0.00,0.00),(1429,543255,0.00,0.00,0.00,0.00,0.00,0.00,0.00,0.00),(1430,563914,0.00,0.00,0.00,40.00,0.00,0.00,0.00,0.00),(1431,555282,0.00,0.00,0.00,40.00,0.00,0.00,0.00,0.00),(1432,542429,0.00,105.00,0.00,83504.00,0.00,0.00,0.00,0.00),(1433,542462,0.00,0.00,0.00,66972.00,0.00,0.00,0.00,0.00),(1434,542465,0.00,0.00,0.00,65484.00,0.00,0.00,0.00,0.00),(1435,531904,0.00,0.00,0.00,67.00,0.00,0.00,0.00,0.00),(1436,532163,0.00,0.00,0.00,41.00,0.00,0.00,0.00,0.00),(1437,534542,0.00,0.00,0.00,49644.00,0.00,0.00,0.00,0.00),(1438,535342,0.00,0.00,0.00,108030.00,0.00,0.00,0.00,0.00),(1439,506760,0.00,0.00,0.00,74004.00,0.00,0.00,0.00,0.00),(1440,2786529,0.00,0.00,0.00,59450.00,0.00,0.00,0.00,0.00),(1441,563058,0.00,0.00,0.00,37840.00,0.00,0.00,0.00,0.00),(1442,512645,0.00,0.00,0.00,60467.00,0.00,0.00,0.00,0.00),(1443,514582,0.00,66.90,0.00,43598.00,0.00,0.00,0.00,0.00),(1444,512703,0.00,12.00,0.00,39.00,0.00,0.00,0.00,0.00),(1445,530340,0.00,16.00,0.00,0.00,0.00,0.00,0.00,0.00),(1446,509605,129.39,60.00,0.00,7193.00,0.00,0.00,0.00,0.00),(1447,509987,0.00,0.00,0.00,8471.00,0.00,0.00,0.00,0.00),(1448,505196,0.00,0.00,0.00,17782.00,0.00,0.00,0.00,0.00),(1449,510369,0.00,182.84,0.00,12.00,0.00,0.00,0.00,0.00),(1450,514338,0.00,5.00,0.00,9.00,0.00,0.00,0.00,0.00),(1451,515072,0.00,32.47,0.00,7464.00,0.00,0.00,0.00,0.00),(1452,515313,0.00,120.78,0.00,18974.00,0.00,0.00,0.00,0.00),(1453,514313,0.00,50.85,0.00,20977.00,0.00,0.00,0.00,0.00),(1454,518947,0.00,0.00,0.00,86197.00,0.00,0.00,0.00,0.00),(1455,617449,0.00,0.00,300.00,0.00,3200.00,400.00,0.00,0.00),(1456,2187453,0.00,0.00,300.00,5000.00,3200.00,400.00,0.00,0.00),(1457,900001,0.00,0.00,0.00,0.00,0.00,0.00,0.00,0.00),(1458,900002,0.00,0.00,0.00,0.00,0.00,0.00,0.00,0.00),(1459,900003,0.00,0.00,0.00,0.00,0.00,0.00,0.00,0.00),(1460,900004,0.00,0.00,0.00,0.00,0.00,0.00,0.00,0.00),(1461,900005,0.00,0.00,0.00,0.00,0.00,0.00,0.00,0.00),(1462,900006,0.00,0.00,0.00,0.00,0.00,0.00,0.00,0.00),(1463,900007,0.00,0.00,0.00,0.00,0.00,0.00,0.00,0.00),(1464,900008,0.00,0.00,0.00,0.00,0.00,0.00,0.00,0.00),(1465,900009,0.00,0.00,0.00,0.00,0.00,0.00,0.00,0.00),(1466,900010,0.00,0.00,0.00,0.00,0.00,0.00,0.00,0.00),(1467,1493511,0.00,0.00,0.00,0.00,0.00,0.00,0.00,0.00);

--
-- Table structure for table `users_bank_details`
--

CREATE TABLE `users_bank_details` (
  `id` int(11) NOT NULL AUTO_INCREMENT,
  `user_id` int(11) NOT NULL,
  `profile_name` varchar(250) COLLATE utf8_unicode_ci NOT NULL,
  `name_on_account` varchar(250) COLLATE utf8_unicode_ci NOT NULL,
  `bank_name` varchar(250) COLLATE utf8_unicode_ci NOT NULL,
  `bank_address` varchar(250) COLLATE utf8_unicode_ci NOT NULL,
  `bank_phone_number` varchar(100) COLLATE utf8_unicode_ci DEFAULT NULL,
  `institution_number` varchar(100) COLLATE utf8_unicode_ci DEFAULT NULL,
  `branch_number` varchar(250) COLLATE utf8_unicode_ci DEFAULT NULL,
  `account_number` varchar(200) COLLATE utf8_unicode_ci NOT NULL,
  `routing_number` varchar(200) COLLATE utf8_unicode_ci NOT NULL,
  `iban` varchar(100) COLLATE utf8_unicode_ci NOT NULL,
  `swift_code` varchar(100) COLLATE utf8_unicode_ci NOT NULL,
  `intermediary_bank_info` text COLLATE utf8_unicode_ci,
  `created_at` timestamp NOT NULL DEFAULT '0000-00-00 00:00:00',
  `updated_at` timestamp NOT NULL DEFAULT '0000-00-00 00:00:00',
  PRIMARY KEY (`id`)
) ENGINE=InnoDB DEFAULT CHARSET=utf8 COLLATE=utf8_unicode_ci;

--
-- Dumping data for table `users_bank_details`
--


--
-- Table structure for table `users_groups`
--

CREATE TABLE `users_groups` (
  `user_id` int(10) unsigned NOT NULL,
  `groups_id` int(10) unsigned NOT NULL,
  PRIMARY KEY (`user_id`,`groups_id`)
) ENGINE=InnoDB DEFAULT CHARSET=utf8 COLLATE=utf8_unicode_ci;

--
-- Dumping data for table `users_groups`
--

INSERT INTO `users_groups` VALUES (1520459,2);

--
-- Table structure for table `users_packages`
--

CREATE TABLE `users_packages` (
  `id` int(11) NOT NULL AUTO_INCREMENT,
  `user_id` int(11) NOT NULL,
  `package_id` int(11) NOT NULL,
  `invested_amount` decimal(15,2) NOT NULL DEFAULT '0.00',
  `status` int(1) NOT NULL DEFAULT '1',
  `created_at` timestamp NULL DEFAULT NULL,
  `updated_at` timestamp NOT NULL DEFAULT CURRENT_TIMESTAMP ON UPDATE CURRENT_TIMESTAMP,
  `deleted_at` timestamp NULL DEFAULT NULL,
  PRIMARY KEY (`id`)
) ENGINE=InnoDB AUTO_INCREMENT=707 DEFAULT CHARSET=utf8 COLLATE=utf8_unicode_ci;

--
-- Dumping data for table `users_packages`
--

INSERT INTO `users_packages` VALUES (112,514537,6,3600.00,1,'2017-12-08 16:17:39','2017-12-08 16:17:39',NULL),(113,501181,6,3600.00,1,'2017-12-08 19:31:03','2017-12-08 19:31:03',NULL),(114,505224,6,3600.00,1,'2017-12-08 19:36:32','2017-12-08 19:36:32',NULL),(115,505854,6,3600.00,1,'2017-12-08 20:15:14','2017-12-08 20:15:14',NULL),(116,557846,6,3600.00,1,'2017-12-08 20:18:17','2017-12-08 20:18:17',NULL),(117,562762,6,3600.00,1,'2017-12-08 20:20:52','2017-12-08 20:20:52',NULL),(118,562763,6,3600.00,1,'2017-12-08 20:23:02','2017-12-08 20:23:02',NULL),(119,562764,6,3600.00,1,'2017-12-08 20:26:40','2017-12-08 20:26:40',NULL),(120,563043,6,3600.00,1,'2017-12-08 20:30:44','2017-12-08 20:30:44',NULL),(121,563044,6,3600.00,1,'2017-12-08 20:33:51','2017-12-08 20:33:51',NULL),(122,529740,6,3600.00,1,'2017-12-08 20:36:02','2017-12-08 20:36:02',NULL),(123,529741,6,3600.00,1,'2017-12-08 20:37:07','2017-12-08 20:37:07',NULL),(124,529742,6,3600.00,1,'2017-12-08 20:37:56','2017-12-08 20:37:56',NULL),(125,529743,6,3600.00,1,'2017-12-08 20:38:36','2017-12-08 20:38:36',NULL),(126,529744,6,3600.00,1,'2017-12-08 20:39:31','2017-12-08 20:39:31',NULL),(127,529745,6,3600.00,1,'2017-12-08 20:40:31','2017-12-08 20:40:31',NULL),(128,529747,6,3600.00,1,'2017-12-08 20:43:04','2017-12-08 20:43:04',NULL),(129,529748,6,3600.00,1,'2017-12-08 20:44:12','2017-12-08 20:44:12',NULL),(130,529749,6,3600.00,1,'2017-12-08 20:45:06','2017-12-08 20:45:06',NULL),(131,529751,6,3600.00,1,'2017-12-08 20:46:02','2017-12-08 20:46:02',NULL),(132,563932,6,3600.00,1,'2017-12-08 20:50:22','2017-12-08 20:50:22',NULL),(133,554784,6,3600.00,1,'2017-12-08 20:53:44','2017-12-08 20:53:44',NULL),(134,554821,6,3600.00,1,'2017-12-08 20:54:42','2017-12-08 20:54:42',NULL),(135,554822,6,3600.00,1,'2017-12-08 20:56:08','2017-12-08 20:56:08',NULL),(136,554823,6,3600.00,1,'2017-12-08 20:56:51','2017-12-08 20:56:51',NULL),(137,525794,6,3600.00,1,'2017-12-08 20:58:23','2017-12-08 20:58:23',NULL),(138,537186,6,3600.00,1,'2017-12-08 21:00:06','2017-12-08 21:00:06',NULL),(139,563933,6,3600.00,1,'2017-12-08 21:00:59','2017-12-08 21:00:59',NULL),(140,919860,1,24.00,1,'2017-12-18 16:38:35','2017-12-18 16:38:35',NULL),(141,919860,2,240.00,1,'2017-12-18 18:05:48','2017-12-18 18:05:48',NULL),(142,510378,3,3600.00,1,'2017-12-21 02:44:25','2017-12-21 02:44:25',NULL),(143,507853,3,3600.00,1,'2017-12-21 02:44:25','2017-12-21 02:44:25',NULL),(144,505853,3,3600.00,1,'2017-12-21 02:44:25','2017-12-21 02:44:25',NULL),(145,511529,3,3600.00,1,'2017-12-21 02:44:25','2017-12-21 02:44:25',NULL),(146,553143,3,3600.00,1,'2017-12-21 02:44:26','2017-12-21 02:44:26',NULL),(147,553144,3,3600.00,1,'2017-12-21 02:44:26','2017-12-21 02:44:26',NULL),(148,553145,3,3600.00,1,'2017-12-21 02:44:26','2017-12-21 02:44:26',NULL),(149,553147,3,3600.00,1,'2017-12-21 02:44:26','2017-12-21 02:44:26',NULL),(150,554889,3,3600.00,1,'2017-12-21 02:44:26','2017-12-21 02:44:26',NULL),(151,553127,3,3600.00,1,'2017-12-21 02:44:26','2017-12-21 02:44:26',NULL),(152,557847,3,3600.00,1,'2017-12-21 02:44:26','2017-12-21 02:44:26',NULL),(153,527967,3,3600.00,1,'2017-12-21 02:44:27','2017-12-21 02:44:27',NULL),(154,515708,3,3600.00,1,'2017-12-21 02:44:27','2017-12-21 02:44:27',NULL),(155,516139,3,3600.00,1,'2017-12-21 02:44:27','2017-12-21 02:44:27',NULL),(156,514495,3,3600.00,1,'2017-12-21 02:44:27','2017-12-21 02:44:27',NULL),(157,511785,3,3600.00,1,'2017-12-21 02:44:27','2017-12-21 02:44:27',NULL),(158,544141,3,3600.00,1,'2017-12-21 02:44:27','2017-12-21 02:44:27',NULL),(159,528642,3,3600.00,1,'2017-12-21 02:44:28','2017-12-21 02:44:28',NULL),(160,527422,3,3600.00,1,'2017-12-21 02:44:28','2017-12-21 02:44:28',NULL),(161,527423,3,3600.00,1,'2017-12-21 02:44:28','2017-12-21 02:44:28',NULL),(162,511857,3,3600.00,1,'2017-12-21 02:44:28','2017-12-21 02:44:28',NULL),(163,511535,3,3600.00,1,'2017-12-21 02:44:28','2017-12-21 02:44:28',NULL),(164,511549,3,3600.00,1,'2017-12-21 02:44:28','2017-12-21 02:44:28',NULL),(165,522413,3,3600.00,1,'2017-12-21 02:44:28','2017-12-21 02:44:28',NULL),(166,543504,3,3600.00,1,'2017-12-21 02:44:29','2017-12-21 02:44:29',NULL),(167,554892,3,3600.00,1,'2017-12-21 02:44:29','2017-12-21 02:44:29',NULL),(168,554893,3,3600.00,1,'2017-12-21 02:44:29','2017-12-21 02:44:29',NULL),(169,554894,3,3600.00,1,'2017-12-21 02:44:29','2017-12-21 02:44:29',NULL),(170,555073,3,3600.00,1,'2017-12-21 02:44:29','2017-12-21 02:44:29',NULL),(171,555074,3,3600.00,1,'2017-12-21 02:44:29','2017-12-21 02:44:29',NULL),(172,555075,3,3600.00,1,'2017-12-21 02:44:30','2017-12-21 02:44:30',NULL),(173,555076,3,3600.00,1,'2017-12-21 02:44:30','2017-12-21 02:44:30',NULL),(174,557060,3,3600.00,1,'2017-12-21 02:44:30','2017-12-21 02:44:30',NULL),(175,557061,3,3600.00,1,'2017-12-21 02:44:30','2017-12-21 02:44:30',NULL),(176,557062,3,3600.00,1,'2017-12-21 02:44:30','2017-12-21 02:44:30',NULL),(177,557092,3,3600.00,1,'2017-12-21 02:44:30','2017-12-21 02:44:30',NULL),(178,557233,3,3600.00,1,'2017-12-21 02:44:30','2017-12-21 02:44:30',NULL),(179,557235,3,3600.00,1,'2017-12-21 02:44:31','2017-12-21 02:44:31',NULL),(180,545549,3,3600.00,1,'2017-12-21 02:44:31','2017-12-21 02:44:31',NULL),(181,546839,3,3600.00,1,'2017-12-21 02:44:31','2017-12-21 02:44:31',NULL),(182,527176,3,3600.00,1,'2017-12-21 02:44:31','2017-12-21 02:44:31',NULL),(183,534123,3,3600.00,1,'2017-12-21 02:44:31','2017-12-21 02:44:31',NULL),(184,554890,3,3600.00,1,'2017-12-21 02:44:31','2017-12-21 02:44:31',NULL),(185,553128,3,3600.00,1,'2017-12-21 02:44:32','2017-12-21 02:44:32',NULL),(186,557596,3,3600.00,1,'2017-12-21 02:44:32','2017-12-21 02:44:32',NULL),(187,554782,3,3600.00,1,'2017-12-21 02:44:32','2017-12-21 02:44:32',NULL),(188,552476,3,3600.00,1,'2017-12-21 02:44:32','2017-12-21 02:44:32',NULL),(189,552478,3,3600.00,1,'2017-12-21 02:44:32','2017-12-21 02:44:32',NULL),(190,553146,3,3600.00,1,'2017-12-21 02:44:32','2017-12-21 02:44:32',NULL),(191,527820,3,3600.00,1,'2017-12-21 02:44:32','2017-12-21 02:44:32',NULL),(192,529167,3,3600.00,1,'2017-12-21 02:44:33','2017-12-21 02:44:33',NULL),(193,530845,3,3600.00,1,'2017-12-21 02:44:33','2017-12-21 02:44:33',NULL),(194,535281,3,3600.00,1,'2017-12-21 02:44:33','2017-12-21 02:44:33',NULL),(195,538172,3,3600.00,1,'2017-12-21 02:44:33','2017-12-21 02:44:33',NULL),(196,530564,3,3600.00,1,'2017-12-21 02:44:33','2017-12-21 02:44:33',NULL),(197,537833,3,3600.00,1,'2017-12-21 02:44:33','2017-12-21 02:44:33',NULL),(198,537965,3,3600.00,1,'2017-12-21 02:44:34','2017-12-21 02:44:34',NULL),(199,539185,3,3600.00,1,'2017-12-21 02:44:34','2017-12-21 02:44:34',NULL),(200,538074,3,3600.00,1,'2017-12-21 02:44:34','2017-12-21 02:44:34',NULL),(201,538273,3,3600.00,1,'2017-12-21 02:44:34','2017-12-21 02:44:34',NULL),(202,538274,3,3600.00,1,'2017-12-21 02:44:34','2017-12-21 02:44:34',NULL),(203,533165,3,3600.00,1,'2017-12-21 02:44:34','2017-12-21 02:44:34',NULL),(204,529551,3,3600.00,1,'2017-12-21 02:44:35','2017-12-21 02:44:35',NULL),(205,529601,3,3600.00,1,'2017-12-21 02:44:35','2017-12-21 02:44:35',NULL),(206,529675,3,3600.00,1,'2017-12-21 02:44:35','2017-12-21 02:44:35',NULL),(207,529676,3,3600.00,1,'2017-12-21 02:44:35','2017-12-21 02:44:35',NULL),(208,529677,3,3600.00,1,'2017-12-21 02:44:35','2017-12-21 02:44:35',NULL),(209,529657,3,3600.00,1,'2017-12-21 02:44:35','2017-12-21 02:44:35',NULL),(210,532126,3,3600.00,1,'2017-12-21 02:44:35','2017-12-21 02:44:35',NULL),(211,529603,3,3600.00,1,'2017-12-21 02:44:36','2017-12-21 02:44:36',NULL),(212,538189,3,3600.00,1,'2017-12-21 02:44:36','2017-12-21 02:44:36',NULL),(213,529604,3,3600.00,1,'2017-12-21 02:44:36','2017-12-21 02:44:36',NULL),(214,535277,3,3600.00,1,'2017-12-21 02:44:36','2017-12-21 02:44:36',NULL),(215,530006,3,3600.00,1,'2017-12-21 02:44:36','2017-12-21 02:44:36',NULL),(216,531538,3,3600.00,1,'2017-12-21 02:44:36','2017-12-21 02:44:36',NULL),(217,533039,3,3600.00,1,'2017-12-21 02:44:37','2017-12-21 02:44:37',NULL),(218,533041,3,3600.00,1,'2017-12-21 02:44:37','2017-12-21 02:44:37',NULL),(219,538190,3,3600.00,1,'2017-12-21 02:44:37','2017-12-21 02:44:37',NULL),(220,531579,3,3600.00,1,'2017-12-21 02:44:37','2017-12-21 02:44:37',NULL),(221,531580,3,3600.00,1,'2017-12-21 02:44:37','2017-12-21 02:44:37',NULL),(222,532993,3,3600.00,1,'2017-12-21 02:44:37','2017-12-21 02:44:37',NULL),(223,544177,3,3600.00,1,'2017-12-21 02:44:37','2017-12-21 02:44:37',NULL),(224,531126,3,3600.00,1,'2017-12-21 02:44:38','2017-12-21 02:44:38',NULL),(225,531128,3,3600.00,1,'2017-12-21 02:44:38','2017-12-21 02:44:38',NULL),(226,531130,3,3600.00,1,'2017-12-21 02:44:38','2017-12-21 02:44:38',NULL),(227,531731,3,3600.00,1,'2017-12-21 02:44:38','2017-12-21 02:44:38',NULL),(228,531732,3,3600.00,1,'2017-12-21 02:44:38','2017-12-21 02:44:38',NULL),(229,531733,3,3600.00,1,'2017-12-21 02:44:38','2017-12-21 02:44:38',NULL),(230,532482,3,3600.00,1,'2017-12-21 02:44:39','2017-12-21 02:44:39',NULL),(231,532483,3,3600.00,1,'2017-12-21 02:44:39','2017-12-21 02:44:39',NULL),(232,532484,3,3600.00,1,'2017-12-21 02:44:39','2017-12-21 02:44:39',NULL),(233,532485,3,3600.00,1,'2017-12-21 02:44:39','2017-12-21 02:44:39',NULL),(234,532218,3,3600.00,1,'2017-12-21 02:44:39','2017-12-21 02:44:39',NULL),(235,532220,3,3600.00,1,'2017-12-21 02:44:39','2017-12-21 02:44:39',NULL),(236,532404,3,3600.00,1,'2017-12-21 02:44:39','2017-12-21 02:44:39',NULL),(237,532407,3,3600.00,1,'2017-12-21 02:44:40','2017-12-21 02:44:40',NULL),(238,511678,3,3600.00,1,'2017-12-21 02:44:40','2017-12-21 02:44:40',NULL),(239,528738,3,3600.00,1,'2017-12-21 02:44:40','2017-12-21 02:44:40',NULL),(240,523924,3,3600.00,1,'2017-12-21 02:44:40','2017-12-21 02:44:40',NULL),(241,538194,3,3600.00,1,'2017-12-21 02:44:40','2017-12-21 02:44:40',NULL),(242,514531,3,3600.00,1,'2017-12-21 02:44:40','2017-12-21 02:44:40',NULL),(243,530670,3,3600.00,1,'2017-12-21 02:44:41','2017-12-21 02:44:41',NULL),(244,507721,3,3600.00,1,'2017-12-21 02:44:41','2017-12-21 02:44:41',NULL),(386,555992,3,3600.00,1,'2018-01-04 22:49:12','2018-01-04 22:49:12',NULL),(387,517505,3,3600.00,1,'2018-01-04 22:49:13','2018-01-04 22:49:13',NULL),(388,515597,3,3600.00,1,'2018-01-04 22:49:13','2018-01-04 22:49:13',NULL),(389,557740,3,3600.00,1,'2018-01-04 22:49:13','2018-01-04 22:49:13',NULL),(390,532380,3,3600.00,1,'2018-01-04 22:49:13','2018-01-04 22:49:13',NULL),(391,557737,3,3600.00,1,'2018-01-04 22:49:13','2018-01-04 22:49:13',NULL),(392,559386,3,3600.00,1,'2018-01-04 22:49:13','2018-01-04 22:49:13',NULL),(393,522189,3,3600.00,1,'2018-01-04 22:49:13','2018-01-04 22:49:13',NULL),(394,526939,3,3600.00,1,'2018-01-04 22:49:14','2018-01-04 22:49:14',NULL),(395,527181,3,3600.00,1,'2018-01-04 22:49:14','2018-01-04 22:49:14',NULL),(396,527200,3,3600.00,1,'2018-01-04 22:49:14','2018-01-04 22:49:14',NULL),(397,535331,3,3600.00,1,'2018-01-04 22:49:14','2018-01-04 22:49:14',NULL),(398,557736,3,3600.00,1,'2018-01-04 22:49:14','2018-01-04 22:49:14',NULL),(399,561293,3,3600.00,1,'2018-01-04 22:49:14','2018-01-04 22:49:14',NULL),(400,561604,3,3600.00,1,'2018-01-04 22:49:15','2018-01-04 22:49:15',NULL),(401,557739,3,3600.00,1,'2018-01-04 22:49:15','2018-01-04 22:49:15',NULL),(402,513874,3,3600.00,1,'2018-01-04 22:49:15','2018-01-04 22:49:15',NULL),(403,513838,3,3600.00,1,'2018-01-04 22:49:15','2018-01-04 22:49:15',NULL),(404,522190,3,3600.00,1,'2018-01-04 22:49:15','2018-01-04 22:49:15',NULL),(405,563897,3,3600.00,1,'2018-01-04 22:49:15','2018-01-04 22:49:15',NULL),(406,563906,3,3600.00,1,'2018-01-04 22:49:15','2018-01-04 22:49:15',NULL),(407,563907,3,3600.00,1,'2018-01-04 22:49:16','2018-01-04 22:49:16',NULL),(408,526539,3,3600.00,1,'2018-01-04 22:49:16','2018-01-04 22:49:16',NULL),(409,534749,3,3600.00,1,'2018-01-04 22:49:16','2018-01-04 22:49:16',NULL),(410,546720,3,3600.00,1,'2018-01-04 22:49:16','2018-01-04 22:49:16',NULL),(411,534788,3,3600.00,1,'2018-01-04 22:49:16','2018-01-04 22:49:16',NULL),(412,535308,3,3600.00,1,'2018-01-04 22:49:16','2018-01-04 22:49:16',NULL),(413,534790,3,3600.00,1,'2018-01-04 22:49:17','2018-01-04 22:49:17',NULL),(414,535311,3,3600.00,1,'2018-01-04 22:49:17','2018-01-04 22:49:17',NULL),(415,535310,3,3600.00,1,'2018-01-04 22:49:17','2018-01-04 22:49:17',NULL),(416,538257,3,3600.00,1,'2018-01-04 22:49:17','2018-01-04 22:49:17',NULL),(417,544052,3,3600.00,1,'2018-01-04 22:49:17','2018-01-04 22:49:17',NULL),(418,563882,3,3600.00,1,'2018-01-04 22:49:17','2018-01-04 22:49:17',NULL),(419,563898,3,3600.00,1,'2018-01-04 22:49:17','2018-01-04 22:49:17',NULL),(420,563899,3,3600.00,1,'2018-01-04 22:49:18','2018-01-04 22:49:18',NULL),(421,563900,3,3600.00,1,'2018-01-04 22:49:18','2018-01-04 22:49:18',NULL),(422,563901,3,3600.00,1,'2018-01-04 22:49:18','2018-01-04 22:49:18',NULL),(423,563903,3,3600.00,1,'2018-01-04 22:49:18','2018-01-04 22:49:18',NULL),(424,563904,3,3600.00,1,'2018-01-04 22:49:18','2018-01-04 22:49:18',NULL),(425,563905,3,3600.00,1,'2018-01-04 22:49:18','2018-01-04 22:49:18',NULL),(426,563908,3,3600.00,1,'2018-01-04 22:49:19','2018-01-04 22:49:19',NULL),(427,563909,3,3600.00,1,'2018-01-04 22:49:19','2018-01-04 22:49:19',NULL),(428,563916,3,3600.00,1,'2018-01-04 22:49:19','2018-01-04 22:49:19',NULL),(429,563917,3,3600.00,1,'2018-01-04 22:49:19','2018-01-04 22:49:19',NULL),(430,563918,3,3600.00,1,'2018-01-04 22:49:19','2018-01-04 22:49:19',NULL),(431,563923,3,3600.00,1,'2018-01-04 22:49:19','2018-01-04 22:49:19',NULL),(432,555993,3,3600.00,1,'2018-01-04 22:49:20','2018-01-04 22:49:20',NULL),(433,557735,3,3600.00,1,'2018-01-04 22:49:20','2018-01-04 22:49:20',NULL),(434,534095,3,3600.00,1,'2018-01-04 22:49:20','2018-01-04 22:49:20',NULL),(435,2786522,3,3600.00,1,'2018-01-04 22:49:20','2018-01-04 22:49:20',NULL),(436,535028,3,3600.00,1,'2018-01-04 22:49:20','2018-01-04 22:49:20',NULL),(437,537779,3,3600.00,1,'2018-01-04 22:49:20','2018-01-04 22:49:20',NULL),(438,563885,3,3600.00,1,'2018-01-04 22:49:20','2018-01-04 22:49:20',NULL),(439,559472,3,3600.00,1,'2018-01-04 22:49:21','2018-01-04 22:49:21',NULL),(440,535133,3,3600.00,1,'2018-01-04 22:49:21','2018-01-04 22:49:21',NULL),(441,538261,3,3600.00,1,'2018-01-04 22:49:21','2018-01-04 22:49:21',NULL),(442,538271,3,3600.00,1,'2018-01-04 22:49:21','2018-01-04 22:49:21',NULL),(443,544056,3,3600.00,1,'2018-01-04 22:49:21','2018-01-04 22:49:21',NULL),(444,537939,3,3600.00,1,'2018-01-04 22:49:21','2018-01-04 22:49:21',NULL),(445,558517,3,3600.00,1,'2018-01-04 22:49:22','2018-01-04 22:49:22',NULL),(446,559681,3,3600.00,1,'2018-01-04 22:49:22','2018-01-04 22:49:22',NULL),(447,561582,3,3600.00,1,'2018-01-04 22:49:22','2018-01-04 22:49:22',NULL),(448,561583,3,3600.00,1,'2018-01-04 22:49:22','2018-01-04 22:49:22',NULL),(449,526102,3,3600.00,1,'2018-01-04 22:49:22','2018-01-04 22:49:22',NULL),(450,2786523,3,3600.00,1,'2018-01-04 22:49:22','2018-01-04 22:49:22',NULL),(451,526949,3,3600.00,1,'2018-01-04 22:49:22','2018-01-04 22:49:22',NULL),(452,526225,3,3600.00,1,'2018-01-04 22:49:23','2018-01-04 22:49:23',NULL),(453,526239,3,3600.00,1,'2018-01-04 22:49:23','2018-01-04 22:49:23',NULL),(454,526566,3,3600.00,1,'2018-01-04 22:49:23','2018-01-04 22:49:23',NULL),(455,538045,3,3600.00,1,'2018-01-04 22:49:23','2018-01-04 22:49:23',NULL),(456,2786524,3,3600.00,1,'2018-01-04 22:49:23','2018-01-04 22:49:23',NULL),(457,522187,3,3600.00,1,'2018-01-04 22:49:23','2018-01-04 22:49:23',NULL),(458,530826,3,3600.00,1,'2018-01-04 22:49:24','2018-01-04 22:49:24',NULL),(581,534323,3,3600.00,1,'2018-01-04 23:09:03','2018-01-04 23:09:03',NULL),(582,541930,3,3600.00,1,'2018-01-04 23:09:03','2018-01-04 23:09:03',NULL),(583,526662,3,3600.00,1,'2018-01-04 23:09:03','2018-01-04 23:09:03',NULL),(584,554503,3,3600.00,1,'2018-01-04 23:09:04','2018-01-04 23:09:04',NULL),(585,514573,3,3600.00,1,'2018-01-04 23:09:04','2018-01-04 23:09:04',NULL),(586,509588,3,3600.00,1,'2018-01-04 23:09:04','2018-01-04 23:09:04',NULL),(587,563111,3,3600.00,1,'2018-01-04 23:09:04','2018-01-04 23:09:04',NULL),(588,512764,3,3600.00,1,'2018-01-04 23:09:04','2018-01-04 23:09:04',NULL),(589,509362,3,3600.00,1,'2018-01-04 23:09:04','2018-01-04 23:09:04',NULL),(590,530331,3,3600.00,1,'2018-01-04 23:09:05','2018-01-04 23:09:05',NULL),(591,563973,3,3600.00,1,'2018-01-04 23:09:05','2018-01-04 23:09:05',NULL),(592,530341,3,3600.00,1,'2018-01-04 23:09:05','2018-01-04 23:09:05',NULL),(593,543412,3,3600.00,1,'2018-01-04 23:09:05','2018-01-04 23:09:05',NULL),(594,554506,3,3600.00,1,'2018-01-04 23:09:05','2018-01-04 23:09:05',NULL),(595,560039,3,3600.00,1,'2018-01-04 23:09:05','2018-01-04 23:09:05',NULL),(596,554507,3,3600.00,1,'2018-01-04 23:09:05','2018-01-04 23:09:05',NULL),(597,562039,3,3600.00,1,'2018-01-04 23:09:06','2018-01-04 23:09:06',NULL),(598,555511,3,3600.00,1,'2018-01-04 23:09:06','2018-01-04 23:09:06',NULL),(599,537163,3,3600.00,1,'2018-01-04 23:09:06','2018-01-04 23:09:06',NULL),(600,542640,3,3600.00,1,'2018-01-04 23:09:06','2018-01-04 23:09:06',NULL),(601,555303,3,3600.00,1,'2018-01-04 23:09:06','2018-01-04 23:09:06',NULL),(602,562040,3,3600.00,1,'2018-01-04 23:09:07','2018-01-04 23:09:07',NULL),(603,561821,3,3600.00,1,'2018-01-04 23:09:07','2018-01-04 23:09:07',NULL),(604,563114,3,3600.00,1,'2018-01-04 23:09:07','2018-01-04 23:09:07',NULL),(605,563116,3,3600.00,1,'2018-01-04 23:09:07','2018-01-04 23:09:07',NULL),(606,563637,3,3600.00,1,'2018-01-04 23:09:07','2018-01-04 23:09:07',NULL),(607,539851,3,3600.00,1,'2018-01-04 23:09:07','2018-01-04 23:09:07',NULL),(608,543654,3,3600.00,1,'2018-01-04 23:09:08','2018-01-04 23:09:08',NULL),(609,550236,3,3600.00,1,'2018-01-04 23:09:08','2018-01-04 23:09:08',NULL),(610,556897,3,3600.00,1,'2018-01-04 23:09:08','2018-01-04 23:09:08',NULL),(611,556280,3,3600.00,1,'2018-01-04 23:09:08','2018-01-04 23:09:08',NULL),(612,522398,3,3600.00,1,'2018-01-04 23:09:08','2018-01-04 23:09:08',NULL),(613,556307,3,3600.00,1,'2018-01-04 23:09:08','2018-01-04 23:09:08',NULL),(614,558369,3,3600.00,1,'2018-01-04 23:09:08','2018-01-04 23:09:08',NULL),(615,557956,3,3600.00,1,'2018-01-04 23:09:09','2018-01-04 23:09:09',NULL),(616,509633,3,3600.00,1,'2018-01-04 23:09:09','2018-01-04 23:09:09',NULL),(617,533071,3,3600.00,1,'2018-01-04 23:09:09','2018-01-04 23:09:09',NULL),(618,542115,3,3600.00,1,'2018-01-04 23:09:09','2018-01-04 23:09:09',NULL),(619,534610,3,3600.00,1,'2018-01-04 23:09:09','2018-01-04 23:09:09',NULL),(620,534611,3,3600.00,1,'2018-01-04 23:09:09','2018-01-04 23:09:09',NULL),(621,536953,3,3600.00,1,'2018-01-04 23:09:10','2018-01-04 23:09:10',NULL),(622,557161,3,3600.00,1,'2018-01-04 23:09:10','2018-01-04 23:09:10',NULL),(623,557163,3,3600.00,1,'2018-01-04 23:09:10','2018-01-04 23:09:10',NULL),(624,535534,3,3600.00,1,'2018-01-04 23:09:10','2018-01-04 23:09:10',NULL),(625,557151,3,3600.00,1,'2018-01-04 23:09:10','2018-01-04 23:09:10',NULL),(626,545512,3,3600.00,1,'2018-01-04 23:09:10','2018-01-04 23:09:10',NULL),(627,558458,3,3600.00,1,'2018-01-04 23:09:10','2018-01-04 23:09:10',NULL),(628,563941,3,3600.00,1,'2018-01-04 23:09:11','2018-01-04 23:09:11',NULL),(629,563942,3,3600.00,1,'2018-01-04 23:09:11','2018-01-04 23:09:11',NULL),(630,563924,3,3600.00,1,'2018-01-04 23:09:11','2018-01-04 23:09:11',NULL),(631,563112,3,3600.00,1,'2018-01-04 23:09:11','2018-01-04 23:09:11',NULL),(632,563964,3,3600.00,1,'2018-01-04 23:09:11','2018-01-04 23:09:11',NULL),(633,2786527,3,3600.00,1,'2018-01-04 23:09:11','2018-01-04 23:09:11',NULL),(634,563113,3,3600.00,1,'2018-01-04 23:09:12','2018-01-04 23:09:12',NULL),(635,563969,3,3600.00,1,'2018-01-04 23:09:12','2018-01-04 23:09:12',NULL),(636,563970,3,3600.00,1,'2018-01-04 23:09:12','2018-01-04 23:09:12',NULL),(637,563981,3,3600.00,1,'2018-01-04 23:09:12','2018-01-04 23:09:12',NULL),(638,563974,3,3600.00,1,'2018-01-04 23:09:12','2018-01-04 23:09:12',NULL),(639,558687,3,3600.00,1,'2018-01-04 23:09:12','2018-01-04 23:09:12',NULL),(640,559512,3,3600.00,1,'2018-01-04 23:09:13','2018-01-04 23:09:13',NULL),(641,559415,3,3600.00,1,'2018-01-04 23:09:13','2018-01-04 23:09:13',NULL),(642,560404,3,3600.00,1,'2018-01-04 23:09:13','2018-01-04 23:09:13',NULL),(643,560406,3,3600.00,1,'2018-01-04 23:09:13','2018-01-04 23:09:13',NULL),(644,560403,3,3600.00,1,'2018-01-04 23:09:13','2018-01-04 23:09:13',NULL),(645,560407,3,3600.00,1,'2018-01-04 23:09:13','2018-01-04 23:09:13',NULL),(646,560354,3,3600.00,1,'2018-01-04 23:09:14','2018-01-04 23:09:14',NULL),(647,509579,3,3600.00,1,'2018-01-04 23:09:14','2018-01-04 23:09:14',NULL),(648,531594,3,3600.00,1,'2018-01-04 23:09:14','2018-01-04 23:09:14',NULL),(649,532677,3,3600.00,1,'2018-01-04 23:09:14','2018-01-04 23:09:14',NULL),(650,535290,3,3600.00,1,'2018-01-04 23:09:14','2018-01-04 23:09:14',NULL),(651,509434,3,3600.00,1,'2018-01-04 23:09:15','2018-01-04 23:09:15',NULL),(652,509573,3,3600.00,1,'2018-01-04 23:09:15','2018-01-04 23:09:15',NULL),(653,514585,3,3600.00,1,'2018-01-04 23:09:15','2018-01-04 23:09:15',NULL),(654,544481,3,3600.00,1,'2018-01-04 23:09:15','2018-01-04 23:09:15',NULL),(655,534643,3,3600.00,1,'2018-01-04 23:09:15','2018-01-04 23:09:15',NULL),(656,535356,3,3600.00,1,'2018-01-04 23:09:15','2018-01-04 23:09:15',NULL),(657,556406,3,3600.00,1,'2018-01-04 23:09:16','2018-01-04 23:09:16',NULL),(658,559376,3,3600.00,1,'2018-01-04 23:09:16','2018-01-04 23:09:16',NULL),(659,543686,3,3600.00,1,'2018-01-04 23:09:16','2018-01-04 23:09:16',NULL),(660,509584,3,3600.00,1,'2018-01-04 23:09:16','2018-01-04 23:09:16',NULL),(661,531902,3,3600.00,1,'2018-01-04 23:09:16','2018-01-04 23:09:16',NULL),(662,532165,3,3600.00,1,'2018-01-04 23:09:16','2018-01-04 23:09:16',NULL),(663,539094,3,3600.00,1,'2018-01-04 23:09:16','2018-01-04 23:09:16',NULL),(664,539124,3,3600.00,1,'2018-01-04 23:09:17','2018-01-04 23:09:17',NULL),(665,544098,3,3600.00,1,'2018-01-04 23:09:17','2018-01-04 23:09:17',NULL),(666,2786528,3,3600.00,1,'2018-01-04 23:09:17','2018-01-04 23:09:17',NULL),(667,532172,3,3600.00,1,'2018-01-04 23:09:17','2018-01-04 23:09:17',NULL),(668,537937,3,3600.00,1,'2018-01-04 23:09:17','2018-01-04 23:09:17',NULL),(669,556141,3,3600.00,1,'2018-01-04 23:09:17','2018-01-04 23:09:17',NULL),(670,542591,3,3600.00,1,'2018-01-04 23:09:18','2018-01-04 23:09:18',NULL),(671,539095,3,3600.00,1,'2018-01-04 23:09:18','2018-01-04 23:09:18',NULL),(672,540186,3,3600.00,1,'2018-01-04 23:09:18','2018-01-04 23:09:18',NULL),(673,537756,3,3600.00,1,'2018-01-04 23:09:18','2018-01-04 23:09:18',NULL),(674,538859,3,3600.00,1,'2018-01-04 23:09:18','2018-01-04 23:09:18',NULL),(675,538860,3,3600.00,1,'2018-01-04 23:09:18','2018-01-04 23:09:18',NULL),(676,543255,3,3600.00,1,'2018-01-04 23:09:19','2018-01-04 23:09:19',NULL),(677,563914,3,3600.00,1,'2018-01-04 23:09:19','2018-01-04 23:09:19',NULL),(678,555282,3,3600.00,1,'2018-01-04 23:09:19','2018-01-04 23:09:19',NULL),(679,542429,3,3600.00,1,'2018-01-04 23:09:19','2018-01-04 23:09:19',NULL),(680,542462,3,3600.00,1,'2018-01-04 23:09:19','2018-01-04 23:09:19',NULL),(681,542465,3,3600.00,1,'2018-01-04 23:09:19','2018-01-04 23:09:19',NULL),(682,531904,3,3600.00,1,'2018-01-04 23:09:19','2018-01-04 23:09:19',NULL),(683,532163,3,3600.00,1,'2018-01-04 23:09:20','2018-01-04 23:09:20',NULL),(684,534542,3,3600.00,1,'2018-01-04 23:09:20','2018-01-04 23:09:20',NULL),(685,535342,3,3600.00,1,'2018-01-04 23:09:20','2018-01-04 23:09:20',NULL),(686,506760,3,3600.00,1,'2018-01-04 23:09:20','2018-01-04 23:09:20',NULL),(687,2786529,3,3600.00,1,'2018-01-04 23:09:20','2018-01-04 23:09:20',NULL),(688,563058,3,3600.00,1,'2018-01-04 23:09:20','2018-01-04 23:09:20',NULL),(689,512645,3,3600.00,1,'2018-01-04 23:09:21','2018-01-04 23:09:21',NULL),(690,514582,3,3600.00,1,'2018-01-04 23:09:21','2018-01-04 23:09:21',NULL),(691,512703,3,3600.00,1,'2018-01-04 23:09:21','2018-01-04 23:09:21',NULL),(692,530340,3,3600.00,1,'2018-01-04 23:09:21','2018-01-04 23:09:21',NULL),(693,509605,3,3600.00,1,'2018-01-04 23:09:21','2018-01-04 23:09:21',NULL),(694,509987,3,3600.00,1,'2018-01-04 23:09:21','2018-01-04 23:09:21',NULL),(695,505196,3,3600.00,1,'2018-01-04 23:09:21','2018-01-04 23:09:21',NULL),(696,510369,3,3600.00,1,'2018-01-04 23:09:22','2018-01-04 23:09:22',NULL),(697,514338,3,3600.00,1,'2018-01-04 23:09:22','2018-01-04 23:09:22',NULL),(698,515072,3,3600.00,1,'2018-01-04 23:09:22','2018-01-04 23:09:22',NULL),(699,515313,3,3600.00,1,'2018-01-04 23:09:22','2018-01-04 23:09:22',NULL),(700,514313,3,3600.00,1,'2018-01-04 23:09:22','2018-01-04 23:09:22',NULL),(701,518947,3,3600.00,1,'2018-01-04 23:09:22','2018-01-04 23:09:22',NULL),(702,617449,1,1200.00,1,'2018-01-05 06:20:06','2018-01-05 06:20:06',NULL),(703,1520459,1,1200.00,1,'2018-01-10 12:24:45','2018-01-10 12:24:45',NULL),(704,2187453,1,1200.00,1,'2018-01-29 04:23:28','2018-01-29 04:23:28',NULL),(705,514537,3,3600.00,1,'2018-02-04 16:12:02','2018-02-04 16:12:02',NULL),(706,514537,3,3600.00,1,'2018-02-04 16:16:01','2018-02-04 16:16:01',NULL);

--
-- Table structure for table `users_platform_settings`
--

CREATE TABLE `users_platform_settings` (
  `id` int(11) NOT NULL,
  `minDepositAmount` int(9) NOT NULL DEFAULT '1',
  `maxDepositAmount` int(9) NOT NULL DEFAULT '999999999',
  `minPositionAmount` int(9) NOT NULL DEFAULT '25',
  `maxPositionAmount` int(9) NOT NULL DEFAULT '10000',
  PRIMARY KEY (`id`)
) ENGINE=InnoDB DEFAULT CHARSET=utf8 COLLATE=utf8_unicode_ci;

--
-- Dumping data for table `users_platform_settings`
--

INSERT INTO `users_platform_settings` VALUES (585399,1,999999999,25,10000),(668288,1,999999999,25,10000),(2130273,1,999999999,25,10000);

--
-- Table structure for table `users_positions`
--

CREATE TABLE `users_positions` (
  `id` int(11) NOT NULL AUTO_INCREMENT,
  `user_id` int(11) NOT NULL,
  `position_id` int(11) NOT NULL,
  `created_at` timestamp NULL DEFAULT NULL,
  `updated_at` timestamp NOT NULL DEFAULT CURRENT_TIMESTAMP ON UPDATE CURRENT_TIMESTAMP,
  PRIMARY KEY (`id`)
) ENGINE=InnoDB AUTO_INCREMENT=667 DEFAULT CHARSET=utf8 COLLATE=utf8_unicode_ci;

--
-- Dumping data for table `users_positions`
--

INSERT INTO `users_positions` VALUES (1,1520459,4,'2017-09-16 09:04:07','2017-09-18 09:01:54'),(29,1792049,2,'2017-10-02 12:31:47','2017-10-02 12:31:47'),(30,720250,2,'2017-10-02 12:39:37','2017-10-02 12:39:37'),(31,2024951,2,'2017-10-02 13:01:22','2017-10-02 13:01:22'),(32,1908613,2,'2017-10-02 13:32:34','2017-10-02 13:32:34'),(33,1887598,2,'2017-10-02 14:34:37','2017-10-02 14:34:37'),(34,1346960,2,'2017-10-02 19:11:07','2017-10-02 19:11:07'),(35,1273856,2,'2017-10-02 19:13:03','2017-10-02 19:13:03'),(36,2736963,2,'2017-10-02 19:15:44','2017-10-02 19:15:44'),(37,1920903,2,'2017-10-02 19:17:42','2017-10-02 19:17:42'),(38,33397,2,'2017-10-02 19:20:40','2017-10-02 19:20:40'),(39,2025092,2,'2017-10-02 19:22:41','2017-10-02 19:22:41'),(40,2107998,2,'2017-10-02 19:24:15','2017-10-02 19:24:15'),(41,946941,2,'2017-10-02 20:06:40','2017-10-02 20:06:40'),(42,2497180,2,'2017-10-02 20:08:23','2017-10-02 20:08:23'),(43,108592,2,'2017-10-02 20:11:15','2017-10-02 20:11:15'),(44,1689536,2,'2017-10-02 20:27:38','2017-10-02 20:27:38'),(45,1028170,2,'2017-10-02 20:29:36','2017-10-02 20:29:36'),(46,2689270,2,'2017-10-02 21:10:19','2017-10-02 21:10:19'),(47,579452,2,'2017-10-02 21:14:40','2017-10-02 21:14:40'),(48,376822,2,'2017-10-02 22:17:32','2017-10-02 22:17:32'),(49,35143,2,'2017-10-03 05:26:37','2017-10-03 05:26:37'),(50,934379,2,'2017-10-03 05:28:52','2017-10-03 05:28:52'),(51,1258710,2,'2017-10-03 05:31:03','2017-10-03 05:31:03'),(52,313250,2,'2017-10-03 05:32:38','2017-10-03 05:32:38'),(53,2371645,2,'2017-10-03 05:34:59','2017-10-03 05:34:59'),(54,23232,2,'2017-10-03 05:37:30','2017-10-03 05:37:30'),(55,2786517,2,'2017-10-03 08:26:59','2017-10-03 08:26:59'),(56,2389133,3,'2017-10-03 08:28:51','2017-10-03 08:31:31'),(57,1935591,1,'2017-10-03 09:20:14','2017-10-03 09:20:14'),(58,2691317,2,'2017-10-03 13:12:50','2017-10-03 13:12:50'),(59,563784,2,'2017-10-03 13:15:43','2017-10-03 13:15:43'),(60,2430586,4,'2017-10-03 16:50:24','2017-10-03 16:50:24'),(61,1012624,4,'2017-10-03 17:14:55','2017-10-03 17:14:55'),(62,514537,4,'2017-12-08 16:17:39','2017-12-08 16:17:39'),(63,501181,4,'2017-12-08 19:31:03','2017-12-08 19:31:03'),(64,505224,4,'2017-12-08 19:36:32','2017-12-08 19:36:32'),(65,505854,4,'2017-12-08 20:15:14','2017-12-08 20:15:14'),(66,557846,4,'2017-12-08 20:18:17','2017-12-08 20:18:17'),(67,562762,4,'2017-12-08 20:20:52','2017-12-08 20:20:52'),(68,562763,4,'2017-12-08 20:23:02','2017-12-08 20:23:02'),(69,562764,4,'2017-12-08 20:26:40','2017-12-08 20:26:40'),(70,563043,4,'2017-12-08 20:30:44','2017-12-08 20:30:44'),(71,563044,4,'2017-12-08 20:33:51','2017-12-08 20:33:51'),(72,529740,4,'2017-12-08 20:36:02','2017-12-08 20:36:02'),(73,529741,4,'2017-12-08 20:37:07','2017-12-08 20:37:07'),(74,529742,4,'2017-12-08 20:37:56','2017-12-08 20:37:56'),(75,529743,4,'2017-12-08 20:38:36','2017-12-08 20:38:36'),(76,529744,4,'2017-12-08 20:39:31','2017-12-08 20:39:31'),(77,529745,4,'2017-12-08 20:40:31','2017-12-08 20:40:31'),(78,529747,4,'2017-12-08 20:43:04','2017-12-08 20:43:04'),(79,529748,4,'2017-12-08 20:44:12','2017-12-08 20:44:12'),(80,529749,4,'2017-12-08 20:45:06','2017-12-08 20:45:06'),(81,529751,4,'2017-12-08 20:46:02','2017-12-08 20:46:02'),(82,563932,4,'2017-12-08 20:50:22','2017-12-08 20:50:22'),(83,554784,4,'2017-12-08 20:53:44','2017-12-08 20:53:44'),(84,554821,4,'2017-12-08 20:54:42','2017-12-08 20:54:42'),(85,554822,4,'2017-12-08 20:56:08','2017-12-08 20:56:08'),(86,554823,4,'2017-12-08 20:56:51','2017-12-08 20:56:51'),(87,525794,4,'2017-12-08 20:58:23','2017-12-08 20:58:23'),(88,537186,4,'2017-12-08 21:00:06','2017-12-08 21:00:06'),(89,563933,4,'2017-12-08 21:00:59','2017-12-08 21:00:59'),(90,919860,2,'2017-12-18 16:38:35','2017-12-18 18:05:48'),(94,510378,4,'2017-12-21 02:44:25','2017-12-21 02:44:25'),(95,507853,4,'2017-12-21 02:44:25','2017-12-21 02:44:25'),(96,505853,4,'2017-12-21 02:44:25','2017-12-21 02:44:25'),(97,511529,4,'2017-12-21 02:44:25','2017-12-21 02:44:25'),(98,553143,4,'2017-12-21 02:44:26','2017-12-21 02:44:26'),(99,553144,4,'2017-12-21 02:44:26','2017-12-21 02:44:26'),(100,553145,4,'2017-12-21 02:44:26','2017-12-21 02:44:26'),(101,553147,4,'2017-12-21 02:44:26','2017-12-21 02:44:26'),(102,554889,4,'2017-12-21 02:44:26','2017-12-21 02:44:26'),(103,553127,4,'2017-12-21 02:44:26','2017-12-21 02:44:26'),(104,557847,4,'2017-12-21 02:44:26','2017-12-21 02:44:26'),(105,527967,4,'2017-12-21 02:44:27','2017-12-21 02:44:27'),(106,515708,4,'2017-12-21 02:44:27','2017-12-21 02:44:27'),(107,516139,4,'2017-12-21 02:44:27','2017-12-21 02:44:27'),(108,514495,4,'2017-12-21 02:44:27','2017-12-21 02:44:27'),(109,511785,4,'2017-12-21 02:44:27','2017-12-21 02:44:27'),(110,544141,4,'2017-12-21 02:44:27','2017-12-21 02:44:27'),(111,528642,4,'2017-12-21 02:44:28','2017-12-21 02:44:28'),(112,527422,4,'2017-12-21 02:44:28','2017-12-21 02:44:28'),(113,527423,4,'2017-12-21 02:44:28','2017-12-21 02:44:28'),(114,511857,4,'2017-12-21 02:44:28','2017-12-21 02:44:28'),(115,511535,4,'2017-12-21 02:44:28','2017-12-21 02:44:28'),(116,511549,4,'2017-12-21 02:44:28','2017-12-21 02:44:28'),(117,522413,4,'2017-12-21 02:44:28','2017-12-21 02:44:28'),(118,543504,4,'2017-12-21 02:44:29','2017-12-21 02:44:29'),(119,554892,4,'2017-12-21 02:44:29','2017-12-21 02:44:29'),(120,554893,4,'2017-12-21 02:44:29','2017-12-21 02:44:29'),(121,554894,4,'2017-12-21 02:44:29','2017-12-21 02:44:29'),(122,555073,4,'2017-12-21 02:44:29','2017-12-21 02:44:29'),(123,555074,4,'2017-12-21 02:44:29','2017-12-21 02:44:29'),(124,555075,4,'2017-12-21 02:44:30','2017-12-21 02:44:30'),(125,555076,4,'2017-12-21 02:44:30','2017-12-21 02:44:30'),(126,557060,4,'2017-12-21 02:44:30','2017-12-21 02:44:30'),(127,557061,4,'2017-12-21 02:44:30','2017-12-21 02:44:30'),(128,557062,4,'2017-12-21 02:44:30','2017-12-21 02:44:30'),(129,557092,4,'2017-12-21 02:44:30','2017-12-21 02:44:30'),(130,557233,4,'2017-12-21 02:44:30','2017-12-21 02:44:30'),(131,557235,4,'2017-12-21 02:44:31','2017-12-21 02:44:31'),(132,545549,4,'2017-12-21 02:44:31','2017-12-21 02:44:31'),(133,546839,4,'2017-12-21 02:44:31','2017-12-21 02:44:31'),(134,527176,4,'2017-12-21 02:44:31','2017-12-21 02:44:31'),(135,534123,4,'2017-12-21 02:44:31','2017-12-21 02:44:31'),(136,554890,4,'2017-12-21 02:44:31','2017-12-21 02:44:31'),(137,553128,4,'2017-12-21 02:44:32','2017-12-21 02:44:32'),(138,557596,4,'2017-12-21 02:44:32','2017-12-21 02:44:32'),(139,554782,4,'2017-12-21 02:44:32','2017-12-21 02:44:32'),(140,552476,4,'2017-12-21 02:44:32','2017-12-21 02:44:32'),(141,552478,4,'2017-12-21 02:44:32','2017-12-21 02:44:32'),(142,553146,4,'2017-12-21 02:44:32','2017-12-21 02:44:32'),(143,527820,4,'2017-12-21 02:44:32','2017-12-21 02:44:32'),(144,529167,4,'2017-12-21 02:44:33','2017-12-21 02:44:33'),(145,530845,4,'2017-12-21 02:44:33','2017-12-21 02:44:33'),(146,535281,4,'2017-12-21 02:44:33','2017-12-21 02:44:33'),(147,538172,4,'2017-12-21 02:44:33','2017-12-21 02:44:33'),(148,530564,4,'2017-12-21 02:44:33','2017-12-21 02:44:33'),(149,537833,4,'2017-12-21 02:44:33','2017-12-21 02:44:33'),(150,537965,4,'2017-12-21 02:44:34','2017-12-21 02:44:34'),(151,539185,4,'2017-12-21 02:44:34','2017-12-21 02:44:34'),(152,538074,4,'2017-12-21 02:44:34','2017-12-21 02:44:34'),(153,538273,4,'2017-12-21 02:44:34','2017-12-21 02:44:34'),(154,538274,4,'2017-12-21 02:44:34','2017-12-21 02:44:34'),(155,533165,4,'2017-12-21 02:44:34','2017-12-21 02:44:34'),(156,529551,4,'2017-12-21 02:44:35','2017-12-21 02:44:35'),(157,529601,4,'2017-12-21 02:44:35','2017-12-21 02:44:35'),(158,529675,4,'2017-12-21 02:44:35','2017-12-21 02:44:35'),(159,529676,4,'2017-12-21 02:44:35','2017-12-21 02:44:35'),(160,529677,4,'2017-12-21 02:44:35','2017-12-21 02:44:35'),(161,529657,4,'2017-12-21 02:44:35','2017-12-21 02:44:35'),(162,532126,4,'2017-12-21 02:44:35','2017-12-21 02:44:35'),(163,529603,4,'2017-12-21 02:44:36','2017-12-21 02:44:36'),(164,538189,4,'2017-12-21 02:44:36','2017-12-21 02:44:36'),(165,529604,4,'2017-12-21 02:44:36','2017-12-21 02:44:36'),(166,535277,4,'2017-12-21 02:44:36','2017-12-21 02:44:36'),(167,530006,4,'2017-12-21 02:44:36','2017-12-21 02:44:36'),(168,531538,4,'2017-12-21 02:44:36','2017-12-21 02:44:36'),(169,533039,4,'2017-12-21 02:44:37','2017-12-21 02:44:37'),(170,533041,4,'2017-12-21 02:44:37','2017-12-21 02:44:37'),(171,538190,4,'2017-12-21 02:44:37','2017-12-21 02:44:37'),(172,531579,4,'2017-12-21 02:44:37','2017-12-21 02:44:37'),(173,531580,4,'2017-12-21 02:44:37','2017-12-21 02:44:37'),(174,532993,4,'2017-12-21 02:44:37','2017-12-21 02:44:37'),(175,544177,4,'2017-12-21 02:44:37','2017-12-21 02:44:37'),(176,531126,4,'2017-12-21 02:44:38','2017-12-21 02:44:38'),(177,531128,4,'2017-12-21 02:44:38','2017-12-21 02:44:38'),(178,531130,4,'2017-12-21 02:44:38','2017-12-21 02:44:38'),(179,531731,4,'2017-12-21 02:44:38','2017-12-21 02:44:38'),(180,531732,4,'2017-12-21 02:44:38','2017-12-21 02:44:38'),(181,531733,4,'2017-12-21 02:44:38','2017-12-21 02:44:38'),(182,532482,4,'2017-12-21 02:44:39','2017-12-21 02:44:39'),(183,532483,4,'2017-12-21 02:44:39','2017-12-21 02:44:39'),(184,532484,4,'2017-12-21 02:44:39','2017-12-21 02:44:39'),(185,532485,4,'2017-12-21 02:44:39','2017-12-21 02:44:39'),(186,532218,4,'2017-12-21 02:44:39','2017-12-21 02:44:39'),(187,532220,4,'2017-12-21 02:44:39','2017-12-21 02:44:39'),(188,532404,4,'2017-12-21 02:44:39','2017-12-21 02:44:39'),(189,532407,4,'2017-12-21 02:44:40','2017-12-21 02:44:40'),(190,511678,4,'2017-12-21 02:44:40','2017-12-21 02:44:40'),(191,528738,4,'2017-12-21 02:44:40','2017-12-21 02:44:40'),(192,523924,4,'2017-12-21 02:44:40','2017-12-21 02:44:40'),(193,538194,4,'2017-12-21 02:44:40','2017-12-21 02:44:40'),(194,514531,4,'2017-12-21 02:44:40','2017-12-21 02:44:40'),(195,530670,4,'2017-12-21 02:44:41','2017-12-21 02:44:41'),(196,507721,4,'2017-12-21 02:44:41','2017-12-21 02:44:41'),(338,555992,4,'2018-01-04 22:49:12','2018-01-04 22:49:12'),(339,517505,4,'2018-01-04 22:49:13','2018-01-04 22:49:13'),(340,515597,4,'2018-01-04 22:49:13','2018-01-04 22:49:13'),(341,557740,4,'2018-01-04 22:49:13','2018-01-04 22:49:13'),(342,532380,4,'2018-01-04 22:49:13','2018-01-04 22:49:13'),(343,557737,4,'2018-01-04 22:49:13','2018-01-04 22:49:13'),(344,559386,4,'2018-01-04 22:49:13','2018-01-04 22:49:13'),(345,522189,4,'2018-01-04 22:49:13','2018-01-04 22:49:13'),(346,526939,4,'2018-01-04 22:49:14','2018-01-04 22:49:14'),(347,527181,4,'2018-01-04 22:49:14','2018-01-04 22:49:14'),(348,527200,4,'2018-01-04 22:49:14','2018-01-04 22:49:14'),(349,535331,4,'2018-01-04 22:49:14','2018-01-04 22:49:14'),(350,557736,4,'2018-01-04 22:49:14','2018-01-04 22:49:14'),(351,561293,4,'2018-01-04 22:49:14','2018-01-04 22:49:14'),(352,561604,4,'2018-01-04 22:49:15','2018-01-04 22:49:15'),(353,557739,4,'2018-01-04 22:49:15','2018-01-04 22:49:15'),(354,513874,4,'2018-01-04 22:49:15','2018-01-04 22:49:15'),(355,513838,4,'2018-01-04 22:49:15','2018-01-04 22:49:15'),(356,522190,4,'2018-01-04 22:49:15','2018-01-04 22:49:15'),(357,563897,4,'2018-01-04 22:49:15','2018-01-04 22:49:15'),(358,563906,4,'2018-01-04 22:49:15','2018-01-04 22:49:15'),(359,563907,4,'2018-01-04 22:49:16','2018-01-04 22:49:16'),(360,526539,4,'2018-01-04 22:49:16','2018-01-04 22:49:16'),(361,534749,4,'2018-01-04 22:49:16','2018-01-04 22:49:16'),(362,546720,4,'2018-01-04 22:49:16','2018-01-04 22:49:16'),(363,534788,4,'2018-01-04 22:49:16','2018-01-04 22:49:16'),(364,535308,4,'2018-01-04 22:49:16','2018-01-04 22:49:16'),(365,534790,4,'2018-01-04 22:49:17','2018-01-04 22:49:17'),(366,535311,4,'2018-01-04 22:49:17','2018-01-04 22:49:17'),(367,535310,4,'2018-01-04 22:49:17','2018-01-04 22:49:17'),(368,538257,4,'2018-01-04 22:49:17','2018-01-04 22:49:17'),(369,544052,4,'2018-01-04 22:49:17','2018-01-04 22:49:17'),(370,563882,4,'2018-01-04 22:49:17','2018-01-04 22:49:17'),(371,563898,4,'2018-01-04 22:49:17','2018-01-04 22:49:17'),(372,563899,4,'2018-01-04 22:49:18','2018-01-04 22:49:18'),(373,563900,4,'2018-01-04 22:49:18','2018-01-04 22:49:18'),(374,563901,4,'2018-01-04 22:49:18','2018-01-04 22:49:18'),(375,563903,4,'2018-01-04 22:49:18','2018-01-04 22:49:18'),(376,563904,4,'2018-01-04 22:49:18','2018-01-04 22:49:18'),(377,563905,4,'2018-01-04 22:49:18','2018-01-04 22:49:18'),(378,563908,4,'2018-01-04 22:49:19','2018-01-04 22:49:19'),(379,563909,4,'2018-01-04 22:49:19','2018-01-04 22:49:19'),(380,563916,4,'2018-01-04 22:49:19','2018-01-04 22:49:19'),(381,563917,4,'2018-01-04 22:49:19','2018-01-04 22:49:19'),(382,563918,4,'2018-01-04 22:49:19','2018-01-04 22:49:19'),(383,563923,4,'2018-01-04 22:49:19','2018-01-04 22:49:19'),(384,555993,4,'2018-01-04 22:49:20','2018-01-04 22:49:20'),(385,557735,4,'2018-01-04 22:49:20','2018-01-04 22:49:20'),(386,534095,4,'2018-01-04 22:49:20','2018-01-04 22:49:20'),(387,2786522,4,'2018-01-04 22:49:20','2018-01-04 22:49:20'),(388,535028,4,'2018-01-04 22:49:20','2018-01-04 22:49:20'),(389,537779,4,'2018-01-04 22:49:20','2018-01-04 22:49:20'),(390,563885,4,'2018-01-04 22:49:20','2018-01-04 22:49:20'),(391,559472,4,'2018-01-04 22:49:21','2018-01-04 22:49:21'),(392,535133,4,'2018-01-04 22:49:21','2018-01-04 22:49:21'),(393,538261,4,'2018-01-04 22:49:21','2018-01-04 22:49:21'),(394,538271,4,'2018-01-04 22:49:21','2018-01-04 22:49:21'),(395,544056,4,'2018-01-04 22:49:21','2018-01-04 22:49:21'),(396,537939,4,'2018-01-04 22:49:21','2018-01-04 22:49:21'),(397,558517,4,'2018-01-04 22:49:22','2018-01-04 22:49:22'),(398,559681,4,'2018-01-04 22:49:22','2018-01-04 22:49:22'),(399,561582,4,'2018-01-04 22:49:22','2018-01-04 22:49:22'),(400,561583,4,'2018-01-04 22:49:22','2018-01-04 22:49:22'),(401,526102,4,'2018-01-04 22:49:22','2018-01-04 22:49:22'),(402,2786523,4,'2018-01-04 22:49:22','2018-01-04 22:49:22'),(403,526949,4,'2018-01-04 22:49:22','2018-01-04 22:49:22'),(404,526225,4,'2018-01-04 22:49:23','2018-01-04 22:49:23'),(405,526239,4,'2018-01-04 22:49:23','2018-01-04 22:49:23'),(406,526566,4,'2018-01-04 22:49:23','2018-01-04 22:49:23'),(407,538045,4,'2018-01-04 22:49:23','2018-01-04 22:49:23'),(408,2786524,4,'2018-01-04 22:49:23','2018-01-04 22:49:23'),(409,522187,4,'2018-01-04 22:49:23','2018-01-04 22:49:23'),(410,530826,4,'2018-01-04 22:49:24','2018-01-04 22:49:24'),(534,534323,4,'2018-01-04 23:09:03','2018-01-04 23:09:03'),(535,541930,4,'2018-01-04 23:09:03','2018-01-04 23:09:03'),(536,526662,4,'2018-01-04 23:09:03','2018-01-04 23:09:03'),(537,554503,4,'2018-01-04 23:09:04','2018-01-04 23:09:04'),(538,514573,4,'2018-01-04 23:09:04','2018-01-04 23:09:04'),(539,509588,4,'2018-01-04 23:09:04','2018-01-04 23:09:04'),(540,563111,4,'2018-01-04 23:09:04','2018-01-04 23:09:04'),(541,512764,4,'2018-01-04 23:09:04','2018-01-04 23:09:04'),(542,509362,4,'2018-01-04 23:09:04','2018-01-04 23:09:04'),(543,530331,4,'2018-01-04 23:09:05','2018-01-04 23:09:05'),(544,563973,4,'2018-01-04 23:09:05','2018-01-04 23:09:05'),(545,530341,4,'2018-01-04 23:09:05','2018-01-04 23:09:05'),(546,543412,4,'2018-01-04 23:09:05','2018-01-04 23:09:05'),(547,554506,4,'2018-01-04 23:09:05','2018-01-04 23:09:05'),(548,560039,4,'2018-01-04 23:09:05','2018-01-04 23:09:05'),(549,554507,4,'2018-01-04 23:09:05','2018-01-04 23:09:05'),(550,562039,4,'2018-01-04 23:09:06','2018-01-04 23:09:06'),(551,555511,4,'2018-01-04 23:09:06','2018-01-04 23:09:06'),(552,537163,4,'2018-01-04 23:09:06','2018-01-04 23:09:06'),(553,542640,4,'2018-01-04 23:09:06','2018-01-04 23:09:06'),(554,555303,4,'2018-01-04 23:09:06','2018-01-04 23:09:06'),(555,562040,4,'2018-01-04 23:09:07','2018-01-04 23:09:07'),(556,561821,4,'2018-01-04 23:09:07','2018-01-04 23:09:07'),(557,563114,4,'2018-01-04 23:09:07','2018-01-04 23:09:07'),(558,563116,4,'2018-01-04 23:09:07','2018-01-04 23:09:07'),(559,563637,4,'2018-01-04 23:09:07','2018-01-04 23:09:07'),(560,539851,4,'2018-01-04 23:09:07','2018-01-04 23:09:07'),(561,543654,4,'2018-01-04 23:09:08','2018-01-04 23:09:08'),(562,550236,4,'2018-01-04 23:09:08','2018-01-04 23:09:08'),(563,556897,4,'2018-01-04 23:09:08','2018-01-04 23:09:08'),(564,556280,4,'2018-01-04 23:09:08','2018-01-04 23:09:08'),(565,522398,4,'2018-01-04 23:09:08','2018-01-04 23:09:08'),(566,556307,4,'2018-01-04 23:09:08','2018-01-04 23:09:08'),(567,558369,4,'2018-01-04 23:09:08','2018-01-04 23:09:08'),(568,557956,4,'2018-01-04 23:09:09','2018-01-04 23:09:09'),(569,509633,4,'2018-01-04 23:09:09','2018-01-04 23:09:09'),(570,533071,4,'2018-01-04 23:09:09','2018-01-04 23:09:09'),(571,542115,4,'2018-01-04 23:09:09','2018-01-04 23:09:09'),(572,534610,4,'2018-01-04 23:09:09','2018-01-04 23:09:09'),(573,534611,4,'2018-01-04 23:09:09','2018-01-04 23:09:09'),(574,536953,4,'2018-01-04 23:09:10','2018-01-04 23:09:10'),(575,557161,4,'2018-01-04 23:09:10','2018-01-04 23:09:10'),(576,557163,4,'2018-01-04 23:09:10','2018-01-04 23:09:10'),(577,535534,4,'2018-01-04 23:09:10','2018-01-04 23:09:10'),(578,557151,4,'2018-01-04 23:09:10','2018-01-04 23:09:10'),(579,545512,4,'2018-01-04 23:09:10','2018-01-04 23:09:10'),(580,558458,4,'2018-01-04 23:09:10','2018-01-04 23:09:10'),(581,563941,4,'2018-01-04 23:09:11','2018-01-04 23:09:11'),(582,563942,4,'2018-01-04 23:09:11','2018-01-04 23:09:11'),(583,563924,4,'2018-01-04 23:09:11','2018-01-04 23:09:11'),(584,563112,4,'2018-01-04 23:09:11','2018-01-04 23:09:11'),(585,563964,4,'2018-01-04 23:09:11','2018-01-04 23:09:11'),(586,2786527,4,'2018-01-04 23:09:11','2018-01-04 23:09:11'),(587,563113,4,'2018-01-04 23:09:12','2018-01-04 23:09:12'),(588,563969,4,'2018-01-04 23:09:12','2018-01-04 23:09:12'),(589,563970,4,'2018-01-04 23:09:12','2018-01-04 23:09:12'),(590,563981,4,'2018-01-04 23:09:12','2018-01-04 23:09:12'),(591,563974,4,'2018-01-04 23:09:12','2018-01-04 23:09:12'),(592,558687,4,'2018-01-04 23:09:12','2018-01-04 23:09:12'),(593,559512,4,'2018-01-04 23:09:13','2018-01-04 23:09:13'),(594,559415,4,'2018-01-04 23:09:13','2018-01-04 23:09:13'),(595,560404,4,'2018-01-04 23:09:13','2018-01-04 23:09:13'),(596,560406,4,'2018-01-04 23:09:13','2018-01-04 23:09:13'),(597,560403,4,'2018-01-04 23:09:13','2018-01-04 23:09:13'),(598,560407,4,'2018-01-04 23:09:13','2018-01-04 23:09:13'),(599,560354,4,'2018-01-04 23:09:14','2018-01-04 23:09:14'),(600,509579,4,'2018-01-04 23:09:14','2018-01-04 23:09:14'),(601,531594,4,'2018-01-04 23:09:14','2018-01-04 23:09:14'),(602,532677,4,'2018-01-04 23:09:14','2018-01-04 23:09:14'),(603,535290,4,'2018-01-04 23:09:14','2018-01-04 23:09:14'),(604,509434,4,'2018-01-04 23:09:15','2018-01-04 23:09:15'),(605,509573,4,'2018-01-04 23:09:15','2018-01-04 23:09:15'),(606,514585,4,'2018-01-04 23:09:15','2018-01-04 23:09:15'),(607,544481,4,'2018-01-04 23:09:15','2018-01-04 23:09:15'),(608,534643,4,'2018-01-04 23:09:15','2018-01-04 23:09:15'),(609,535356,4,'2018-01-04 23:09:15','2018-01-04 23:09:15'),(610,556406,4,'2018-01-04 23:09:16','2018-01-04 23:09:16'),(611,559376,4,'2018-01-04 23:09:16','2018-01-04 23:09:16'),(612,543686,4,'2018-01-04 23:09:16','2018-01-04 23:09:16'),(613,509584,4,'2018-01-04 23:09:16','2018-01-04 23:09:16'),(614,531902,4,'2018-01-04 23:09:16','2018-01-04 23:09:16'),(615,532165,4,'2018-01-04 23:09:16','2018-01-04 23:09:16'),(616,539094,4,'2018-01-04 23:09:16','2018-01-04 23:09:16'),(617,539124,4,'2018-01-04 23:09:17','2018-01-04 23:09:17'),(618,544098,4,'2018-01-04 23:09:17','2018-01-04 23:09:17'),(619,2786528,4,'2018-01-04 23:09:17','2018-01-04 23:09:17'),(620,532172,4,'2018-01-04 23:09:17','2018-01-04 23:09:17'),(621,537937,4,'2018-01-04 23:09:17','2018-01-04 23:09:17'),(622,556141,4,'2018-01-04 23:09:17','2018-01-04 23:09:17'),(623,542591,4,'2018-01-04 23:09:18','2018-01-04 23:09:18'),(624,539095,4,'2018-01-04 23:09:18','2018-01-04 23:09:18'),(625,540186,4,'2018-01-04 23:09:18','2018-01-04 23:09:18'),(626,537756,4,'2018-01-04 23:09:18','2018-01-04 23:09:18'),(627,538859,4,'2018-01-04 23:09:18','2018-01-04 23:09:18'),(628,538860,4,'2018-01-04 23:09:18','2018-01-04 23:09:18'),(629,543255,4,'2018-01-04 23:09:19','2018-01-04 23:09:19'),(630,563914,4,'2018-01-04 23:09:19','2018-01-04 23:09:19'),(631,555282,4,'2018-01-04 23:09:19','2018-01-04 23:09:19'),(632,542429,4,'2018-01-04 23:09:19','2018-01-04 23:09:19'),(633,542462,4,'2018-01-04 23:09:19','2018-01-04 23:09:19'),(634,542465,4,'2018-01-04 23:09:19','2018-01-04 23:09:19'),(635,531904,4,'2018-01-04 23:09:19','2018-01-04 23:09:19'),(636,532163,4,'2018-01-04 23:09:20','2018-01-04 23:09:20'),(637,534542,4,'2018-01-04 23:09:20','2018-01-04 23:09:20'),(638,535342,4,'2018-01-04 23:09:20','2018-01-04 23:09:20'),(639,506760,4,'2018-01-04 23:09:20','2018-01-04 23:09:20'),(640,2786529,4,'2018-01-04 23:09:20','2018-01-04 23:09:20'),(641,563058,4,'2018-01-04 23:09:20','2018-01-04 23:09:20'),(642,512645,4,'2018-01-04 23:09:21','2018-01-04 23:09:21'),(643,514582,4,'2018-01-04 23:09:21','2018-01-04 23:09:21'),(644,512703,4,'2018-01-04 23:09:21','2018-01-04 23:09:21'),(645,530340,4,'2018-01-04 23:09:21','2018-01-04 23:09:21'),(646,509605,4,'2018-01-04 23:09:21','2018-01-04 23:09:21'),(647,509987,4,'2018-01-04 23:09:21','2018-01-04 23:09:21'),(648,505196,4,'2018-01-04 23:09:21','2018-01-04 23:09:21'),(649,510369,4,'2018-01-04 23:09:22','2018-01-04 23:09:22'),(650,514338,4,'2018-01-04 23:09:22','2018-01-04 23:09:22'),(651,515072,4,'2018-01-04 23:09:22','2018-01-04 23:09:22'),(652,515313,4,'2018-01-04 23:09:22','2018-01-04 23:09:22'),(653,514313,4,'2018-01-04 23:09:22','2018-01-04 23:09:22'),(654,518947,4,'2018-01-04 23:09:22','2018-01-04 23:09:22'),(655,617449,3,'2018-01-05 06:20:06','2018-01-05 06:20:06'),(656,2187453,3,'2018-01-29 04:23:28','2018-01-29 04:23:28'),(657,900001,4,'2018-01-31 16:00:00','2018-02-01 20:02:49'),(658,900002,4,'2018-01-31 16:00:00','2018-02-01 20:02:49'),(659,900003,4,'2018-01-31 16:00:00','2018-02-01 20:02:49'),(660,900004,4,'2018-01-31 16:00:00','2018-02-01 20:02:49'),(661,900005,4,'2018-01-31 16:00:00','2018-02-01 20:02:49'),(662,900006,4,'2018-01-31 16:00:00','2018-02-01 20:02:49'),(663,900007,4,'2018-01-31 16:00:00','2018-02-01 20:02:49'),(664,900008,4,'2018-01-31 16:00:00','2018-02-01 20:02:49'),(665,900009,4,'2018-01-31 16:00:00','2018-02-01 20:02:49'),(666,900010,4,'2018-01-31 16:00:00','2018-02-01 20:02:49');

--
-- Table structure for table `users_processors`
--

CREATE TABLE `users_processors` (
  `id` int(11) NOT NULL AUTO_INCREMENT,
  `processor_id` int(11) NOT NULL,
  `user_id` int(11) NOT NULL,
  `bank_details_id` int(11) DEFAULT NULL,
  `data` text COLLATE utf8_unicode_ci,
  `status` tinyint(1) NOT NULL DEFAULT '1',
  `created_at` timestamp NOT NULL DEFAULT '0000-00-00 00:00:00',
  `updated_at` timestamp NOT NULL DEFAULT '0000-00-00 00:00:00',
  PRIMARY KEY (`id`)
) ENGINE=InnoDB AUTO_INCREMENT=1617 DEFAULT CHARSET=utf8 COLLATE=utf8_unicode_ci;

--
-- Dumping data for table `users_processors`
--

INSERT INTO `users_processors` VALUES (932,6,1792049,NULL,NULL,-1,'2017-10-02 12:31:01','2017-10-02 12:31:01'),(933,6,1792049,NULL,NULL,1,'2017-10-02 12:31:47','2017-10-02 12:31:47'),(934,6,720250,NULL,NULL,-1,'2017-10-02 12:36:28','2017-10-02 12:36:28'),(935,6,720250,NULL,NULL,1,'2017-10-02 12:39:36','2017-10-02 12:39:36'),(936,6,2024951,NULL,NULL,-1,'2017-10-02 12:59:41','2017-10-02 12:59:41'),(937,6,2024951,NULL,NULL,1,'2017-10-02 13:01:22','2017-10-02 13:01:22'),(938,6,1908613,NULL,NULL,-1,'2017-10-02 13:32:21','2017-10-02 13:32:21'),(939,6,1908613,NULL,NULL,1,'2017-10-02 13:32:34','2017-10-02 13:32:34'),(940,6,1887598,NULL,NULL,-1,'2017-10-02 14:26:56','2017-10-02 14:26:56'),(941,6,1887598,NULL,NULL,1,'2017-10-02 14:34:37','2017-10-02 14:34:37'),(942,6,551618,NULL,NULL,-1,'2017-10-02 14:43:00','2017-10-02 14:43:00'),(943,6,1346960,NULL,NULL,-1,'2017-10-02 19:10:27','2017-10-02 19:10:27'),(944,6,1346960,NULL,NULL,1,'2017-10-02 19:11:07','2017-10-02 19:11:07'),(945,6,1273856,NULL,NULL,-1,'2017-10-02 19:12:51','2017-10-02 19:12:51'),(946,6,1273856,NULL,NULL,1,'2017-10-02 19:13:03','2017-10-02 19:13:03'),(947,6,2736963,NULL,NULL,-1,'2017-10-02 19:15:10','2017-10-02 19:15:10'),(948,6,2736963,NULL,NULL,1,'2017-10-02 19:15:44','2017-10-02 19:15:44'),(949,6,1920903,NULL,NULL,-1,'2017-10-02 19:17:27','2017-10-02 19:17:27'),(950,6,1920903,NULL,NULL,1,'2017-10-02 19:17:42','2017-10-02 19:17:42'),(951,6,33397,NULL,NULL,-1,'2017-10-02 19:20:26','2017-10-02 19:20:26'),(952,6,33397,NULL,NULL,1,'2017-10-02 19:20:39','2017-10-02 19:20:39'),(953,6,2025092,NULL,NULL,-1,'2017-10-02 19:22:28','2017-10-02 19:22:28'),(954,6,2025092,NULL,NULL,1,'2017-10-02 19:22:40','2017-10-02 19:22:40'),(955,6,2107998,NULL,NULL,-1,'2017-10-02 19:24:03','2017-10-02 19:24:03'),(956,6,2107998,NULL,NULL,1,'2017-10-02 19:24:14','2017-10-02 19:24:14'),(957,6,2107998,NULL,NULL,1,'2017-10-02 19:30:29','2017-10-02 19:30:29'),(958,6,946941,NULL,NULL,-1,'2017-10-02 20:06:20','2017-10-02 20:06:20'),(959,6,946941,NULL,NULL,1,'2017-10-02 20:06:40','2017-10-02 20:06:40'),(960,6,2497180,NULL,NULL,-1,'2017-10-02 20:08:13','2017-10-02 20:08:13'),(961,6,2497180,NULL,NULL,1,'2017-10-02 20:08:23','2017-10-02 20:08:23'),(962,6,108592,NULL,NULL,-1,'2017-10-02 20:10:02','2017-10-02 20:10:02'),(963,6,108592,NULL,NULL,1,'2017-10-02 20:11:15','2017-10-02 20:11:15'),(964,6,1689536,NULL,NULL,-1,'2017-10-02 20:20:09','2017-10-02 20:20:09'),(965,6,1689536,NULL,NULL,1,'2017-10-02 20:27:38','2017-10-02 20:27:38'),(966,6,1028170,NULL,NULL,-1,'2017-10-02 20:29:28','2017-10-02 20:29:28'),(967,6,1028170,NULL,NULL,1,'2017-10-02 20:29:36','2017-10-02 20:29:36'),(968,6,2689270,NULL,NULL,-1,'2017-10-02 20:32:59','2017-10-02 20:32:59'),(969,6,2689270,NULL,NULL,1,'2017-10-02 21:10:18','2017-10-02 21:10:18'),(970,6,579452,NULL,NULL,-1,'2017-10-02 21:14:27','2017-10-02 21:14:27'),(971,6,579452,NULL,NULL,1,'2017-10-02 21:14:39','2017-10-02 21:14:39'),(972,6,2518792,NULL,NULL,-1,'2017-10-02 21:18:53','2017-10-02 21:18:53'),(973,6,2518792,NULL,NULL,1,'2017-10-02 22:11:44','2017-10-02 22:11:44'),(974,6,2518792,NULL,NULL,1,'2017-10-02 22:11:53','2017-10-02 22:11:53'),(975,6,2518792,NULL,NULL,1,'2017-10-02 22:12:10','2017-10-02 22:12:10'),(976,6,2518792,NULL,NULL,1,'2017-10-02 22:16:29','2017-10-02 22:16:29'),(977,6,376822,NULL,NULL,-1,'2017-10-02 22:17:19','2017-10-02 22:17:19'),(978,6,376822,NULL,NULL,1,'2017-10-02 22:17:32','2017-10-02 22:17:32'),(979,6,35143,NULL,NULL,-1,'2017-10-03 05:26:06','2017-10-03 05:26:06'),(980,6,35143,NULL,NULL,1,'2017-10-03 05:26:21','2017-10-03 05:26:21'),(981,6,35143,NULL,NULL,1,'2017-10-03 05:26:37','2017-10-03 05:26:37'),(982,6,934379,NULL,NULL,-1,'2017-10-03 05:28:23','2017-10-03 05:28:23'),(983,6,934379,NULL,NULL,1,'2017-10-03 05:28:35','2017-10-03 05:28:35'),(984,6,934379,NULL,NULL,1,'2017-10-03 05:28:52','2017-10-03 05:28:52'),(985,6,1258710,NULL,NULL,-1,'2017-10-03 05:30:45','2017-10-03 05:30:45'),(986,6,1258710,NULL,NULL,1,'2017-10-03 05:31:03','2017-10-03 05:31:03'),(987,6,313250,NULL,NULL,-1,'2017-10-03 05:32:26','2017-10-03 05:32:26'),(988,6,313250,NULL,NULL,1,'2017-10-03 05:32:37','2017-10-03 05:32:37'),(989,6,2371645,NULL,NULL,-1,'2017-10-03 05:34:46','2017-10-03 05:34:46'),(990,6,2371645,NULL,NULL,1,'2017-10-03 05:34:59','2017-10-03 05:34:59'),(991,6,23232,NULL,NULL,-1,'2017-10-03 05:37:20','2017-10-03 05:37:20'),(992,6,23232,NULL,NULL,1,'2017-10-03 05:37:30','2017-10-03 05:37:30'),(993,6,23232,NULL,NULL,1,'2017-10-03 05:39:14','2017-10-03 05:39:14'),(994,6,313250,NULL,NULL,1,'2017-10-03 05:41:28','2017-10-03 05:41:28'),(995,6,2786517,NULL,NULL,-1,'2017-10-03 08:26:33','2017-10-03 08:26:33'),(996,6,2786517,NULL,NULL,1,'2017-10-03 08:26:49','2017-10-03 08:26:49'),(997,6,2786517,NULL,NULL,1,'2017-10-03 08:26:59','2017-10-03 08:26:59'),(998,6,2389133,NULL,NULL,-1,'2017-10-03 08:28:05','2017-10-03 08:28:05'),(999,6,2389133,NULL,NULL,1,'2017-10-03 08:28:19','2017-10-03 08:28:19'),(1000,6,2389133,NULL,NULL,1,'2017-10-03 08:28:51','2017-10-03 08:28:51'),(1001,6,2389133,NULL,NULL,1,'2017-10-03 08:31:30','2017-10-03 08:31:30'),(1002,6,1935591,NULL,NULL,-1,'2017-10-03 09:19:22','2017-10-03 09:19:22'),(1003,6,1935591,NULL,NULL,1,'2017-10-03 09:20:14','2017-10-03 09:20:14'),(1004,6,2691317,NULL,NULL,-1,'2017-10-03 13:12:04','2017-10-03 13:12:04'),(1005,6,2691317,NULL,NULL,1,'2017-10-03 13:12:49','2017-10-03 13:12:49'),(1006,6,563784,NULL,NULL,-1,'2017-10-03 13:14:32','2017-10-03 13:14:32'),(1007,6,563784,NULL,NULL,1,'2017-10-03 13:15:43','2017-10-03 13:15:43'),(1008,6,2430586,NULL,NULL,-1,'2017-10-03 16:49:58','2017-10-03 16:49:58'),(1009,6,2430586,NULL,NULL,1,'2017-10-03 16:50:23','2017-10-03 16:50:23'),(1010,6,1012624,NULL,NULL,-1,'2017-10-03 17:14:29','2017-10-03 17:14:29'),(1011,6,1012624,NULL,NULL,1,'2017-10-03 17:14:55','2017-10-03 17:14:55'),(1012,6,514537,NULL,NULL,1,'2017-12-08 16:17:39','2017-12-08 16:17:39'),(1013,6,501181,NULL,NULL,1,'2017-12-08 19:31:03','2017-12-08 19:31:03'),(1014,6,505224,NULL,NULL,1,'2017-12-08 19:36:32','2017-12-08 19:36:32'),(1015,6,505854,NULL,NULL,1,'2017-12-08 20:15:14','2017-12-08 20:15:14'),(1016,6,557846,NULL,NULL,1,'2017-12-08 20:18:17','2017-12-08 20:18:17'),(1017,6,562762,NULL,NULL,1,'2017-12-08 20:20:52','2017-12-08 20:20:52'),(1018,6,562763,NULL,NULL,1,'2017-12-08 20:23:02','2017-12-08 20:23:02'),(1019,6,562764,NULL,NULL,1,'2017-12-08 20:26:40','2017-12-08 20:26:40'),(1020,6,563043,NULL,NULL,1,'2017-12-08 20:30:44','2017-12-08 20:30:44'),(1021,6,563044,NULL,NULL,1,'2017-12-08 20:33:51','2017-12-08 20:33:51'),(1022,6,529740,NULL,NULL,1,'2017-12-08 20:36:02','2017-12-08 20:36:02'),(1023,6,529741,NULL,NULL,1,'2017-12-08 20:37:07','2017-12-08 20:37:07'),(1024,6,529742,NULL,NULL,1,'2017-12-08 20:37:56','2017-12-08 20:37:56'),(1025,6,529743,NULL,NULL,1,'2017-12-08 20:38:36','2017-12-08 20:38:36'),(1026,6,529744,NULL,NULL,1,'2017-12-08 20:39:31','2017-12-08 20:39:31'),(1027,6,529745,NULL,NULL,1,'2017-12-08 20:40:31','2017-12-08 20:40:31'),(1028,6,529747,NULL,NULL,1,'2017-12-08 20:43:04','2017-12-08 20:43:04'),(1029,6,529748,NULL,NULL,1,'2017-12-08 20:44:12','2017-12-08 20:44:12'),(1030,6,529749,NULL,NULL,1,'2017-12-08 20:45:06','2017-12-08 20:45:06'),(1031,6,529751,NULL,NULL,1,'2017-12-08 20:46:02','2017-12-08 20:46:02'),(1032,6,563932,NULL,NULL,1,'2017-12-08 20:50:22','2017-12-08 20:50:22'),(1033,6,554784,NULL,NULL,1,'2017-12-08 20:53:44','2017-12-08 20:53:44'),(1034,6,554821,NULL,NULL,1,'2017-12-08 20:54:42','2017-12-08 20:54:42'),(1035,6,554822,NULL,NULL,1,'2017-12-08 20:56:08','2017-12-08 20:56:08'),(1036,6,554823,NULL,NULL,1,'2017-12-08 20:56:51','2017-12-08 20:56:51'),(1037,6,525794,NULL,NULL,1,'2017-12-08 20:58:23','2017-12-08 20:58:23'),(1038,6,537186,NULL,NULL,1,'2017-12-08 21:00:06','2017-12-08 21:00:06'),(1039,6,563933,NULL,NULL,1,'2017-12-08 21:00:59','2017-12-08 21:00:59'),(1040,6,919860,NULL,NULL,-1,'2017-12-18 16:37:22','2017-12-18 16:37:22'),(1041,6,919860,NULL,NULL,1,'2017-12-18 16:38:35','2017-12-18 16:38:35'),(1042,6,919860,NULL,NULL,1,'2017-12-18 16:40:53','2017-12-18 16:40:53'),(1043,6,919860,NULL,NULL,1,'2017-12-18 18:05:48','2017-12-18 18:05:48'),(1047,6,510378,NULL,NULL,1,'2017-12-21 02:44:25','2017-12-21 02:44:25'),(1048,6,507853,NULL,NULL,1,'2017-12-21 02:44:25','2017-12-21 02:44:25'),(1049,6,505853,NULL,NULL,1,'2017-12-21 02:44:25','2017-12-21 02:44:25'),(1050,6,511529,NULL,NULL,1,'2017-12-21 02:44:25','2017-12-21 02:44:25'),(1051,6,553143,NULL,NULL,1,'2017-12-21 02:44:26','2017-12-21 02:44:26'),(1052,6,553144,NULL,NULL,1,'2017-12-21 02:44:26','2017-12-21 02:44:26'),(1053,6,553145,NULL,NULL,1,'2017-12-21 02:44:26','2017-12-21 02:44:26'),(1054,6,553147,NULL,NULL,1,'2017-12-21 02:44:26','2017-12-21 02:44:26'),(1055,6,554889,NULL,NULL,1,'2017-12-21 02:44:26','2017-12-21 02:44:26'),(1056,6,553127,NULL,NULL,1,'2017-12-21 02:44:26','2017-12-21 02:44:26'),(1057,6,557847,NULL,NULL,1,'2017-12-21 02:44:26','2017-12-21 02:44:26'),(1058,6,527967,NULL,NULL,1,'2017-12-21 02:44:27','2017-12-21 02:44:27'),(1059,6,515708,NULL,NULL,1,'2017-12-21 02:44:27','2017-12-21 02:44:27'),(1060,6,516139,NULL,NULL,1,'2017-12-21 02:44:27','2017-12-21 02:44:27'),(1061,6,514495,NULL,NULL,1,'2017-12-21 02:44:27','2017-12-21 02:44:27'),(1062,6,511785,NULL,NULL,1,'2017-12-21 02:44:27','2017-12-21 02:44:27'),(1063,6,544141,NULL,NULL,1,'2017-12-21 02:44:27','2017-12-21 02:44:27'),(1064,6,528642,NULL,NULL,1,'2017-12-21 02:44:28','2017-12-21 02:44:28'),(1065,6,527422,NULL,NULL,1,'2017-12-21 02:44:28','2017-12-21 02:44:28'),(1066,6,527423,NULL,NULL,1,'2017-12-21 02:44:28','2017-12-21 02:44:28'),(1067,6,511857,NULL,NULL,1,'2017-12-21 02:44:28','2017-12-21 02:44:28'),(1068,6,511535,NULL,NULL,1,'2017-12-21 02:44:28','2017-12-21 02:44:28'),(1069,6,511549,NULL,NULL,1,'2017-12-21 02:44:28','2017-12-21 02:44:28'),(1070,6,522413,NULL,NULL,1,'2017-12-21 02:44:28','2017-12-21 02:44:28'),(1071,6,543504,NULL,NULL,1,'2017-12-21 02:44:29','2017-12-21 02:44:29'),(1072,6,554892,NULL,NULL,1,'2017-12-21 02:44:29','2017-12-21 02:44:29'),(1073,6,554893,NULL,NULL,1,'2017-12-21 02:44:29','2017-12-21 02:44:29'),(1074,6,554894,NULL,NULL,1,'2017-12-21 02:44:29','2017-12-21 02:44:29'),(1075,6,555073,NULL,NULL,1,'2017-12-21 02:44:29','2017-12-21 02:44:29'),(1076,6,555074,NULL,NULL,1,'2017-12-21 02:44:29','2017-12-21 02:44:29'),(1077,6,555075,NULL,NULL,1,'2017-12-21 02:44:30','2017-12-21 02:44:30'),(1078,6,555076,NULL,NULL,1,'2017-12-21 02:44:30','2017-12-21 02:44:30'),(1079,6,557060,NULL,NULL,1,'2017-12-21 02:44:30','2017-12-21 02:44:30'),(1080,6,557061,NULL,NULL,1,'2017-12-21 02:44:30','2017-12-21 02:44:30'),(1081,6,557062,NULL,NULL,1,'2017-12-21 02:44:30','2017-12-21 02:44:30'),(1082,6,557092,NULL,NULL,1,'2017-12-21 02:44:30','2017-12-21 02:44:30'),(1083,6,557233,NULL,NULL,1,'2017-12-21 02:44:30','2017-12-21 02:44:30'),(1084,6,557235,NULL,NULL,1,'2017-12-21 02:44:31','2017-12-21 02:44:31'),(1085,6,545549,NULL,NULL,1,'2017-12-21 02:44:31','2017-12-21 02:44:31'),(1086,6,546839,NULL,NULL,1,'2017-12-21 02:44:31','2017-12-21 02:44:31'),(1087,6,527176,NULL,NULL,1,'2017-12-21 02:44:31','2017-12-21 02:44:31'),(1088,6,534123,NULL,NULL,1,'2017-12-21 02:44:31','2017-12-21 02:44:31'),(1089,6,554890,NULL,NULL,1,'2017-12-21 02:44:31','2017-12-21 02:44:31'),(1090,6,553128,NULL,NULL,1,'2017-12-21 02:44:32','2017-12-21 02:44:32'),(1091,6,557596,NULL,NULL,1,'2017-12-21 02:44:32','2017-12-21 02:44:32'),(1092,6,554782,NULL,NULL,1,'2017-12-21 02:44:32','2017-12-21 02:44:32'),(1093,6,552476,NULL,NULL,1,'2017-12-21 02:44:32','2017-12-21 02:44:32'),(1094,6,552478,NULL,NULL,1,'2017-12-21 02:44:32','2017-12-21 02:44:32'),(1095,6,553146,NULL,NULL,1,'2017-12-21 02:44:32','2017-12-21 02:44:32'),(1096,6,527820,NULL,NULL,1,'2017-12-21 02:44:32','2017-12-21 02:44:32'),(1097,6,529167,NULL,NULL,1,'2017-12-21 02:44:33','2017-12-21 02:44:33'),(1098,6,530845,NULL,NULL,1,'2017-12-21 02:44:33','2017-12-21 02:44:33'),(1099,6,535281,NULL,NULL,1,'2017-12-21 02:44:33','2017-12-21 02:44:33'),(1100,6,538172,NULL,NULL,1,'2017-12-21 02:44:33','2017-12-21 02:44:33'),(1101,6,530564,NULL,NULL,1,'2017-12-21 02:44:33','2017-12-21 02:44:33'),(1102,6,537833,NULL,NULL,1,'2017-12-21 02:44:33','2017-12-21 02:44:33'),(1103,6,537965,NULL,NULL,1,'2017-12-21 02:44:34','2017-12-21 02:44:34'),(1104,6,539185,NULL,NULL,1,'2017-12-21 02:44:34','2017-12-21 02:44:34'),(1105,6,538074,NULL,NULL,1,'2017-12-21 02:44:34','2017-12-21 02:44:34'),(1106,6,538273,NULL,NULL,1,'2017-12-21 02:44:34','2017-12-21 02:44:34'),(1107,6,538274,NULL,NULL,1,'2017-12-21 02:44:34','2017-12-21 02:44:34'),(1108,6,533165,NULL,NULL,1,'2017-12-21 02:44:34','2017-12-21 02:44:34'),(1109,6,529551,NULL,NULL,1,'2017-12-21 02:44:35','2017-12-21 02:44:35'),(1110,6,529601,NULL,NULL,1,'2017-12-21 02:44:35','2017-12-21 02:44:35'),(1111,6,529675,NULL,NULL,1,'2017-12-21 02:44:35','2017-12-21 02:44:35'),(1112,6,529676,NULL,NULL,1,'2017-12-21 02:44:35','2017-12-21 02:44:35'),(1113,6,529677,NULL,NULL,1,'2017-12-21 02:44:35','2017-12-21 02:44:35'),(1114,6,529657,NULL,NULL,1,'2017-12-21 02:44:35','2017-12-21 02:44:35'),(1115,6,532126,NULL,NULL,1,'2017-12-21 02:44:35','2017-12-21 02:44:35'),(1116,6,529603,NULL,NULL,1,'2017-12-21 02:44:36','2017-12-21 02:44:36'),(1117,6,538189,NULL,NULL,1,'2017-12-21 02:44:36','2017-12-21 02:44:36'),(1118,6,529604,NULL,NULL,1,'2017-12-21 02:44:36','2017-12-21 02:44:36'),(1119,6,535277,NULL,NULL,1,'2017-12-21 02:44:36','2017-12-21 02:44:36'),(1120,6,530006,NULL,NULL,1,'2017-12-21 02:44:36','2017-12-21 02:44:36'),(1121,6,531538,NULL,NULL,1,'2017-12-21 02:44:36','2017-12-21 02:44:36'),(1122,6,533039,NULL,NULL,1,'2017-12-21 02:44:37','2017-12-21 02:44:37'),(1123,6,533041,NULL,NULL,1,'2017-12-21 02:44:37','2017-12-21 02:44:37'),(1124,6,538190,NULL,NULL,1,'2017-12-21 02:44:37','2017-12-21 02:44:37'),(1125,6,531579,NULL,NULL,1,'2017-12-21 02:44:37','2017-12-21 02:44:37'),(1126,6,531580,NULL,NULL,1,'2017-12-21 02:44:37','2017-12-21 02:44:37'),(1127,6,532993,NULL,NULL,1,'2017-12-21 02:44:37','2017-12-21 02:44:37'),(1128,6,544177,NULL,NULL,1,'2017-12-21 02:44:37','2017-12-21 02:44:37'),(1129,6,531126,NULL,NULL,1,'2017-12-21 02:44:38','2017-12-21 02:44:38'),(1130,6,531128,NULL,NULL,1,'2017-12-21 02:44:38','2017-12-21 02:44:38'),(1131,6,531130,NULL,NULL,1,'2017-12-21 02:44:38','2017-12-21 02:44:38'),(1132,6,531731,NULL,NULL,1,'2017-12-21 02:44:38','2017-12-21 02:44:38'),(1133,6,531732,NULL,NULL,1,'2017-12-21 02:44:38','2017-12-21 02:44:38'),(1134,6,531733,NULL,NULL,1,'2017-12-21 02:44:38','2017-12-21 02:44:38'),(1135,6,532482,NULL,NULL,1,'2017-12-21 02:44:39','2017-12-21 02:44:39'),(1136,6,532483,NULL,NULL,1,'2017-12-21 02:44:39','2017-12-21 02:44:39'),(1137,6,532484,NULL,NULL,1,'2017-12-21 02:44:39','2017-12-21 02:44:39'),(1138,6,532485,NULL,NULL,1,'2017-12-21 02:44:39','2017-12-21 02:44:39'),(1139,6,532218,NULL,NULL,1,'2017-12-21 02:44:39','2017-12-21 02:44:39'),(1140,6,532220,NULL,NULL,1,'2017-12-21 02:44:39','2017-12-21 02:44:39'),(1141,6,532404,NULL,NULL,1,'2017-12-21 02:44:39','2017-12-21 02:44:39'),(1142,6,532407,NULL,NULL,1,'2017-12-21 02:44:40','2017-12-21 02:44:40'),(1143,6,511678,NULL,NULL,1,'2017-12-21 02:44:40','2017-12-21 02:44:40'),(1144,6,528738,NULL,NULL,1,'2017-12-21 02:44:40','2017-12-21 02:44:40'),(1145,6,523924,NULL,NULL,1,'2017-12-21 02:44:40','2017-12-21 02:44:40'),(1146,6,538194,NULL,NULL,1,'2017-12-21 02:44:40','2017-12-21 02:44:40'),(1147,6,514531,NULL,NULL,1,'2017-12-21 02:44:40','2017-12-21 02:44:40'),(1148,6,530670,NULL,NULL,1,'2017-12-21 02:44:41','2017-12-21 02:44:41'),(1149,6,507721,NULL,NULL,1,'2017-12-21 02:44:41','2017-12-21 02:44:41'),(1150,6,1399213,NULL,NULL,-1,'2018-01-04 12:06:15','2018-01-04 12:06:15'),(1292,6,555992,NULL,NULL,1,'2018-01-04 22:49:12','2018-01-04 22:49:12'),(1293,6,517505,NULL,NULL,1,'2018-01-04 22:49:13','2018-01-04 22:49:13'),(1294,6,515597,NULL,NULL,1,'2018-01-04 22:49:13','2018-01-04 22:49:13'),(1295,6,557740,NULL,NULL,1,'2018-01-04 22:49:13','2018-01-04 22:49:13'),(1296,6,532380,NULL,NULL,1,'2018-01-04 22:49:13','2018-01-04 22:49:13'),(1297,6,557737,NULL,NULL,1,'2018-01-04 22:49:13','2018-01-04 22:49:13'),(1298,6,559386,NULL,NULL,1,'2018-01-04 22:49:13','2018-01-04 22:49:13'),(1299,6,522189,NULL,NULL,1,'2018-01-04 22:49:13','2018-01-04 22:49:13'),(1300,6,526939,NULL,NULL,1,'2018-01-04 22:49:14','2018-01-04 22:49:14'),(1301,6,527181,NULL,NULL,1,'2018-01-04 22:49:14','2018-01-04 22:49:14'),(1302,6,527200,NULL,NULL,1,'2018-01-04 22:49:14','2018-01-04 22:49:14'),(1303,6,535331,NULL,NULL,1,'2018-01-04 22:49:14','2018-01-04 22:49:14'),(1304,6,557736,NULL,NULL,1,'2018-01-04 22:49:14','2018-01-04 22:49:14'),(1305,6,561293,NULL,NULL,1,'2018-01-04 22:49:14','2018-01-04 22:49:14'),(1306,6,561604,NULL,NULL,1,'2018-01-04 22:49:15','2018-01-04 22:49:15'),(1307,6,557739,NULL,NULL,1,'2018-01-04 22:49:15','2018-01-04 22:49:15'),(1308,6,513874,NULL,NULL,1,'2018-01-04 22:49:15','2018-01-04 22:49:15'),(1309,6,513838,NULL,NULL,1,'2018-01-04 22:49:15','2018-01-04 22:49:15'),(1310,6,522190,NULL,NULL,1,'2018-01-04 22:49:15','2018-01-04 22:49:15'),(1311,6,563897,NULL,NULL,1,'2018-01-04 22:49:15','2018-01-04 22:49:15'),(1312,6,563906,NULL,NULL,1,'2018-01-04 22:49:15','2018-01-04 22:49:15'),(1313,6,563907,NULL,NULL,1,'2018-01-04 22:49:16','2018-01-04 22:49:16'),(1314,6,526539,NULL,NULL,1,'2018-01-04 22:49:16','2018-01-04 22:49:16'),(1315,6,534749,NULL,NULL,1,'2018-01-04 22:49:16','2018-01-04 22:49:16'),(1316,6,546720,NULL,NULL,1,'2018-01-04 22:49:16','2018-01-04 22:49:16'),(1317,6,534788,NULL,NULL,1,'2018-01-04 22:49:16','2018-01-04 22:49:16'),(1318,6,535308,NULL,NULL,1,'2018-01-04 22:49:16','2018-01-04 22:49:16'),(1319,6,534790,NULL,NULL,1,'2018-01-04 22:49:17','2018-01-04 22:49:17'),(1320,6,535311,NULL,NULL,1,'2018-01-04 22:49:17','2018-01-04 22:49:17'),(1321,6,535310,NULL,NULL,1,'2018-01-04 22:49:17','2018-01-04 22:49:17'),(1322,6,538257,NULL,NULL,1,'2018-01-04 22:49:17','2018-01-04 22:49:17'),(1323,6,544052,NULL,NULL,1,'2018-01-04 22:49:17','2018-01-04 22:49:17'),(1324,6,563882,NULL,NULL,1,'2018-01-04 22:49:17','2018-01-04 22:49:17'),(1325,6,563898,NULL,NULL,1,'2018-01-04 22:49:17','2018-01-04 22:49:17'),(1326,6,563899,NULL,NULL,1,'2018-01-04 22:49:18','2018-01-04 22:49:18'),(1327,6,563900,NULL,NULL,1,'2018-01-04 22:49:18','2018-01-04 22:49:18'),(1328,6,563901,NULL,NULL,1,'2018-01-04 22:49:18','2018-01-04 22:49:18'),(1329,6,563903,NULL,NULL,1,'2018-01-04 22:49:18','2018-01-04 22:49:18'),(1330,6,563904,NULL,NULL,1,'2018-01-04 22:49:18','2018-01-04 22:49:18'),(1331,6,563905,NULL,NULL,1,'2018-01-04 22:49:18','2018-01-04 22:49:18'),(1332,6,563908,NULL,NULL,1,'2018-01-04 22:49:19','2018-01-04 22:49:19'),(1333,6,563909,NULL,NULL,1,'2018-01-04 22:49:19','2018-01-04 22:49:19'),(1334,6,563916,NULL,NULL,1,'2018-01-04 22:49:19','2018-01-04 22:49:19'),(1335,6,563917,NULL,NULL,1,'2018-01-04 22:49:19','2018-01-04 22:49:19'),(1336,6,563918,NULL,NULL,1,'2018-01-04 22:49:19','2018-01-04 22:49:19'),(1337,6,563923,NULL,NULL,1,'2018-01-04 22:49:19','2018-01-04 22:49:19'),(1338,6,555993,NULL,NULL,1,'2018-01-04 22:49:20','2018-01-04 22:49:20'),(1339,6,557735,NULL,NULL,1,'2018-01-04 22:49:20','2018-01-04 22:49:20'),(1340,6,534095,NULL,NULL,1,'2018-01-04 22:49:20','2018-01-04 22:49:20'),(1341,6,2786522,NULL,NULL,1,'2018-01-04 22:49:20','2018-01-04 22:49:20'),(1342,6,535028,NULL,NULL,1,'2018-01-04 22:49:20','2018-01-04 22:49:20'),(1343,6,537779,NULL,NULL,1,'2018-01-04 22:49:20','2018-01-04 22:49:20'),(1344,6,563885,NULL,NULL,1,'2018-01-04 22:49:20','2018-01-04 22:49:20'),(1345,6,559472,NULL,NULL,1,'2018-01-04 22:49:21','2018-01-04 22:49:21'),(1346,6,535133,NULL,NULL,1,'2018-01-04 22:49:21','2018-01-04 22:49:21'),(1347,6,538261,NULL,NULL,1,'2018-01-04 22:49:21','2018-01-04 22:49:21'),(1348,6,538271,NULL,NULL,1,'2018-01-04 22:49:21','2018-01-04 22:49:21'),(1349,6,544056,NULL,NULL,1,'2018-01-04 22:49:21','2018-01-04 22:49:21'),(1350,6,537939,NULL,NULL,1,'2018-01-04 22:49:21','2018-01-04 22:49:21'),(1351,6,558517,NULL,NULL,1,'2018-01-04 22:49:22','2018-01-04 22:49:22'),(1352,6,559681,NULL,NULL,1,'2018-01-04 22:49:22','2018-01-04 22:49:22'),(1353,6,561582,NULL,NULL,1,'2018-01-04 22:49:22','2018-01-04 22:49:22'),(1354,6,561583,NULL,NULL,1,'2018-01-04 22:49:22','2018-01-04 22:49:22'),(1355,6,526102,NULL,NULL,1,'2018-01-04 22:49:22','2018-01-04 22:49:22'),(1356,6,2786523,NULL,NULL,1,'2018-01-04 22:49:22','2018-01-04 22:49:22'),(1357,6,526949,NULL,NULL,1,'2018-01-04 22:49:22','2018-01-04 22:49:22'),(1358,6,526225,NULL,NULL,1,'2018-01-04 22:49:23','2018-01-04 22:49:23'),(1359,6,526239,NULL,NULL,1,'2018-01-04 22:49:23','2018-01-04 22:49:23'),(1360,6,526566,NULL,NULL,1,'2018-01-04 22:49:23','2018-01-04 22:49:23'),(1361,6,538045,NULL,NULL,1,'2018-01-04 22:49:23','2018-01-04 22:49:23'),(1362,6,2786524,NULL,NULL,1,'2018-01-04 22:49:23','2018-01-04 22:49:23'),(1363,6,522187,NULL,NULL,1,'2018-01-04 22:49:23','2018-01-04 22:49:23'),(1364,6,530826,NULL,NULL,1,'2018-01-04 22:49:24','2018-01-04 22:49:24'),(1488,6,534323,NULL,NULL,1,'2018-01-04 23:09:03','2018-01-04 23:09:03'),(1489,6,541930,NULL,NULL,1,'2018-01-04 23:09:03','2018-01-04 23:09:03'),(1490,6,526662,NULL,NULL,1,'2018-01-04 23:09:03','2018-01-04 23:09:03'),(1491,6,554503,NULL,NULL,1,'2018-01-04 23:09:04','2018-01-04 23:09:04'),(1492,6,514573,NULL,NULL,1,'2018-01-04 23:09:04','2018-01-04 23:09:04'),(1493,6,509588,NULL,NULL,1,'2018-01-04 23:09:04','2018-01-04 23:09:04'),(1494,6,563111,NULL,NULL,1,'2018-01-04 23:09:04','2018-01-04 23:09:04'),(1495,6,512764,NULL,NULL,1,'2018-01-04 23:09:04','2018-01-04 23:09:04'),(1496,6,509362,NULL,NULL,1,'2018-01-04 23:09:04','2018-01-04 23:09:04'),(1497,6,530331,NULL,NULL,1,'2018-01-04 23:09:05','2018-01-04 23:09:05'),(1498,6,563973,NULL,NULL,1,'2018-01-04 23:09:05','2018-01-04 23:09:05'),(1499,6,530341,NULL,NULL,1,'2018-01-04 23:09:05','2018-01-04 23:09:05'),(1500,6,543412,NULL,NULL,1,'2018-01-04 23:09:05','2018-01-04 23:09:05'),(1501,6,554506,NULL,NULL,1,'2018-01-04 23:09:05','2018-01-04 23:09:05'),(1502,6,560039,NULL,NULL,1,'2018-01-04 23:09:05','2018-01-04 23:09:05'),(1503,6,554507,NULL,NULL,1,'2018-01-04 23:09:05','2018-01-04 23:09:05'),(1504,6,562039,NULL,NULL,1,'2018-01-04 23:09:06','2018-01-04 23:09:06'),(1505,6,555511,NULL,NULL,1,'2018-01-04 23:09:06','2018-01-04 23:09:06'),(1506,6,537163,NULL,NULL,1,'2018-01-04 23:09:06','2018-01-04 23:09:06'),(1507,6,542640,NULL,NULL,1,'2018-01-04 23:09:06','2018-01-04 23:09:06'),(1508,6,555303,NULL,NULL,1,'2018-01-04 23:09:06','2018-01-04 23:09:06'),(1509,6,562040,NULL,NULL,1,'2018-01-04 23:09:07','2018-01-04 23:09:07'),(1510,6,561821,NULL,NULL,1,'2018-01-04 23:09:07','2018-01-04 23:09:07'),(1511,6,563114,NULL,NULL,1,'2018-01-04 23:09:07','2018-01-04 23:09:07'),(1512,6,563116,NULL,NULL,1,'2018-01-04 23:09:07','2018-01-04 23:09:07'),(1513,6,563637,NULL,NULL,1,'2018-01-04 23:09:07','2018-01-04 23:09:07'),(1514,6,539851,NULL,NULL,1,'2018-01-04 23:09:07','2018-01-04 23:09:07'),(1515,6,543654,NULL,NULL,1,'2018-01-04 23:09:08','2018-01-04 23:09:08'),(1516,6,550236,NULL,NULL,1,'2018-01-04 23:09:08','2018-01-04 23:09:08'),(1517,6,556897,NULL,NULL,1,'2018-01-04 23:09:08','2018-01-04 23:09:08'),(1518,6,556280,NULL,NULL,1,'2018-01-04 23:09:08','2018-01-04 23:09:08'),(1519,6,522398,NULL,NULL,1,'2018-01-04 23:09:08','2018-01-04 23:09:08'),(1520,6,556307,NULL,NULL,1,'2018-01-04 23:09:08','2018-01-04 23:09:08'),(1521,6,558369,NULL,NULL,1,'2018-01-04 23:09:08','2018-01-04 23:09:08'),(1522,6,557956,NULL,NULL,1,'2018-01-04 23:09:09','2018-01-04 23:09:09'),(1523,6,509633,NULL,NULL,1,'2018-01-04 23:09:09','2018-01-04 23:09:09'),(1524,6,533071,NULL,NULL,1,'2018-01-04 23:09:09','2018-01-04 23:09:09'),(1525,6,542115,NULL,NULL,1,'2018-01-04 23:09:09','2018-01-04 23:09:09'),(1526,6,534610,NULL,NULL,1,'2018-01-04 23:09:09','2018-01-04 23:09:09'),(1527,6,534611,NULL,NULL,1,'2018-01-04 23:09:09','2018-01-04 23:09:09'),(1528,6,536953,NULL,NULL,1,'2018-01-04 23:09:10','2018-01-04 23:09:10'),(1529,6,557161,NULL,NULL,1,'2018-01-04 23:09:10','2018-01-04 23:09:10'),(1530,6,557163,NULL,NULL,1,'2018-01-04 23:09:10','2018-01-04 23:09:10'),(1531,6,535534,NULL,NULL,1,'2018-01-04 23:09:10','2018-01-04 23:09:10'),(1532,6,557151,NULL,NULL,1,'2018-01-04 23:09:10','2018-01-04 23:09:10'),(1533,6,545512,NULL,NULL,1,'2018-01-04 23:09:10','2018-01-04 23:09:10'),(1534,6,558458,NULL,NULL,1,'2018-01-04 23:09:10','2018-01-04 23:09:10'),(1535,6,563941,NULL,NULL,1,'2018-01-04 23:09:11','2018-01-04 23:09:11'),(1536,6,563942,NULL,NULL,1,'2018-01-04 23:09:11','2018-01-04 23:09:11'),(1537,6,563924,NULL,NULL,1,'2018-01-04 23:09:11','2018-01-04 23:09:11'),(1538,6,563112,NULL,NULL,1,'2018-01-04 23:09:11','2018-01-04 23:09:11'),(1539,6,563964,NULL,NULL,1,'2018-01-04 23:09:11','2018-01-04 23:09:11'),(1540,6,2786527,NULL,NULL,1,'2018-01-04 23:09:11','2018-01-04 23:09:11'),(1541,6,563113,NULL,NULL,1,'2018-01-04 23:09:12','2018-01-04 23:09:12'),(1542,6,563969,NULL,NULL,1,'2018-01-04 23:09:12','2018-01-04 23:09:12'),(1543,6,563970,NULL,NULL,1,'2018-01-04 23:09:12','2018-01-04 23:09:12'),(1544,6,563981,NULL,NULL,1,'2018-01-04 23:09:12','2018-01-04 23:09:12'),(1545,6,563974,NULL,NULL,1,'2018-01-04 23:09:12','2018-01-04 23:09:12'),(1546,6,558687,NULL,NULL,1,'2018-01-04 23:09:12','2018-01-04 23:09:12'),(1547,6,559512,NULL,NULL,1,'2018-01-04 23:09:13','2018-01-04 23:09:13'),(1548,6,559415,NULL,NULL,1,'2018-01-04 23:09:13','2018-01-04 23:09:13'),(1549,6,560404,NULL,NULL,1,'2018-01-04 23:09:13','2018-01-04 23:09:13'),(1550,6,560406,NULL,NULL,1,'2018-01-04 23:09:13','2018-01-04 23:09:13'),(1551,6,560403,NULL,NULL,1,'2018-01-04 23:09:13','2018-01-04 23:09:13'),(1552,6,560407,NULL,NULL,1,'2018-01-04 23:09:13','2018-01-04 23:09:13'),(1553,6,560354,NULL,NULL,1,'2018-01-04 23:09:14','2018-01-04 23:09:14'),(1554,6,509579,NULL,NULL,1,'2018-01-04 23:09:14','2018-01-04 23:09:14'),(1555,6,531594,NULL,NULL,1,'2018-01-04 23:09:14','2018-01-04 23:09:14'),(1556,6,532677,NULL,NULL,1,'2018-01-04 23:09:14','2018-01-04 23:09:14'),(1557,6,535290,NULL,NULL,1,'2018-01-04 23:09:14','2018-01-04 23:09:14'),(1558,6,509434,NULL,NULL,1,'2018-01-04 23:09:15','2018-01-04 23:09:15'),(1559,6,509573,NULL,NULL,1,'2018-01-04 23:09:15','2018-01-04 23:09:15'),(1560,6,514585,NULL,NULL,1,'2018-01-04 23:09:15','2018-01-04 23:09:15'),(1561,6,544481,NULL,NULL,1,'2018-01-04 23:09:15','2018-01-04 23:09:15'),(1562,6,534643,NULL,NULL,1,'2018-01-04 23:09:15','2018-01-04 23:09:15'),(1563,6,535356,NULL,NULL,1,'2018-01-04 23:09:15','2018-01-04 23:09:15'),(1564,6,556406,NULL,NULL,1,'2018-01-04 23:09:16','2018-01-04 23:09:16'),(1565,6,559376,NULL,NULL,1,'2018-01-04 23:09:16','2018-01-04 23:09:16'),(1566,6,543686,NULL,NULL,1,'2018-01-04 23:09:16','2018-01-04 23:09:16'),(1567,6,509584,NULL,NULL,1,'2018-01-04 23:09:16','2018-01-04 23:09:16'),(1568,6,531902,NULL,NULL,1,'2018-01-04 23:09:16','2018-01-04 23:09:16'),(1569,6,532165,NULL,NULL,1,'2018-01-04 23:09:16','2018-01-04 23:09:16'),(1570,6,539094,NULL,NULL,1,'2018-01-04 23:09:16','2018-01-04 23:09:16'),(1571,6,539124,NULL,NULL,1,'2018-01-04 23:09:17','2018-01-04 23:09:17'),(1572,6,544098,NULL,NULL,1,'2018-01-04 23:09:17','2018-01-04 23:09:17'),(1573,6,2786528,NULL,NULL,1,'2018-01-04 23:09:17','2018-01-04 23:09:17'),(1574,6,532172,NULL,NULL,1,'2018-01-04 23:09:17','2018-01-04 23:09:17'),(1575,6,537937,NULL,NULL,1,'2018-01-04 23:09:17','2018-01-04 23:09:17'),(1576,6,556141,NULL,NULL,1,'2018-01-04 23:09:17','2018-01-04 23:09:17'),(1577,6,542591,NULL,NULL,1,'2018-01-04 23:09:18','2018-01-04 23:09:18'),(1578,6,539095,NULL,NULL,1,'2018-01-04 23:09:18','2018-01-04 23:09:18'),(1579,6,540186,NULL,NULL,1,'2018-01-04 23:09:18','2018-01-04 23:09:18'),(1580,6,537756,NULL,NULL,1,'2018-01-04 23:09:18','2018-01-04 23:09:18'),(1581,6,538859,NULL,NULL,1,'2018-01-04 23:09:18','2018-01-04 23:09:18'),(1582,6,538860,NULL,NULL,1,'2018-01-04 23:09:18','2018-01-04 23:09:18'),(1583,6,543255,NULL,NULL,1,'2018-01-04 23:09:19','2018-01-04 23:09:19'),(1584,6,563914,NULL,NULL,1,'2018-01-04 23:09:19','2018-01-04 23:09:19'),(1585,6,555282,NULL,NULL,1,'2018-01-04 23:09:19','2018-01-04 23:09:19'),(1586,6,542429,NULL,NULL,1,'2018-01-04 23:09:19','2018-01-04 23:09:19'),(1587,6,542462,NULL,NULL,1,'2018-01-04 23:09:19','2018-01-04 23:09:19'),(1588,6,542465,NULL,NULL,1,'2018-01-04 23:09:19','2018-01-04 23:09:19'),(1589,6,531904,NULL,NULL,1,'2018-01-04 23:09:19','2018-01-04 23:09:19'),(1590,6,532163,NULL,NULL,1,'2018-01-04 23:09:20','2018-01-04 23:09:20'),(1591,6,534542,NULL,NULL,1,'2018-01-04 23:09:20','2018-01-04 23:09:20'),(1592,6,535342,NULL,NULL,1,'2018-01-04 23:09:20','2018-01-04 23:09:20'),(1593,6,506760,NULL,NULL,1,'2018-01-04 23:09:20','2018-01-04 23:09:20'),(1594,6,2786529,NULL,NULL,1,'2018-01-04 23:09:20','2018-01-04 23:09:20'),(1595,6,563058,NULL,NULL,1,'2018-01-04 23:09:20','2018-01-04 23:09:20'),(1596,6,512645,NULL,NULL,1,'2018-01-04 23:09:21','2018-01-04 23:09:21'),(1597,6,514582,NULL,NULL,1,'2018-01-04 23:09:21','2018-01-04 23:09:21'),(1598,6,512703,NULL,NULL,1,'2018-01-04 23:09:21','2018-01-04 23:09:21'),(1599,6,530340,NULL,NULL,1,'2018-01-04 23:09:21','2018-01-04 23:09:21'),(1600,6,509605,NULL,NULL,1,'2018-01-04 23:09:21','2018-01-04 23:09:21'),(1601,6,509987,NULL,NULL,1,'2018-01-04 23:09:21','2018-01-04 23:09:21'),(1602,6,505196,NULL,NULL,1,'2018-01-04 23:09:21','2018-01-04 23:09:21'),(1603,6,510369,NULL,NULL,1,'2018-01-04 23:09:22','2018-01-04 23:09:22'),(1604,6,514338,NULL,NULL,1,'2018-01-04 23:09:22','2018-01-04 23:09:22'),(1605,6,515072,NULL,NULL,1,'2018-01-04 23:09:22','2018-01-04 23:09:22'),(1606,6,515313,NULL,NULL,1,'2018-01-04 23:09:22','2018-01-04 23:09:22'),(1607,6,514313,NULL,NULL,1,'2018-01-04 23:09:22','2018-01-04 23:09:22'),(1608,6,518947,NULL,NULL,1,'2018-01-04 23:09:22','2018-01-04 23:09:22'),(1609,6,617449,NULL,NULL,-1,'2018-01-05 06:19:18','2018-01-05 06:19:18'),(1610,6,617449,NULL,NULL,1,'2018-01-05 06:20:06','2018-01-05 06:20:06'),(1611,4,1520459,NULL,NULL,1,'2018-01-10 12:24:45','2018-01-10 12:24:45'),(1612,6,2187453,NULL,NULL,-1,'2018-01-29 04:15:53','2018-01-29 04:15:53'),(1613,6,2187453,NULL,NULL,1,'2018-01-29 04:23:28','2018-01-29 04:23:28'),(1614,6,1493511,NULL,NULL,-1,'2018-02-02 04:59:01','2018-02-02 04:59:01'),(1615,4,514537,NULL,NULL,1,'2018-02-04 16:12:02','2018-02-04 16:12:02'),(1616,4,514537,NULL,NULL,1,'2018-02-04 16:16:01','2018-02-04 16:16:01');

--
-- Table structure for table `users_profiles`
--

CREATE TABLE `users_profiles` (
  `id` int(11) NOT NULL,
  `birth_date` date DEFAULT NULL,
  `avatar` varchar(35) COLLATE utf8_unicode_ci DEFAULT NULL,
  `country_id` int(11) DEFAULT '0',
  `zip` varchar(25) COLLATE utf8_unicode_ci DEFAULT NULL,
  `city` varchar(100) COLLATE utf8_unicode_ci DEFAULT NULL,
  `state` varchar(100) COLLATE utf8_unicode_ci DEFAULT NULL,
  `address` text COLLATE utf8_unicode_ci,
  `phone` varchar(50) COLLATE utf8_unicode_ci DEFAULT NULL,
  `currency` varchar(3) COLLATE utf8_unicode_ci NOT NULL DEFAULT 'EUR',
  UNIQUE KEY `id` (`id`)
) ENGINE=InnoDB DEFAULT CHARSET=utf8 COLLATE=utf8_unicode_ci;

--
-- Dumping data for table `users_profiles`
--

INSERT INTO `users_profiles` VALUES (23232,NULL,NULL,NULL,NULL,NULL,NULL,NULL,NULL,'USD'),(33397,NULL,NULL,NULL,NULL,NULL,NULL,NULL,NULL,'USD'),(35143,NULL,NULL,NULL,NULL,NULL,NULL,NULL,NULL,'USD'),(108592,NULL,NULL,NULL,NULL,NULL,NULL,NULL,NULL,'USD'),(313250,NULL,NULL,NULL,NULL,NULL,NULL,NULL,NULL,'USD'),(376822,NULL,NULL,NULL,NULL,NULL,NULL,NULL,NULL,'USD'),(501181,NULL,NULL,45,NULL,NULL,NULL,NULL,NULL,'USD'),(505196,NULL,NULL,45,NULL,NULL,NULL,NULL,NULL,'USD'),(505224,NULL,NULL,45,NULL,NULL,NULL,NULL,NULL,'USD'),(505853,NULL,NULL,45,NULL,NULL,NULL,NULL,NULL,'USD'),(505854,NULL,NULL,45,NULL,NULL,NULL,NULL,NULL,'USD'),(506760,NULL,NULL,45,NULL,NULL,NULL,NULL,NULL,'USD'),(507721,NULL,NULL,45,NULL,NULL,NULL,NULL,NULL,'USD'),(507853,NULL,NULL,45,NULL,NULL,NULL,NULL,NULL,'USD'),(509362,NULL,NULL,45,NULL,NULL,NULL,NULL,NULL,'USD'),(509434,NULL,NULL,45,NULL,NULL,NULL,NULL,NULL,'USD'),(509573,NULL,NULL,45,NULL,NULL,NULL,NULL,NULL,'USD'),(509579,NULL,NULL,45,NULL,NULL,NULL,NULL,NULL,'USD'),(509584,NULL,NULL,45,NULL,NULL,NULL,NULL,NULL,'USD'),(509588,NULL,NULL,45,NULL,NULL,NULL,NULL,NULL,'USD'),(509605,NULL,NULL,45,NULL,NULL,NULL,NULL,NULL,'USD'),(509633,NULL,NULL,45,NULL,NULL,NULL,NULL,NULL,'USD'),(509987,NULL,NULL,45,NULL,NULL,NULL,NULL,NULL,'USD'),(510369,NULL,NULL,45,NULL,NULL,NULL,NULL,NULL,'USD'),(510378,NULL,NULL,45,NULL,NULL,NULL,NULL,NULL,'USD'),(511529,NULL,NULL,45,NULL,NULL,NULL,NULL,NULL,'USD'),(511535,NULL,NULL,45,NULL,NULL,NULL,NULL,NULL,'USD'),(511549,NULL,NULL,45,NULL,NULL,NULL,NULL,NULL,'USD'),(511678,NULL,NULL,45,NULL,NULL,NULL,NULL,NULL,'USD'),(511785,NULL,NULL,45,NULL,NULL,NULL,NULL,NULL,'USD'),(511857,NULL,NULL,45,NULL,NULL,NULL,NULL,NULL,'USD'),(512645,NULL,NULL,45,NULL,NULL,NULL,NULL,NULL,'USD'),(512703,NULL,NULL,45,NULL,NULL,NULL,NULL,NULL,'USD'),(512764,NULL,NULL,45,NULL,NULL,NULL,NULL,NULL,'USD'),(513838,NULL,NULL,45,NULL,NULL,NULL,NULL,NULL,'USD'),(513874,NULL,NULL,45,NULL,NULL,NULL,NULL,NULL,'USD'),(514313,NULL,NULL,45,NULL,NULL,NULL,NULL,NULL,'USD'),(514338,NULL,NULL,45,NULL,NULL,NULL,NULL,NULL,'USD'),(514495,NULL,NULL,45,NULL,NULL,NULL,NULL,NULL,'USD'),(514531,NULL,NULL,45,NULL,NULL,NULL,NULL,NULL,'USD'),(514537,NULL,NULL,45,NULL,NULL,NULL,NULL,NULL,'USD'),(514573,NULL,NULL,45,NULL,NULL,NULL,NULL,NULL,'USD'),(514582,NULL,NULL,45,NULL,NULL,NULL,NULL,NULL,'USD'),(514585,NULL,NULL,45,NULL,NULL,NULL,NULL,NULL,'USD'),(515072,NULL,NULL,45,NULL,NULL,NULL,NULL,NULL,'USD'),(515313,NULL,NULL,45,NULL,NULL,NULL,NULL,NULL,'USD'),(515597,NULL,NULL,45,NULL,NULL,NULL,NULL,NULL,'USD'),(515708,NULL,NULL,45,NULL,NULL,NULL,NULL,NULL,'USD'),(516139,NULL,NULL,45,NULL,NULL,NULL,NULL,NULL,'USD'),(517505,NULL,NULL,45,NULL,NULL,NULL,NULL,NULL,'USD'),(518947,NULL,NULL,45,NULL,NULL,NULL,NULL,NULL,'USD'),(522187,NULL,NULL,45,NULL,NULL,NULL,NULL,NULL,'USD'),(522189,NULL,NULL,45,NULL,NULL,NULL,NULL,NULL,'USD'),(522190,NULL,NULL,45,NULL,NULL,NULL,NULL,NULL,'USD'),(522398,NULL,NULL,45,NULL,NULL,NULL,NULL,NULL,'USD'),(522413,NULL,NULL,45,NULL,NULL,NULL,NULL,NULL,'USD'),(523924,NULL,NULL,45,NULL,NULL,NULL,NULL,NULL,'USD'),(525794,'1989-03-21',NULL,45,'056000','he bei','China','han dan','15831833285','USD'),(526102,NULL,NULL,45,NULL,NULL,NULL,NULL,NULL,'USD'),(526225,NULL,NULL,45,NULL,NULL,NULL,NULL,NULL,'USD'),(526239,NULL,NULL,45,NULL,NULL,NULL,NULL,NULL,'USD'),(526539,NULL,NULL,45,NULL,NULL,NULL,NULL,NULL,'USD'),(526566,NULL,NULL,45,NULL,NULL,NULL,NULL,NULL,'USD'),(526662,NULL,NULL,45,NULL,NULL,NULL,NULL,NULL,'USD'),(526939,NULL,NULL,45,NULL,NULL,NULL,NULL,NULL,'USD'),(526949,NULL,NULL,45,NULL,NULL,NULL,NULL,NULL,'USD'),(527176,NULL,NULL,45,NULL,NULL,NULL,NULL,NULL,'USD'),(527181,NULL,NULL,45,NULL,NULL,NULL,NULL,NULL,'USD'),(527200,NULL,NULL,45,NULL,NULL,NULL,NULL,NULL,'USD'),(527422,NULL,NULL,45,NULL,NULL,NULL,NULL,NULL,'USD'),(527423,NULL,NULL,45,NULL,NULL,NULL,NULL,NULL,'USD'),(527820,NULL,NULL,45,NULL,NULL,NULL,NULL,NULL,'USD'),(527967,NULL,NULL,45,NULL,NULL,NULL,NULL,NULL,'USD'),(528642,NULL,NULL,45,NULL,NULL,NULL,NULL,NULL,'USD'),(528738,NULL,NULL,45,NULL,NULL,NULL,NULL,NULL,'USD'),(529167,NULL,NULL,45,NULL,NULL,NULL,NULL,NULL,'USD'),(529551,NULL,NULL,45,NULL,NULL,NULL,NULL,NULL,'USD'),(529601,NULL,NULL,45,NULL,NULL,NULL,NULL,NULL,'USD'),(529603,NULL,NULL,45,NULL,NULL,NULL,NULL,NULL,'USD'),(529604,NULL,NULL,45,NULL,NULL,NULL,NULL,NULL,'USD'),(529657,NULL,NULL,45,NULL,NULL,NULL,NULL,NULL,'USD'),(529675,NULL,NULL,45,NULL,NULL,NULL,NULL,NULL,'USD'),(529676,NULL,NULL,45,NULL,NULL,NULL,NULL,NULL,'USD'),(529677,NULL,NULL,45,NULL,NULL,NULL,NULL,NULL,'USD'),(529740,NULL,NULL,45,NULL,NULL,NULL,NULL,NULL,'USD'),(529741,NULL,NULL,45,NULL,NULL,NULL,NULL,NULL,'USD'),(529742,NULL,NULL,45,NULL,NULL,NULL,NULL,NULL,'USD'),(529743,NULL,NULL,45,NULL,NULL,NULL,NULL,NULL,'USD'),(529744,NULL,NULL,45,NULL,NULL,NULL,NULL,NULL,'USD'),(529745,NULL,NULL,45,NULL,NULL,NULL,NULL,NULL,'USD'),(529747,NULL,NULL,45,NULL,NULL,NULL,NULL,NULL,'USD'),(529748,NULL,NULL,45,NULL,NULL,NULL,NULL,NULL,'USD'),(529749,NULL,NULL,45,NULL,NULL,NULL,NULL,NULL,'USD'),(529751,NULL,NULL,45,NULL,NULL,NULL,NULL,NULL,'USD'),(530006,NULL,NULL,45,NULL,NULL,NULL,NULL,NULL,'USD'),(530331,NULL,NULL,45,NULL,NULL,NULL,NULL,NULL,'USD'),(530340,NULL,NULL,45,NULL,NULL,NULL,NULL,NULL,'USD'),(530341,NULL,NULL,45,NULL,NULL,NULL,NULL,NULL,'USD'),(530564,NULL,NULL,45,NULL,NULL,NULL,NULL,NULL,'USD'),(530670,NULL,NULL,45,NULL,NULL,NULL,NULL,NULL,'USD'),(530826,NULL,NULL,45,NULL,NULL,NULL,NULL,NULL,'USD'),(530845,NULL,NULL,45,NULL,NULL,NULL,NULL,NULL,'USD'),(531126,NULL,NULL,45,NULL,NULL,NULL,NULL,NULL,'USD'),(531128,NULL,NULL,45,NULL,NULL,NULL,NULL,NULL,'USD'),(531130,NULL,NULL,45,NULL,NULL,NULL,NULL,NULL,'USD'),(531538,NULL,NULL,45,NULL,NULL,NULL,NULL,NULL,'USD'),(531579,NULL,NULL,45,NULL,NULL,NULL,NULL,NULL,'USD'),(531580,NULL,NULL,45,NULL,NULL,NULL,NULL,NULL,'USD'),(531594,NULL,NULL,45,NULL,NULL,NULL,NULL,NULL,'USD'),(531731,NULL,NULL,45,NULL,NULL,NULL,NULL,NULL,'USD'),(531732,NULL,NULL,45,NULL,NULL,NULL,NULL,NULL,'USD'),(531733,NULL,NULL,45,NULL,NULL,NULL,NULL,NULL,'USD'),(531902,NULL,NULL,45,NULL,NULL,NULL,NULL,NULL,'USD'),(531904,NULL,NULL,45,NULL,NULL,NULL,NULL,NULL,'USD'),(532126,NULL,NULL,45,NULL,NULL,NULL,NULL,NULL,'USD'),(532163,NULL,NULL,45,NULL,NULL,NULL,NULL,NULL,'USD'),(532165,NULL,NULL,45,NULL,NULL,NULL,NULL,NULL,'USD'),(532172,NULL,NULL,45,NULL,NULL,NULL,NULL,NULL,'USD'),(532218,NULL,NULL,45,NULL,NULL,NULL,NULL,NULL,'USD'),(532220,NULL,NULL,45,NULL,NULL,NULL,NULL,NULL,'USD'),(532380,NULL,NULL,45,NULL,NULL,NULL,NULL,NULL,'USD'),(532404,NULL,NULL,45,NULL,NULL,NULL,NULL,NULL,'USD'),(532407,NULL,NULL,45,NULL,NULL,NULL,NULL,NULL,'USD'),(532482,NULL,NULL,45,NULL,NULL,NULL,NULL,NULL,'USD'),(532483,NULL,NULL,45,NULL,NULL,NULL,NULL,NULL,'USD'),(532484,NULL,NULL,45,NULL,NULL,NULL,NULL,NULL,'USD'),(532485,NULL,NULL,45,NULL,NULL,NULL,NULL,NULL,'USD'),(532677,NULL,NULL,45,NULL,NULL,NULL,NULL,NULL,'USD'),(532993,NULL,NULL,45,NULL,NULL,NULL,NULL,NULL,'USD'),(533039,NULL,NULL,45,NULL,NULL,NULL,NULL,NULL,'USD'),(533041,NULL,NULL,45,NULL,NULL,NULL,NULL,NULL,'USD'),(533071,NULL,NULL,45,NULL,NULL,NULL,NULL,NULL,'USD'),(533165,NULL,NULL,45,NULL,NULL,NULL,NULL,NULL,'USD'),(534095,NULL,NULL,45,NULL,NULL,NULL,NULL,NULL,'USD'),(534123,NULL,NULL,45,NULL,NULL,NULL,NULL,NULL,'USD'),(534323,NULL,NULL,45,NULL,NULL,NULL,NULL,NULL,'USD'),(534542,NULL,NULL,45,NULL,NULL,NULL,NULL,NULL,'USD'),(534610,NULL,NULL,45,NULL,NULL,NULL,NULL,NULL,'USD'),(534611,NULL,NULL,45,NULL,NULL,NULL,NULL,NULL,'USD'),(534643,NULL,NULL,45,NULL,NULL,NULL,NULL,NULL,'USD'),(534749,NULL,NULL,45,NULL,NULL,NULL,NULL,NULL,'USD'),(534788,NULL,NULL,45,NULL,NULL,NULL,NULL,NULL,'USD'),(534790,NULL,NULL,45,NULL,NULL,NULL,NULL,NULL,'USD'),(535028,NULL,NULL,45,NULL,NULL,NULL,NULL,NULL,'USD'),(535133,NULL,NULL,45,NULL,NULL,NULL,NULL,NULL,'USD'),(535277,NULL,NULL,45,NULL,NULL,NULL,NULL,NULL,'USD'),(535281,NULL,NULL,45,NULL,NULL,NULL,NULL,NULL,'USD'),(535290,NULL,NULL,45,NULL,NULL,NULL,NULL,NULL,'USD'),(535308,NULL,NULL,45,NULL,NULL,NULL,NULL,NULL,'USD'),(535310,NULL,NULL,45,NULL,NULL,NULL,NULL,NULL,'USD'),(535311,NULL,NULL,45,NULL,NULL,NULL,NULL,NULL,'USD'),(535331,NULL,NULL,45,NULL,NULL,NULL,NULL,NULL,'USD'),(535342,NULL,NULL,45,NULL,NULL,NULL,NULL,NULL,'USD'),(535356,NULL,NULL,45,NULL,NULL,NULL,NULL,NULL,'USD'),(535534,NULL,NULL,45,NULL,NULL,NULL,NULL,NULL,'USD'),(536953,NULL,NULL,45,NULL,NULL,NULL,NULL,NULL,'USD'),(537163,NULL,NULL,45,NULL,NULL,NULL,NULL,NULL,'USD'),(537186,NULL,NULL,45,NULL,NULL,NULL,NULL,NULL,'USD'),(537756,NULL,NULL,45,NULL,NULL,NULL,NULL,NULL,'USD'),(537779,NULL,NULL,45,NULL,NULL,NULL,NULL,NULL,'USD'),(537833,NULL,NULL,45,NULL,NULL,NULL,NULL,NULL,'USD'),(537937,NULL,NULL,45,NULL,NULL,NULL,NULL,NULL,'USD'),(537939,NULL,NULL,45,NULL,NULL,NULL,NULL,NULL,'USD'),(537965,NULL,NULL,45,NULL,NULL,NULL,NULL,NULL,'USD'),(538045,NULL,NULL,45,NULL,NULL,NULL,NULL,NULL,'USD'),(538074,NULL,NULL,45,NULL,NULL,NULL,NULL,NULL,'USD'),(538172,NULL,NULL,45,NULL,NULL,NULL,NULL,NULL,'USD'),(538189,NULL,NULL,45,NULL,NULL,NULL,NULL,NULL,'USD'),(538190,NULL,NULL,45,NULL,NULL,NULL,NULL,NULL,'USD'),(538194,NULL,NULL,45,NULL,NULL,NULL,NULL,NULL,'USD'),(538257,NULL,NULL,45,NULL,NULL,NULL,NULL,NULL,'USD'),(538261,NULL,NULL,45,NULL,NULL,NULL,NULL,NULL,'USD'),(538271,NULL,NULL,45,NULL,NULL,NULL,NULL,NULL,'USD'),(538273,NULL,NULL,45,NULL,NULL,NULL,NULL,NULL,'USD'),(538274,NULL,NULL,45,NULL,NULL,NULL,NULL,NULL,'USD'),(538859,NULL,NULL,45,NULL,NULL,NULL,NULL,NULL,'USD'),(538860,NULL,NULL,45,NULL,NULL,NULL,NULL,NULL,'USD'),(539094,NULL,NULL,45,NULL,NULL,NULL,NULL,NULL,'USD'),(539095,NULL,NULL,45,NULL,NULL,NULL,NULL,NULL,'USD'),(539124,NULL,NULL,45,NULL,NULL,NULL,NULL,NULL,'USD'),(539185,NULL,NULL,45,NULL,NULL,NULL,NULL,NULL,'USD'),(539851,NULL,NULL,45,NULL,NULL,NULL,NULL,NULL,'USD'),(540186,NULL,NULL,45,NULL,NULL,NULL,NULL,NULL,'USD'),(541930,NULL,NULL,45,NULL,NULL,NULL,NULL,NULL,'USD'),(542115,NULL,NULL,45,NULL,NULL,NULL,NULL,NULL,'USD'),(542429,NULL,NULL,45,NULL,NULL,NULL,NULL,NULL,'USD'),(542462,NULL,NULL,45,NULL,NULL,NULL,NULL,NULL,'USD'),(542465,NULL,NULL,45,NULL,NULL,NULL,NULL,NULL,'USD'),(542591,NULL,NULL,45,NULL,NULL,NULL,NULL,NULL,'USD'),(542640,NULL,NULL,45,NULL,NULL,NULL,NULL,NULL,'USD'),(543255,NULL,NULL,45,NULL,NULL,NULL,NULL,NULL,'USD'),(543412,NULL,NULL,45,NULL,NULL,NULL,NULL,NULL,'USD'),(543504,NULL,NULL,45,NULL,NULL,NULL,NULL,NULL,'USD'),(543654,NULL,NULL,45,NULL,NULL,NULL,NULL,NULL,'USD'),(543686,NULL,NULL,45,NULL,NULL,NULL,NULL,NULL,'USD'),(544052,NULL,NULL,45,NULL,NULL,NULL,NULL,NULL,'USD'),(544056,NULL,NULL,45,NULL,NULL,NULL,NULL,NULL,'USD'),(544098,NULL,NULL,45,NULL,NULL,NULL,NULL,NULL,'USD'),(544141,NULL,NULL,45,NULL,NULL,NULL,NULL,NULL,'USD'),(544177,NULL,NULL,45,NULL,NULL,NULL,NULL,NULL,'USD'),(544481,NULL,NULL,45,NULL,NULL,NULL,NULL,NULL,'USD'),(545512,NULL,NULL,45,NULL,NULL,NULL,NULL,NULL,'USD'),(545549,NULL,NULL,45,NULL,NULL,NULL,NULL,NULL,'USD'),(546720,NULL,NULL,45,NULL,NULL,NULL,NULL,NULL,'USD'),(546839,NULL,NULL,45,NULL,NULL,NULL,NULL,NULL,'USD'),(550236,NULL,NULL,45,NULL,NULL,NULL,NULL,NULL,'USD'),(551618,NULL,NULL,NULL,NULL,NULL,NULL,NULL,NULL,'USD'),(552476,NULL,NULL,45,NULL,NULL,NULL,NULL,NULL,'USD'),(552478,NULL,NULL,45,NULL,NULL,NULL,NULL,NULL,'USD'),(553127,NULL,NULL,45,NULL,NULL,NULL,NULL,NULL,'USD'),(553128,NULL,NULL,45,NULL,NULL,NULL,NULL,NULL,'USD'),(553143,NULL,NULL,45,NULL,NULL,NULL,NULL,NULL,'USD'),(553144,NULL,NULL,45,NULL,NULL,NULL,NULL,NULL,'USD'),(553145,NULL,NULL,45,NULL,NULL,NULL,NULL,NULL,'USD'),(553146,NULL,NULL,45,NULL,NULL,NULL,NULL,NULL,'USD'),(553147,NULL,NULL,45,NULL,NULL,NULL,NULL,NULL,'USD'),(554503,NULL,NULL,45,NULL,NULL,NULL,NULL,NULL,'USD'),(554506,NULL,NULL,45,NULL,NULL,NULL,NULL,NULL,'USD'),(554507,NULL,NULL,45,NULL,NULL,NULL,NULL,NULL,'USD'),(554782,NULL,NULL,45,NULL,NULL,NULL,NULL,NULL,'USD'),(554784,NULL,NULL,45,NULL,NULL,NULL,NULL,NULL,'USD'),(554821,NULL,NULL,45,NULL,NULL,NULL,NULL,NULL,'USD'),(554822,NULL,NULL,45,NULL,NULL,NULL,NULL,NULL,'USD'),(554823,NULL,NULL,45,NULL,NULL,NULL,NULL,NULL,'USD'),(554889,NULL,NULL,45,NULL,NULL,NULL,NULL,NULL,'USD'),(554890,NULL,NULL,45,NULL,NULL,NULL,NULL,NULL,'USD'),(554892,NULL,NULL,45,NULL,NULL,NULL,NULL,NULL,'USD'),(554893,NULL,NULL,45,NULL,NULL,NULL,NULL,NULL,'USD'),(554894,NULL,NULL,45,NULL,NULL,NULL,NULL,NULL,'USD'),(555073,NULL,NULL,45,NULL,NULL,NULL,NULL,NULL,'USD'),(555074,NULL,NULL,45,NULL,NULL,NULL,NULL,NULL,'USD'),(555075,NULL,NULL,45,NULL,NULL,NULL,NULL,NULL,'USD'),(555076,NULL,NULL,45,NULL,NULL,NULL,NULL,NULL,'USD'),(555282,NULL,NULL,45,NULL,NULL,NULL,NULL,NULL,'USD'),(555303,NULL,NULL,45,NULL,NULL,NULL,NULL,NULL,'USD'),(555511,NULL,NULL,45,NULL,NULL,NULL,NULL,NULL,'USD'),(555992,NULL,NULL,45,NULL,NULL,NULL,NULL,NULL,'USD'),(555993,NULL,NULL,45,NULL,NULL,NULL,NULL,NULL,'USD'),(556141,NULL,NULL,45,NULL,NULL,NULL,NULL,NULL,'USD'),(556280,NULL,NULL,45,NULL,NULL,NULL,NULL,NULL,'USD'),(556307,NULL,NULL,45,NULL,NULL,NULL,NULL,NULL,'USD'),(556406,NULL,NULL,45,NULL,NULL,NULL,NULL,NULL,'USD'),(556897,NULL,NULL,45,NULL,NULL,NULL,NULL,NULL,'USD'),(557060,NULL,NULL,45,NULL,NULL,NULL,NULL,NULL,'USD'),(557061,NULL,NULL,45,NULL,NULL,NULL,NULL,NULL,'USD'),(557062,NULL,NULL,45,NULL,NULL,NULL,NULL,NULL,'USD'),(557092,NULL,NULL,45,NULL,NULL,NULL,NULL,NULL,'USD'),(557151,NULL,NULL,45,NULL,NULL,NULL,NULL,NULL,'USD'),(557161,NULL,NULL,45,NULL,NULL,NULL,NULL,NULL,'USD'),(557163,NULL,NULL,45,NULL,NULL,NULL,NULL,NULL,'USD'),(557233,NULL,NULL,45,NULL,NULL,NULL,NULL,NULL,'USD'),(557235,NULL,NULL,45,NULL,NULL,NULL,NULL,NULL,'USD'),(557596,NULL,NULL,45,NULL,NULL,NULL,NULL,NULL,'USD'),(557735,NULL,NULL,45,NULL,NULL,NULL,NULL,NULL,'USD'),(557736,NULL,NULL,45,NULL,NULL,NULL,NULL,NULL,'USD'),(557737,NULL,NULL,45,NULL,NULL,NULL,NULL,NULL,'USD'),(557739,NULL,NULL,45,NULL,NULL,NULL,NULL,NULL,'USD'),(557740,NULL,NULL,45,NULL,NULL,NULL,NULL,NULL,'USD'),(557846,NULL,NULL,45,NULL,NULL,NULL,NULL,NULL,'USD'),(557847,NULL,NULL,45,NULL,NULL,NULL,NULL,NULL,'USD'),(557956,NULL,NULL,45,NULL,NULL,NULL,NULL,NULL,'USD'),(558369,NULL,NULL,45,NULL,NULL,NULL,NULL,NULL,'USD'),(558458,NULL,NULL,45,NULL,NULL,NULL,NULL,NULL,'USD'),(558517,NULL,NULL,45,NULL,NULL,NULL,NULL,NULL,'USD'),(558687,NULL,NULL,45,NULL,NULL,NULL,NULL,NULL,'USD'),(559376,NULL,NULL,45,NULL,NULL,NULL,NULL,NULL,'USD'),(559386,NULL,NULL,45,NULL,NULL,NULL,NULL,NULL,'USD'),(559415,NULL,NULL,45,NULL,NULL,NULL,NULL,NULL,'USD'),(559472,NULL,NULL,45,NULL,NULL,NULL,NULL,NULL,'USD'),(559512,NULL,NULL,45,NULL,NULL,NULL,NULL,NULL,'USD'),(559681,NULL,NULL,45,NULL,NULL,NULL,NULL,NULL,'USD'),(560039,NULL,NULL,45,NULL,NULL,NULL,NULL,NULL,'USD'),(560354,NULL,NULL,45,NULL,NULL,NULL,NULL,NULL,'USD'),(560403,NULL,NULL,45,NULL,NULL,NULL,NULL,NULL,'USD'),(560404,NULL,NULL,45,NULL,NULL,NULL,NULL,NULL,'USD'),(560406,NULL,NULL,45,NULL,NULL,NULL,NULL,NULL,'USD'),(560407,NULL,NULL,45,NULL,NULL,NULL,NULL,NULL,'USD'),(561293,NULL,NULL,45,NULL,NULL,NULL,NULL,NULL,'USD'),(561582,NULL,NULL,45,NULL,NULL,NULL,NULL,NULL,'USD'),(561583,NULL,NULL,45,NULL,NULL,NULL,NULL,NULL,'USD'),(561604,NULL,NULL,45,NULL,NULL,NULL,NULL,NULL,'USD'),(561821,NULL,NULL,45,NULL,NULL,NULL,NULL,NULL,'USD'),(562039,NULL,NULL,45,NULL,NULL,NULL,NULL,NULL,'USD'),(562040,NULL,NULL,45,NULL,NULL,NULL,NULL,NULL,'USD'),(562762,NULL,NULL,45,NULL,NULL,NULL,NULL,NULL,'USD'),(562763,NULL,NULL,45,NULL,NULL,NULL,NULL,NULL,'USD'),(562764,NULL,NULL,45,NULL,NULL,NULL,NULL,NULL,'USD'),(563043,NULL,NULL,45,NULL,NULL,NULL,NULL,NULL,'USD'),(563044,NULL,NULL,45,NULL,NULL,NULL,NULL,NULL,'USD'),(563058,NULL,NULL,45,NULL,NULL,NULL,NULL,NULL,'USD'),(563111,NULL,NULL,45,NULL,NULL,NULL,NULL,NULL,'USD'),(563112,NULL,NULL,45,NULL,NULL,NULL,NULL,NULL,'USD'),(563113,NULL,NULL,45,NULL,NULL,NULL,NULL,NULL,'USD'),(563114,NULL,NULL,45,NULL,NULL,NULL,NULL,NULL,'USD'),(563116,NULL,NULL,45,NULL,NULL,NULL,NULL,NULL,'USD'),(563637,NULL,NULL,45,NULL,NULL,NULL,NULL,NULL,'USD'),(563784,NULL,NULL,NULL,NULL,NULL,NULL,NULL,NULL,'USD'),(563882,NULL,NULL,45,NULL,NULL,NULL,NULL,NULL,'USD'),(563885,NULL,NULL,45,NULL,NULL,NULL,NULL,NULL,'USD'),(563897,NULL,NULL,45,NULL,NULL,NULL,NULL,NULL,'USD'),(563898,NULL,NULL,45,NULL,NULL,NULL,NULL,NULL,'USD'),(563899,NULL,NULL,45,NULL,NULL,NULL,NULL,NULL,'USD'),(563900,NULL,NULL,45,NULL,NULL,NULL,NULL,NULL,'USD'),(563901,NULL,NULL,45,NULL,NULL,NULL,NULL,NULL,'USD'),(563903,NULL,NULL,45,NULL,NULL,NULL,NULL,NULL,'USD'),(563904,NULL,NULL,45,NULL,NULL,NULL,NULL,NULL,'USD'),(563905,NULL,NULL,45,NULL,NULL,NULL,NULL,NULL,'USD'),(563906,NULL,NULL,45,NULL,NULL,NULL,NULL,NULL,'USD'),(563907,NULL,NULL,45,NULL,NULL,NULL,NULL,NULL,'USD'),(563908,NULL,NULL,45,NULL,NULL,NULL,NULL,NULL,'USD'),(563909,NULL,NULL,45,NULL,NULL,NULL,NULL,NULL,'USD'),(563914,NULL,NULL,45,NULL,NULL,NULL,NULL,NULL,'USD'),(563916,NULL,NULL,45,NULL,NULL,NULL,NULL,NULL,'USD'),(563917,NULL,NULL,45,NULL,NULL,NULL,NULL,NULL,'USD'),(563918,NULL,NULL,45,NULL,NULL,NULL,NULL,NULL,'USD'),(563923,NULL,NULL,45,NULL,NULL,NULL,NULL,NULL,'USD'),(563924,NULL,NULL,45,NULL,NULL,NULL,NULL,NULL,'USD'),(563932,NULL,NULL,45,NULL,NULL,NULL,NULL,NULL,'USD'),(563933,NULL,NULL,45,NULL,NULL,NULL,NULL,NULL,'USD'),(563941,NULL,NULL,45,NULL,NULL,NULL,NULL,NULL,'USD'),(563942,NULL,NULL,45,NULL,NULL,NULL,NULL,NULL,'USD'),(563964,NULL,NULL,45,NULL,NULL,NULL,NULL,NULL,'USD'),(563969,NULL,NULL,45,NULL,NULL,NULL,NULL,NULL,'USD'),(563970,NULL,NULL,45,NULL,NULL,NULL,NULL,NULL,'USD'),(563973,NULL,NULL,45,NULL,NULL,NULL,NULL,NULL,'USD'),(563974,NULL,NULL,45,NULL,NULL,NULL,NULL,NULL,'USD'),(563981,NULL,NULL,45,NULL,NULL,NULL,NULL,NULL,'USD'),(579452,NULL,NULL,NULL,NULL,NULL,NULL,NULL,NULL,'USD'),(617449,NULL,NULL,NULL,NULL,NULL,NULL,NULL,NULL,'USD'),(720250,NULL,NULL,NULL,NULL,NULL,NULL,NULL,NULL,'USD'),(900001,NULL,NULL,45,NULL,NULL,NULL,NULL,NULL,'USD'),(900002,NULL,NULL,45,NULL,NULL,NULL,NULL,NULL,'USD'),(900003,NULL,NULL,45,NULL,NULL,NULL,NULL,NULL,'USD'),(900004,NULL,NULL,45,NULL,NULL,NULL,NULL,NULL,'USD'),(900005,NULL,NULL,45,NULL,NULL,NULL,NULL,NULL,'USD'),(900006,NULL,NULL,45,NULL,NULL,NULL,NULL,NULL,'USD'),(900007,NULL,NULL,45,NULL,NULL,NULL,NULL,NULL,'USD'),(900008,NULL,NULL,45,NULL,NULL,NULL,NULL,NULL,'USD'),(900009,NULL,NULL,45,NULL,NULL,NULL,NULL,NULL,'USD'),(900010,NULL,NULL,45,NULL,NULL,NULL,NULL,NULL,'USD'),(919860,NULL,NULL,NULL,NULL,NULL,NULL,NULL,NULL,'USD'),(934379,NULL,NULL,NULL,NULL,NULL,NULL,NULL,NULL,'USD'),(946941,NULL,NULL,NULL,NULL,NULL,NULL,NULL,NULL,'USD'),(1012624,NULL,NULL,NULL,NULL,NULL,NULL,NULL,NULL,'USD'),(1028170,NULL,NULL,NULL,NULL,NULL,NULL,NULL,NULL,'USD'),(1258710,NULL,NULL,NULL,NULL,NULL,NULL,NULL,NULL,'USD'),(1273856,NULL,NULL,NULL,NULL,NULL,NULL,NULL,NULL,'USD'),(1346960,NULL,NULL,NULL,NULL,NULL,NULL,NULL,NULL,'USD'),(1399213,NULL,NULL,NULL,NULL,NULL,NULL,NULL,NULL,'USD'),(1493511,NULL,NULL,NULL,NULL,NULL,NULL,NULL,NULL,'USD'),(1520459,'1997-01-01',NULL,97,'1231','Pasdad','Asdasd','123','12312312312','USD'),(1689536,NULL,NULL,NULL,NULL,NULL,NULL,NULL,NULL,'USD'),(1792049,NULL,NULL,NULL,NULL,NULL,NULL,NULL,NULL,'USD'),(1887598,NULL,NULL,NULL,NULL,NULL,NULL,NULL,NULL,'USD'),(1908613,NULL,NULL,NULL,NULL,NULL,NULL,NULL,NULL,'USD'),(1920903,NULL,NULL,NULL,NULL,NULL,NULL,NULL,NULL,'USD'),(1935591,NULL,NULL,NULL,NULL,NULL,NULL,NULL,NULL,'USD'),(2024951,NULL,NULL,NULL,NULL,NULL,NULL,NULL,NULL,'USD'),(2025092,NULL,NULL,NULL,NULL,NULL,NULL,NULL,NULL,'USD'),(2107998,NULL,NULL,NULL,NULL,NULL,NULL,NULL,NULL,'USD'),(2187453,NULL,NULL,NULL,NULL,NULL,NULL,NULL,NULL,'USD'),(2371645,NULL,NULL,NULL,NULL,NULL,NULL,NULL,NULL,'USD'),(2389133,NULL,NULL,NULL,NULL,NULL,NULL,NULL,NULL,'USD'),(2430586,NULL,NULL,NULL,NULL,NULL,NULL,NULL,NULL,'USD'),(2497180,NULL,NULL,NULL,NULL,NULL,NULL,NULL,NULL,'USD'),(2518792,NULL,NULL,NULL,NULL,NULL,NULL,NULL,NULL,'USD'),(2689270,NULL,NULL,NULL,NULL,NULL,NULL,NULL,NULL,'USD'),(2691317,NULL,NULL,NULL,NULL,NULL,NULL,NULL,NULL,'USD'),(2736963,NULL,NULL,NULL,NULL,NULL,NULL,NULL,NULL,'USD'),(2786517,NULL,NULL,NULL,NULL,NULL,NULL,NULL,NULL,'USD'),(2786522,NULL,NULL,45,NULL,NULL,NULL,NULL,NULL,'USD'),(2786523,NULL,NULL,45,NULL,NULL,NULL,NULL,NULL,'USD'),(2786524,NULL,NULL,45,NULL,NULL,NULL,NULL,NULL,'USD'),(2786527,NULL,NULL,45,NULL,NULL,NULL,NULL,NULL,'USD'),(2786528,NULL,NULL,45,NULL,NULL,NULL,NULL,NULL,'USD'),(2786529,NULL,NULL,45,NULL,NULL,NULL,NULL,NULL,'USD');


